{"id":147517,"date":"2025-09-05T11:16:04","date_gmt":"2025-09-05T11:16:04","guid":{"rendered":"https:\/\/horecacenter.com\/?post_type=product&#038;p=147517"},"modified":"2026-01-03T07:04:05","modified_gmt":"2026-01-03T07:04:05","slug":"horeca-sitzbank-luna-kunstleder","status":"publish","type":"product","link":"https:\/\/horecacenter.com\/de\/produkt\/horeca-sitzbank-luna-kunstleder\/","title":{"rendered":"Horeca Sitzbank &#8211; ECO LUNA &#8211; Schwarzes Kunstleder"},"content":{"rendered":"<div id=\"tw-target\">\n<div id=\"tw-target-text-container\">\n<p><span style=\"color: #000000;\">Das Luna-Sofa ist ein sehr bequemes und benutzerfreundliches Sofa, das f\u00fcr jedes Catering-Unternehmen geeignet ist. Bedeckt mit hochwertigem, pflegeleichtem Kunstleder. Es ist f\u00fcr alle Catering-Betriebe geeignet und bietet mit seiner Breite von 120 cm Platz f\u00fcr 2 Personen. Lieferung mit schwarzer MDF-Basis und Standard-Kunststoffgleitnagel unten.<\/span><\/p>\n<p><span style=\"color: #000000;\">Aufmerksamkeit ! Die Ma\u00dfe der B\u00e4nke k\u00f6nnen je nach verwendetem Material um 1 bis 2 cm variieren.<\/span><\/p>\n<\/div>\n<\/div>\n","protected":false},"excerpt":{"rendered":"<p>Das Luna-Sofa ist ein sehr bequemes und benutzerfreundliches Sofa, das f\u00fcr jedes Catering-Unternehmen geeignet ist. Bedeckt mit hochwertigem, pflegeleichtem Kunstleder.<\/p>\n","protected":false},"featured_media":147177,"comment_status":"closed","ping_status":"closed","template":"","meta":[],"product_brand":[],"product_cat":[9843],"product_tag":[17415,17417,17426,17434],"class_list":{"0":"post-147517","1":"product","2":"type-product","3":"status-publish","4":"has-post-thumbnail","6":"product_cat-banke-luna","7":"product_tag-cafe-inrichting","8":"product_tag-meubles-horeca","9":"product_tag-horeca-furniture","10":"product_tag-horeca-moebel","11":"pa_dimension-120cm-de","12":"pa_dimension-140cm-de","13":"pa_dimension-150cm-de","14":"pa_dimension-160cm-de","15":"pa_dimension-180cm-de","16":"pa_dimension-200cm-de","17":"pa_product-color-color-schwarz-de","18":"pa_product-frame-color-wenge-frame-color-de","19":"pa_product-more-colors-ja-de","20":"pa_product-more-dimensions-ja-de","21":"pa_product-seat-height-cm-45-seat-height-cm-de","22":"pa_product-upholstery-upholstery-kunstleder-de","23":"pa_product-usage-usage-innen-de","25":"first","26":"instock","27":"sale","28":"taxable","29":"shipping-taxable","30":"purchasable","31":"product-type-variable","32":"hc-var-dimension"},"_links":{"self":[{"href":"https:\/\/horecacenter.com\/de\/wp-json\/wp\/v2\/product\/147517","targetHints":{"allow":["GET"]}}],"collection":[{"href":"https:\/\/horecacenter.com\/de\/wp-json\/wp\/v2\/product"}],"about":[{"href":"https:\/\/horecacenter.com\/de\/wp-json\/wp\/v2\/types\/product"}],"replies":[{"embeddable":true,"href":"https:\/\/horecacenter.com\/de\/wp-json\/wp\/v2\/comments?post=147517"}],"version-history":[{"count":1,"href":"https:\/\/horecacenter.com\/de\/wp-json\/wp\/v2\/product\/147517\/revisions"}],"predecessor-version":[{"id":164314,"href":"https:\/\/horecacenter.com\/de\/wp-json\/wp\/v2\/product\/147517\/revisions\/164314"}],"wp:featuredmedia":[{"embeddable":true,"href":"https:\/\/horecacenter.com\/de\/wp-json\/wp\/v2\/media\/147177"}],"wp:attachment":[{"href":"https:\/\/horecacenter.com\/de\/wp-json\/wp\/v2\/media?parent=147517"}],"wp:term":[{"taxonomy":"product_brand","embeddable":true,"href":"https:\/\/horecacenter.com\/de\/wp-json\/wp\/v2\/product_brand?post=147517"},{"taxonomy":"product_cat","embeddable":true,"href":"https:\/\/horecacenter.com\/de\/wp-json\/wp\/v2\/product_cat?post=147517"},{"taxonomy":"product_tag","embeddable":true,"href":"https:\/\/horecacenter.com\/de\/wp-json\/wp\/v2\/product_tag?post=147517"}],"curies":[{"name":"wp","href":"https:\/\/api.w.org\/{rel}","templated":true}]}}

<div id="tw-target">
<div id="tw-target-text-container">
<p><span style="color: #000000;">Das Luna-Sofa ist ein sehr bequemes und benutzerfreundliches Sofa, das für jedes Catering-Unternehmen geeignet ist. Bedeckt mit hochwertigem, pflegeleichtem Kunstleder. Es ist für alle Catering-Betriebe geeignet und bietet mit seiner Breite von 120 cm Platz für 2 Personen. Lieferung mit schwarzer MDF-Basis und Standard-Kunststoffgleitnagel unten.</span></p>
<p><span style="color: #000000;">Aufmerksamkeit ! Die Maße der Bänke können je nach verwendetem Material um 1 bis 2 cm variieren.</span></p>
</div>
</div>

<p>Das Luna-Sofa ist ein sehr bequemes und benutzerfreundliches Sofa, das für jedes Catering-Unternehmen geeignet ist. Bedeckt mit hochwertigem, pflegeleichtem Kunstleder.</p>
