{"id":149506,"date":"2025-09-11T10:14:53","date_gmt":"2025-09-11T10:14:53","guid":{"rendered":"https:\/\/horecacenter.com\/?post_type=product&#038;p=149506"},"modified":"2026-01-03T06:49:50","modified_gmt":"2026-01-03T06:49:50","slug":"horeca-essbank-capiton-kunstleder-mit-gelber-kristall","status":"publish","type":"product","link":"https:\/\/horecacenter.com\/de\/produkt\/horeca-essbank-capiton-kunstleder-mit-gelber-kristall\/","title":{"rendered":"Horeca Essbank &#8211; CAPITON &#8211; Schwarzes Kunstleder Mit Gelber\u00a0Kristall"},"content":{"rendered":"<div id=\"tw-target\">\n<div id=\"tw-target-text-container\">\n<p><span style=\"color: #000000;\">Das Safran-Sofa ist eines unserer beliebten Sofas, das dank seines stilvollen Erscheinungsbilds ideal f\u00fcr Ihr Interieur geeignet ist. Sehr bequemes und robustes Sofa, das leicht zu kombinieren ist und jahrelang verwendet werden kann. Bedeckt mit hochwertigem, pflegeleichtem Kunstleder. Es ist f\u00fcr alle Catering-Betriebe geeignet und bietet mit seiner Breite von 120 cm Platz f\u00fcr 2 Personen. Lieferung mit Wenge MDF-Basis und Standard-Kunststoff-Gleitnagel unten.<\/span><\/p>\n<p><span style=\"color: #000000;\">Dieses Produkt ist auch als Ma\u00dfanfertigung bis 200 cm sowie mit verschiedenen Stoffen und Farben erh\u00e4ltlich.<\/span><\/p>\n<p><span style=\"color: #000000;\">Aufmerksamkeit ! Die Ma\u00dfe der B\u00e4nke k\u00f6nnen je nach verwendetem Material um 1 bis 2 cm variieren.<\/span><\/p>\n<\/div>\n<\/div>\n","protected":false},"excerpt":{"rendered":"<p>Das Safran-Sofa ist eines unserer beliebten Sofas, das dank seines stilvollen Erscheinungsbilds ideal f\u00fcr Ihr Interieur geeignet ist. Sehr bequemes<\/p>\n","protected":false},"featured_media":184618,"comment_status":"closed","ping_status":"closed","template":"","meta":[],"product_brand":[],"product_cat":[17322],"product_tag":[17667,17668,17670,17943,17417,17426,17434],"class_list":{"0":"post-149506","1":"product","2":"type-product","3":"status-publish","4":"has-post-thumbnail","6":"product_cat-capiton-baenke","7":"product_tag-restaurant-furniture","8":"product_tag-restaurant-inrichting","9":"product_tag-restaurant-moebel","10":"product_tag-restaurant-meubelen","11":"product_tag-meubles-horeca","12":"product_tag-horeca-furniture","13":"product_tag-horeca-moebel","14":"pa_dimension-120cm-de","15":"pa_dimension-140cm-de","16":"pa_dimension-150cm-de","17":"pa_dimension-160cm-de","18":"pa_dimension-180cm-de","19":"pa_dimension-200cm-de","20":"pa_product-color-color-schwarz-de","21":"pa_product-frame-color-wenge-frame-color-de","22":"pa_product-more-colors-ja-de","23":"pa_product-seat-height-cm-47-seat-height-cm-de","24":"pa_product-upholstery-upholstery-kunstleder-de","25":"pa_product-usage-usage-innen-de","27":"first","28":"onbackorder","29":"sale","30":"taxable","31":"shipping-taxable","32":"purchasable","33":"product-type-variable","34":"hc-var-dimension"},"_links":{"self":[{"href":"https:\/\/horecacenter.com\/de\/wp-json\/wp\/v2\/product\/149506","targetHints":{"allow":["GET"]}}],"collection":[{"href":"https:\/\/horecacenter.com\/de\/wp-json\/wp\/v2\/product"}],"about":[{"href":"https:\/\/horecacenter.com\/de\/wp-json\/wp\/v2\/types\/product"}],"replies":[{"embeddable":true,"href":"https:\/\/horecacenter.com\/de\/wp-json\/wp\/v2\/comments?post=149506"}],"version-history":[{"count":1,"href":"https:\/\/horecacenter.com\/de\/wp-json\/wp\/v2\/product\/149506\/revisions"}],"predecessor-version":[{"id":164521,"href":"https:\/\/horecacenter.com\/de\/wp-json\/wp\/v2\/product\/149506\/revisions\/164521"}],"wp:featuredmedia":[{"embeddable":true,"href":"https:\/\/horecacenter.com\/de\/wp-json\/wp\/v2\/media\/184618"}],"wp:attachment":[{"href":"https:\/\/horecacenter.com\/de\/wp-json\/wp\/v2\/media?parent=149506"}],"wp:term":[{"taxonomy":"product_brand","embeddable":true,"href":"https:\/\/horecacenter.com\/de\/wp-json\/wp\/v2\/product_brand?post=149506"},{"taxonomy":"product_cat","embeddable":true,"href":"https:\/\/horecacenter.com\/de\/wp-json\/wp\/v2\/product_cat?post=149506"},{"taxonomy":"product_tag","embeddable":true,"href":"https:\/\/horecacenter.com\/de\/wp-json\/wp\/v2\/product_tag?post=149506"}],"curies":[{"name":"wp","href":"https:\/\/api.w.org\/{rel}","templated":true}]}}

<div id="tw-target">
<div id="tw-target-text-container">
<p><span style="color: #000000;">Das Safran-Sofa ist eines unserer beliebten Sofas, das dank seines stilvollen Erscheinungsbilds ideal für Ihr Interieur geeignet ist. Sehr bequemes und robustes Sofa, das leicht zu kombinieren ist und jahrelang verwendet werden kann. Bedeckt mit hochwertigem, pflegeleichtem Kunstleder. Es ist für alle Catering-Betriebe geeignet und bietet mit seiner Breite von 120 cm Platz für 2 Personen. Lieferung mit Wenge MDF-Basis und Standard-Kunststoff-Gleitnagel unten.</span></p>
<p><span style="color: #000000;">Dieses Produkt ist auch als Maßanfertigung bis 200 cm sowie mit verschiedenen Stoffen und Farben erhältlich.</span></p>
<p><span style="color: #000000;">Aufmerksamkeit ! Die Maße der Bänke können je nach verwendetem Material um 1 bis 2 cm variieren.</span></p>
</div>
</div>

<p>Das Safran-Sofa ist eines unserer beliebten Sofas, das dank seines stilvollen Erscheinungsbilds ideal für Ihr Interieur geeignet ist. Sehr bequemes</p>
