{"id":180141,"date":"2026-02-09T12:42:51","date_gmt":"2026-02-09T12:42:51","guid":{"rendered":"https:\/\/horecacenter.com\/?post_type=product&#038;p=180141"},"modified":"2026-02-11T14:26:24","modified_gmt":"2026-02-11T14:26:24","slug":"horeca-essbank-safran-dunkelblau-kunstleder","status":"publish","type":"product","link":"https:\/\/horecacenter.com\/de\/produkt\/horeca-essbank-safran-dunkelblau-kunstleder\/","title":{"rendered":"Horeca Essbank &#8211; SAFRAN &#8211; Dunkelblau Kunstleder"},"content":{"rendered":"<div>\n<div id=\"tw-target\">\n<div id=\"tw-target-text-container\">\n<p><span style=\"color: #000000;\">Das Safran-Sofa ist eines unserer beliebten Sofas, das dank seines eleganten Erscheinungsbilds ideal f\u00fcr Ihr Interieur geeignet ist. Sehr bequemes und robustes Sofa, einfach zu kombinieren und jahrelang verwendbar. \u00dcberzogen mit hochwertigem, pflegeleichtem Kunstleder. Es ist f\u00fcr alle Catering-Betriebe geeignet und bietet mit seiner Breite von 120 cm Platz f\u00fcr 2 Personen. Lieferung mit Wenge MDF Basis und Standard Kunststoff Gleitnagel auf der Unterseite.<\/span><\/p>\n<p><span style=\"color: #000000;\">Aufmerksamkeit ! Die Ma\u00dfe der B\u00e4nke k\u00f6nnen je nach verwendetem Material um 1 bis 2 cm variieren.<\/span><\/p>\n<\/div>\n<\/div>\n<\/div>\n","protected":false},"excerpt":{"rendered":"<p>Das Safran-Sofa ist eines unserer beliebten Sofas, das dank seines eleganten Erscheinungsbilds ideal f\u00fcr Ihr Interieur geeignet ist. Sehr bequemes<\/p>\n","protected":false},"featured_media":180165,"comment_status":"closed","ping_status":"closed","template":"","meta":[],"product_brand":[],"product_cat":[9751],"product_tag":[17668,17670,17943,17417,17426,17434,17667],"class_list":{"0":"post-180141","1":"product","2":"type-product","3":"status-publish","4":"has-post-thumbnail","6":"product_cat-safran-banke","7":"product_tag-restaurant-inrichting","8":"product_tag-restaurant-moebel","9":"product_tag-restaurant-meubelen","10":"product_tag-meubles-horeca","11":"product_tag-horeca-furniture","12":"product_tag-horeca-moebel","13":"product_tag-restaurant-furniture","14":"pa_dimension-120cm-de","15":"pa_dimension-140cm-de","16":"pa_dimension-150cm-de","17":"pa_dimension-160cm-de","18":"pa_dimension-180cm-de","19":"pa_dimension-200cm-de","20":"pa_product-color-color-braun-de","21":"pa_product-frame-color-wenge-frame-color-de","22":"pa_product-more-colors-ja-de","23":"pa_product-more-dimensions-ja-de","24":"pa_product-seat-height-cm-47-seat-height-cm-de","25":"pa_product-upholstery-upholstery-kunstleder-de","26":"pa_product-usage-usage-innen-de","28":"first","29":"onbackorder","30":"sale","31":"taxable","32":"shipping-taxable","33":"purchasable","34":"product-type-variable","35":"hc-var-dimension"},"_links":{"self":[{"href":"https:\/\/horecacenter.com\/de\/wp-json\/wp\/v2\/product\/180141","targetHints":{"allow":["GET"]}}],"collection":[{"href":"https:\/\/horecacenter.com\/de\/wp-json\/wp\/v2\/product"}],"about":[{"href":"https:\/\/horecacenter.com\/de\/wp-json\/wp\/v2\/types\/product"}],"replies":[{"embeddable":true,"href":"https:\/\/horecacenter.com\/de\/wp-json\/wp\/v2\/comments?post=180141"}],"version-history":[{"count":2,"href":"https:\/\/horecacenter.com\/de\/wp-json\/wp\/v2\/product\/180141\/revisions"}],"predecessor-version":[{"id":180211,"href":"https:\/\/horecacenter.com\/de\/wp-json\/wp\/v2\/product\/180141\/revisions\/180211"}],"wp:featuredmedia":[{"embeddable":true,"href":"https:\/\/horecacenter.com\/de\/wp-json\/wp\/v2\/media\/180165"}],"wp:attachment":[{"href":"https:\/\/horecacenter.com\/de\/wp-json\/wp\/v2\/media?parent=180141"}],"wp:term":[{"taxonomy":"product_brand","embeddable":true,"href":"https:\/\/horecacenter.com\/de\/wp-json\/wp\/v2\/product_brand?post=180141"},{"taxonomy":"product_cat","embeddable":true,"href":"https:\/\/horecacenter.com\/de\/wp-json\/wp\/v2\/product_cat?post=180141"},{"taxonomy":"product_tag","embeddable":true,"href":"https:\/\/horecacenter.com\/de\/wp-json\/wp\/v2\/product_tag?post=180141"}],"curies":[{"name":"wp","href":"https:\/\/api.w.org\/{rel}","templated":true}]}}

<div>
<div id="tw-target">
<div id="tw-target-text-container">
<p><span style="color: #000000;">Das Safran-Sofa ist eines unserer beliebten Sofas, das dank seines eleganten Erscheinungsbilds ideal für Ihr Interieur geeignet ist. Sehr bequemes und robustes Sofa, einfach zu kombinieren und jahrelang verwendbar. Überzogen mit hochwertigem, pflegeleichtem Kunstleder. Es ist für alle Catering-Betriebe geeignet und bietet mit seiner Breite von 120 cm Platz für 2 Personen. Lieferung mit Wenge MDF Basis und Standard Kunststoff Gleitnagel auf der Unterseite.</span></p>
<p><span style="color: #000000;">Aufmerksamkeit ! Die Maße der Bänke können je nach verwendetem Material um 1 bis 2 cm variieren.</span></p>
</div>
</div>
</div>

<p>Das Safran-Sofa ist eines unserer beliebten Sofas, das dank seines eleganten Erscheinungsbilds ideal für Ihr Interieur geeignet ist. Sehr bequemes</p>
