{"id":182700,"date":"2026-02-19T06:56:10","date_gmt":"2026-02-19T06:56:10","guid":{"rendered":"https:\/\/horecacenter.com\/?post_type=product&#038;p=182700"},"modified":"2026-02-20T10:06:34","modified_gmt":"2026-02-20T10:06:34","slug":"horeca-ovaler-esstisch-ziggy-mango","status":"publish","type":"product","link":"https:\/\/horecacenter.com\/de\/produkt\/horeca-ovaler-esstisch-ziggy-mango\/","title":{"rendered":"Horeca Ovaler Esstisch &#8211; ZIGGY &#8211; MANGO"},"content":{"rendered":"<p>Der ovale Ziggy-Esstisch hat eine rohe Mangoholzoberfl\u00e4che. Wird mit einem schwarzen Metallbein kombiniert. Die M\u00f6bel haben viele Farbt\u00f6ne, was ihr ein besonders lebendiges Aussehen verleiht und viel Atmosph\u00e4re schafft!<br \/>\nDieser Artikel ist handgefertigt. Jeder Artikel ist ein Unikat. Unregelm\u00e4\u00dfigkeiten in Form und Farbe zeugen vom individuellen Charakter.<\/p>\n<p>&nbsp;<\/p>\n<p><i class=\"fas fa-check-circle description-icon-green\" aria-hidden=\"true\"><\/i><span style=\"color: #ff6600;\"> Die Tische sind unmontiert<\/span><br \/>\n<i class=\"fas fa-check-circle description-icon-green\" aria-hidden=\"true\"><\/i><span style=\"color: #339966;\"> Die Tischplatten sind nicht vorgebohrt<\/span><br \/>\n<i class=\"fas fa-check-circle description-icon-green\" aria-hidden=\"true\"><\/i><span style=\"color: #ff6600;\"> Schrauben sind inklusive, wenn die Tischplatten zusammen mit den Untergestellen bestellt werden<\/span><br \/>\n<i class=\"fas fa-check-circle description-icon-green\" aria-hidden=\"true\"><\/i><span style=\"color: #339966;\"> Das zur Montage ben\u00f6tigte Material ist im Karton enthalten<\/span><\/p>\n","protected":false},"excerpt":{"rendered":"<p>Der ovale Ziggy-Esstisch hat eine rohe Mangoholzoberfl\u00e4che. Wird mit einem schwarzen Metallbein kombiniert. Die M\u00f6bel haben viele Farbt\u00f6ne, was ihr<\/p>\n","protected":false},"featured_media":182720,"comment_status":"open","ping_status":"closed","template":"","meta":[],"product_brand":[],"product_cat":[10363,9859,10367,10511],"product_tag":[17666,17667,17670,17943],"class_list":{"0":"post-182700","1":"product","2":"type-product","3":"status-publish","4":"has-post-thumbnail","6":"product_cat-esstische","7":"product_cat-neu","8":"product_cat-esstische-de","9":"product_cat-kommt-demnaechst","10":"product_tag-meubles-de-restaurant","11":"product_tag-restaurant-furniture","12":"product_tag-restaurant-moebel","13":"product_tag-restaurant-meubelen","14":"pa_dimension-110x220-cm-de","15":"pa_dimension-110x200-cm-de","16":"pa_product-frame-color-schwarz-frame-color-de","17":"pa_product-more-dimensions-ja-de","18":"pa_product-seats-6-seats-de","19":"pa_product-tabletop-color-rau-tabletop-color-de","20":"pa_product-usage-usage-innen-de","21":"pa_table-height-cm-76-cm-de","23":"first","24":"instock","25":"sale","26":"taxable","27":"shipping-taxable","28":"purchasable","29":"product-type-variable","30":"hc-var-dimension"},"_links":{"self":[{"href":"https:\/\/horecacenter.com\/de\/wp-json\/wp\/v2\/product\/182700","targetHints":{"allow":["GET"]}}],"collection":[{"href":"https:\/\/horecacenter.com\/de\/wp-json\/wp\/v2\/product"}],"about":[{"href":"https:\/\/horecacenter.com\/de\/wp-json\/wp\/v2\/types\/product"}],"replies":[{"embeddable":true,"href":"https:\/\/horecacenter.com\/de\/wp-json\/wp\/v2\/comments?post=182700"}],"version-history":[{"count":3,"href":"https:\/\/horecacenter.com\/de\/wp-json\/wp\/v2\/product\/182700\/revisions"}],"predecessor-version":[{"id":183066,"href":"https:\/\/horecacenter.com\/de\/wp-json\/wp\/v2\/product\/182700\/revisions\/183066"}],"wp:featuredmedia":[{"embeddable":true,"href":"https:\/\/horecacenter.com\/de\/wp-json\/wp\/v2\/media\/182720"}],"wp:attachment":[{"href":"https:\/\/horecacenter.com\/de\/wp-json\/wp\/v2\/media?parent=182700"}],"wp:term":[{"taxonomy":"product_brand","embeddable":true,"href":"https:\/\/horecacenter.com\/de\/wp-json\/wp\/v2\/product_brand?post=182700"},{"taxonomy":"product_cat","embeddable":true,"href":"https:\/\/horecacenter.com\/de\/wp-json\/wp\/v2\/product_cat?post=182700"},{"taxonomy":"product_tag","embeddable":true,"href":"https:\/\/horecacenter.com\/de\/wp-json\/wp\/v2\/product_tag?post=182700"}],"curies":[{"name":"wp","href":"https:\/\/api.w.org\/{rel}","templated":true}]}}

<p>Der ovale Ziggy-Esstisch hat eine rohe Mangoholzoberfläche. Wird mit einem schwarzen Metallbein kombiniert. Die Möbel haben viele Farbtöne, was ihr ein besonders lebendiges Aussehen verleiht und viel Atmosphäre schafft!<br />
Dieser Artikel ist handgefertigt. Jeder Artikel ist ein Unikat. Unregelmäßigkeiten in Form und Farbe zeugen vom individuellen Charakter.</p>
<p>&nbsp;</p>
<p><i class="fas fa-check-circle description-icon-green" aria-hidden="true"></i><span style="color: #ff6600;"> Die Tische sind unmontiert</span><br />
<i class="fas fa-check-circle description-icon-green" aria-hidden="true"></i><span style="color: #339966;"> Die Tischplatten sind nicht vorgebohrt</span><br />
<i class="fas fa-check-circle description-icon-green" aria-hidden="true"></i><span style="color: #ff6600;"> Schrauben sind inklusive, wenn die Tischplatten zusammen mit den Untergestellen bestellt werden</span><br />
<i class="fas fa-check-circle description-icon-green" aria-hidden="true"></i><span style="color: #339966;"> Das zur Montage benötigte Material ist im Karton enthalten</span></p>

<p>Der ovale Ziggy-Esstisch hat eine rohe Mangoholzoberfläche. Wird mit einem schwarzen Metallbein kombiniert. Die Möbel haben viele Farbtöne, was ihr</p>
