{"id":88464,"date":"2023-04-04T15:43:54","date_gmt":"2023-04-04T15:43:54","guid":{"rendered":"https:\/\/horecacenter.com\/?post_type=product&#038;p=88464"},"modified":"2025-12-04T08:36:51","modified_gmt":"2025-12-04T08:36:51","slug":"horeca-terrassentisch-rund-eschenholz-klappbar-a-70-cm","status":"publish","type":"product","link":"https:\/\/horecacenter.com\/de\/produkt\/horeca-terrassentisch-rund-eschenholz-klappbar-a-70-cm\/","title":{"rendered":"Horeca Terrassentisch Rund Eschenholz Klappbar &#8211; A &#8211; 70 cm"},"content":{"rendered":"<div id=\"article-detail-title\">\n<div id=\"article-detail-title\">\n<p><span style=\"color: #000000;\">Mit dem Terrassentisch A verwandeln Sie Ihren Raum in eine warme und gem\u00fctliche Atmosph\u00e4re. <\/span><\/p>\n<p><span style=\"color: #000000;\">Dank seiner Vorteile, der Benutzerfreundlichkeit und des Klappsystems kann der Tisch kompakt und einfach verstaut und die Kapazit\u00e4t der Terrasse schnell erh\u00f6ht werden. <\/span><\/p>\n<p><span style=\"color: #000000;\">Die rutschfesten F\u00fc\u00dfe machen den Tisch sehr stabil und stabil.<\/span><\/p>\n<p><span style=\"color: #000000;\"><strong>Zus\u00e4tzliche Information:<\/strong><\/span><\/p>\n<ul>\n<li><span style=\"color: #000000;\">Vorge\u00f6ltes Eschenholz<\/span><\/li>\n<li><span style=\"color: #000000;\">Die Tische sind unmontiert<\/span><\/li>\n<li><span style=\"color: #000000;\">Das zur Montage ben\u00f6tigte Material ist im Karton enthalten<\/span><\/li>\n<li><span style=\"color: #000000;\">Einfache Selbstmontage<\/span><\/li>\n<li><span style=\"color: #000000;\">Verwenden Sie Holz\u00f6l zur regelm\u00e4\u00dfigen Pflege der Tischplatte<\/span><\/li>\n<\/ul>\n<\/div>\n<\/div>\n","protected":false},"excerpt":{"rendered":"<p>Mit dem Terrassentisch A verwandeln Sie Ihren Raum in eine warme und gem\u00fctliche Atmosph\u00e4re. Dank seiner Vorteile, der Benutzerfreundlichkeit und<\/p>\n","protected":false},"featured_media":88465,"comment_status":"open","ping_status":"closed","template":"","meta":[],"product_brand":[],"product_cat":[9987,17653,10359],"product_tag":[],"class_list":{"0":"post-88464","1":"product","2":"type-product","3":"status-publish","4":"has-post-thumbnail","6":"product_cat-eschenholz-tisch-sortiment","7":"product_cat-outlet-de","8":"product_cat-klapptische","9":"pa_frame-nicht-stapelbar-frame-de","10":"pa_product-frame-color-silber-frame-color-de","11":"pa_product-more-colors-ja-de","12":"pa_product-more-dimensions-ja-de","13":"pa_product-tabletop-color-holzoptik-tabletop-color-de","14":"pa_product-usage-usage-innen-de","15":"pa_product-usage-usage-draussen-de","17":"first","18":"instock","19":"sale","20":"taxable","21":"shipping-taxable","22":"purchasable","23":"product-type-simple"},"_links":{"self":[{"href":"https:\/\/horecacenter.com\/de\/wp-json\/wp\/v2\/product\/88464","targetHints":{"allow":["GET"]}}],"collection":[{"href":"https:\/\/horecacenter.com\/de\/wp-json\/wp\/v2\/product"}],"about":[{"href":"https:\/\/horecacenter.com\/de\/wp-json\/wp\/v2\/types\/product"}],"replies":[{"embeddable":true,"href":"https:\/\/horecacenter.com\/de\/wp-json\/wp\/v2\/comments?post=88464"}],"version-history":[{"count":1,"href":"https:\/\/horecacenter.com\/de\/wp-json\/wp\/v2\/product\/88464\/revisions"}],"predecessor-version":[{"id":169970,"href":"https:\/\/horecacenter.com\/de\/wp-json\/wp\/v2\/product\/88464\/revisions\/169970"}],"wp:featuredmedia":[{"embeddable":true,"href":"https:\/\/horecacenter.com\/de\/wp-json\/wp\/v2\/media\/88465"}],"wp:attachment":[{"href":"https:\/\/horecacenter.com\/de\/wp-json\/wp\/v2\/media?parent=88464"}],"wp:term":[{"taxonomy":"product_brand","embeddable":true,"href":"https:\/\/horecacenter.com\/de\/wp-json\/wp\/v2\/product_brand?post=88464"},{"taxonomy":"product_cat","embeddable":true,"href":"https:\/\/horecacenter.com\/de\/wp-json\/wp\/v2\/product_cat?post=88464"},{"taxonomy":"product_tag","embeddable":true,"href":"https:\/\/horecacenter.com\/de\/wp-json\/wp\/v2\/product_tag?post=88464"}],"curies":[{"name":"wp","href":"https:\/\/api.w.org\/{rel}","templated":true}]}}

<div id="article-detail-title">
<div id="article-detail-title">
<p><span style="color: #000000;">Mit dem Terrassentisch A verwandeln Sie Ihren Raum in eine warme und gemütliche Atmosphäre. </span></p>
<p><span style="color: #000000;">Dank seiner Vorteile, der Benutzerfreundlichkeit und des Klappsystems kann der Tisch kompakt und einfach verstaut und die Kapazität der Terrasse schnell erhöht werden. </span></p>
<p><span style="color: #000000;">Die rutschfesten Füße machen den Tisch sehr stabil und stabil.</span></p>
<p><span style="color: #000000;"><strong>Zusätzliche Information:</strong></span></p>
<ul>
<li><span style="color: #000000;">Vorgeöltes Eschenholz</span></li>
<li><span style="color: #000000;">Die Tische sind unmontiert</span></li>
<li><span style="color: #000000;">Das zur Montage benötigte Material ist im Karton enthalten</span></li>
<li><span style="color: #000000;">Einfache Selbstmontage</span></li>
<li><span style="color: #000000;">Verwenden Sie Holzöl zur regelmäßigen Pflege der Tischplatte</span></li>
</ul>
</div>
</div>

<p>Mit dem Terrassentisch A verwandeln Sie Ihren Raum in eine warme und gemütliche Atmosphäre. Dank seiner Vorteile, der Benutzerfreundlichkeit und</p>
