{"id":89982,"date":"2023-09-07T10:36:50","date_gmt":"2023-09-07T10:36:50","guid":{"rendered":"https:\/\/horecacenter.com\/?post_type=product&#038;p=89982"},"modified":"2026-04-14T14:40:38","modified_gmt":"2026-04-14T14:40:38","slug":"esstisch-mexico-buche","status":"publish","type":"product","link":"https:\/\/horecacenter.com\/de\/produkt\/esstisch-mexico-buche\/","title":{"rendered":"Horeca Baum Esstisch &#8211; MEXICO &#8211; 100&#215;200 cm"},"content":{"rendered":"<p><span style=\"color: #000000;\">Ein Massivholztisch strahlt W\u00e4rme und Authentizit\u00e4t aus und zeigt nicht leicht Besch\u00e4digungen oder Kratzer.<br \/>\nIdeal f\u00fcr den Langzeitgebrauch und zu einem erschwinglichen Preis.<\/span><\/p>\n<p><i class=\"fas fa-check-circle description-icon-green\" aria-hidden=\"true\"><\/i><span style=\"color: #ff6600;\"> Die Tische sind unmontiert<\/span><br \/>\n<i class=\"fas fa-check-circle description-icon-green\" aria-hidden=\"true\"><\/i><span style=\"color: #339966;\"> Die Tischplatten sind nicht vorgebohrt<\/span><br \/>\n<i class=\"fas fa-check-circle description-icon-green\" aria-hidden=\"true\"><\/i><span style=\"color: #ff6600;\"> Schrauben sind inklusive, wenn die Tischplatten zusammen mit den Untergestellen bestellt werden<\/span><br \/>\n<i class=\"fas fa-check-circle description-icon-green\" aria-hidden=\"true\"><\/i><span style=\"color: #339966;\"> Das zur Montage ben\u00f6tigte Material ist im Karton enthalten<\/span><\/p>\n","protected":false},"excerpt":{"rendered":"<p>Ein Massivholztisch strahlt W\u00e4rme und Authentizit\u00e4t aus und zeigt nicht leicht Besch\u00e4digungen oder Kratzer. Ideal f\u00fcr den Langzeitgebrauch und zu<\/p>\n","protected":false},"featured_media":89987,"comment_status":"open","ping_status":"closed","template":"","meta":[],"product_brand":[],"product_cat":[10367,16564,16568,10363,10371],"product_tag":[17434,17666,17667,17670,17417,17426],"class_list":{"0":"post-89982","1":"product","2":"type-product","3":"status-publish","4":"has-post-thumbnail","6":"product_cat-esstische-de","7":"product_cat-mexico-tisch-sortiment","8":"product_cat-mexico-tisch-sortiment-de","9":"product_cat-esstische","10":"product_cat-esstische-de-2","11":"product_tag-horeca-moebel","12":"product_tag-meubles-de-restaurant","13":"product_tag-restaurant-furniture","14":"product_tag-restaurant-moebel","15":"product_tag-meubles-horeca","16":"product_tag-horeca-furniture","17":"pa_product-frame-color-schwarz-frame-color-de","18":"pa_product-more-colors-ja-de","19":"pa_product-more-dimensions-ja-de","20":"pa_product-seats-6-seats-de","21":"pa_product-tabletop-color-holzoptik-tabletop-color-de","22":"pa_product-usage-usage-innen-de","23":"pa_table-height-cm-7550-cm-de","25":"first","26":"outofstock","27":"sale","28":"taxable","29":"shipping-taxable","30":"purchasable","31":"product-type-simple"},"_links":{"self":[{"href":"https:\/\/horecacenter.com\/de\/wp-json\/wp\/v2\/product\/89982","targetHints":{"allow":["GET"]}}],"collection":[{"href":"https:\/\/horecacenter.com\/de\/wp-json\/wp\/v2\/product"}],"about":[{"href":"https:\/\/horecacenter.com\/de\/wp-json\/wp\/v2\/types\/product"}],"replies":[{"embeddable":true,"href":"https:\/\/horecacenter.com\/de\/wp-json\/wp\/v2\/comments?post=89982"}],"version-history":[{"count":2,"href":"https:\/\/horecacenter.com\/de\/wp-json\/wp\/v2\/product\/89982\/revisions"}],"predecessor-version":[{"id":194624,"href":"https:\/\/horecacenter.com\/de\/wp-json\/wp\/v2\/product\/89982\/revisions\/194624"}],"wp:featuredmedia":[{"embeddable":true,"href":"https:\/\/horecacenter.com\/de\/wp-json\/wp\/v2\/media\/89987"}],"wp:attachment":[{"href":"https:\/\/horecacenter.com\/de\/wp-json\/wp\/v2\/media?parent=89982"}],"wp:term":[{"taxonomy":"product_brand","embeddable":true,"href":"https:\/\/horecacenter.com\/de\/wp-json\/wp\/v2\/product_brand?post=89982"},{"taxonomy":"product_cat","embeddable":true,"href":"https:\/\/horecacenter.com\/de\/wp-json\/wp\/v2\/product_cat?post=89982"},{"taxonomy":"product_tag","embeddable":true,"href":"https:\/\/horecacenter.com\/de\/wp-json\/wp\/v2\/product_tag?post=89982"}],"curies":[{"name":"wp","href":"https:\/\/api.w.org\/{rel}","templated":true}]}}

<p><span style="color: #000000;">Ein Massivholztisch strahlt Wärme und Authentizität aus und zeigt nicht leicht Beschädigungen oder Kratzer.<br />
Ideal für den Langzeitgebrauch und zu einem erschwinglichen Preis.</span></p>
<p><i class="fas fa-check-circle description-icon-green" aria-hidden="true"></i><span style="color: #ff6600;"> Die Tische sind unmontiert</span><br />
<i class="fas fa-check-circle description-icon-green" aria-hidden="true"></i><span style="color: #339966;"> Die Tischplatten sind nicht vorgebohrt</span><br />
<i class="fas fa-check-circle description-icon-green" aria-hidden="true"></i><span style="color: #ff6600;"> Schrauben sind inklusive, wenn die Tischplatten zusammen mit den Untergestellen bestellt werden</span><br />
<i class="fas fa-check-circle description-icon-green" aria-hidden="true"></i><span style="color: #339966;"> Das zur Montage benötigte Material ist im Karton enthalten</span></p>

<p>Ein Massivholztisch strahlt Wärme und Authentizität aus und zeigt nicht leicht Beschädigungen oder Kratzer. Ideal für den Langzeitgebrauch und zu</p>
