{"id":118564,"date":"2024-11-04T08:05:03","date_gmt":"2024-11-04T08:05:03","guid":{"rendered":"https:\/\/horecacenter.com\/?post_type=product&#038;p=118564"},"modified":"2026-03-19T13:58:45","modified_gmt":"2026-03-19T13:58:45","slug":"table-avec-pied-pliable-de-cafe-restaurant-et-horeca-mango-solid-70x70-cm-avec-base-en-aluminium-a-srd","status":"publish","type":"product","link":"https:\/\/horecacenter.com\/fr\/produit\/table-avec-pied-pliable-de-cafe-restaurant-et-horeca-mango-solid-70x70-cm-avec-base-en-aluminium-a-srd\/","title":{"rendered":"Table de Restaurant en Bois de Manguier Avec Pied Pliable &#8211; 70&#215;70 cm"},"content":{"rendered":"<p><i class=\"fas fa-check-circle description-icon-green\" aria-hidden=\"true\"><\/i><span style=\"color: #ff6600;\"> Les tables ne sont pas assembl\u00e9es.<\/span><br \/>\n<i class=\"fas fa-check-circle description-icon-green\" aria-hidden=\"true\"><\/i><span style=\"color: #339966;\"> Les plateaux de table ne sont pas pr\u00e9-perc\u00e9s.<\/span><br \/>\n<i class=\"fas fa-check-circle description-icon-green\" aria-hidden=\"true\"><\/i><span style=\"color: #ff6600;\"> Les vis sont incluses si les plateaux de table sont command\u00e9s avec les pieds de table.<\/span><br \/>\n<i class=\"fas fa-check-circle description-icon-green\" aria-hidden=\"true\"><\/i><span style=\"color: #339966;\"> Le mat\u00e9riel n\u00e9cessaire pour l\u2019assemblage est inclus dans la bo\u00eete.<\/span><\/p>\n","protected":false},"excerpt":{"rendered":"<p>Les tables ne sont pas assembl\u00e9es. Les plateaux de table ne sont pas pr\u00e9-perc\u00e9s. Les vis sont incluses si les<\/p>\n","protected":false},"featured_media":118548,"comment_status":"open","ping_status":"closed","template":"","meta":[],"product_brand":[],"product_cat":[16558,10512],"product_tag":[],"class_list":{"0":"post-118564","1":"product","2":"type-product","3":"status-publish","4":"has-post-thumbnail","6":"product_cat-mango-solid-assortiment-de-table","7":"product_cat-bientot-disponible","8":"pa_product-frame-color-noir-framecolor-fr","9":"pa_product-more-colors-oui-fr","10":"pa_product-more-dimensions-oui-fr","11":"pa_product-seats-2-seats-fr","12":"pa_product-tabletop-color-mangue-tabletop-color-fr","13":"pa_product-usage-usage-interieur-fr","14":"pa_table-height-cm-75-cm-fr","16":"first","17":"instock","18":"sale","19":"taxable","20":"shipping-taxable","21":"purchasable","22":"product-type-simple"},"_links":{"self":[{"href":"https:\/\/horecacenter.com\/fr\/wp-json\/wp\/v2\/product\/118564","targetHints":{"allow":["GET"]}}],"collection":[{"href":"https:\/\/horecacenter.com\/fr\/wp-json\/wp\/v2\/product"}],"about":[{"href":"https:\/\/horecacenter.com\/fr\/wp-json\/wp\/v2\/types\/product"}],"replies":[{"embeddable":true,"href":"https:\/\/horecacenter.com\/fr\/wp-json\/wp\/v2\/comments?post=118564"}],"version-history":[{"count":3,"href":"https:\/\/horecacenter.com\/fr\/wp-json\/wp\/v2\/product\/118564\/revisions"}],"predecessor-version":[{"id":190468,"href":"https:\/\/horecacenter.com\/fr\/wp-json\/wp\/v2\/product\/118564\/revisions\/190468"}],"wp:featuredmedia":[{"embeddable":true,"href":"https:\/\/horecacenter.com\/fr\/wp-json\/wp\/v2\/media\/118548"}],"wp:attachment":[{"href":"https:\/\/horecacenter.com\/fr\/wp-json\/wp\/v2\/media?parent=118564"}],"wp:term":[{"taxonomy":"product_brand","embeddable":true,"href":"https:\/\/horecacenter.com\/fr\/wp-json\/wp\/v2\/product_brand?post=118564"},{"taxonomy":"product_cat","embeddable":true,"href":"https:\/\/horecacenter.com\/fr\/wp-json\/wp\/v2\/product_cat?post=118564"},{"taxonomy":"product_tag","embeddable":true,"href":"https:\/\/horecacenter.com\/fr\/wp-json\/wp\/v2\/product_tag?post=118564"}],"curies":[{"name":"wp","href":"https:\/\/api.w.org\/{rel}","templated":true}]}}

<p><i class="fas fa-check-circle description-icon-green" aria-hidden="true"></i><span style="color: #ff6600;"> Les tables ne sont pas assemblées.</span><br />
<i class="fas fa-check-circle description-icon-green" aria-hidden="true"></i><span style="color: #339966;"> Les plateaux de table ne sont pas pré-percés.</span><br />
<i class="fas fa-check-circle description-icon-green" aria-hidden="true"></i><span style="color: #ff6600;"> Les vis sont incluses si les plateaux de table sont commandés avec les pieds de table.</span><br />
<i class="fas fa-check-circle description-icon-green" aria-hidden="true"></i><span style="color: #339966;"> Le matériel nécessaire pour l’assemblage est inclus dans la boîte.</span></p>

<p>Les tables ne sont pas assemblées. Les plateaux de table ne sont pas pré-percés. Les vis sont incluses si les</p>
