{"id":118915,"date":"2024-11-04T14:28:55","date_gmt":"2024-11-04T14:28:55","guid":{"rendered":"https:\/\/horecacenter.com\/?post_type=product&#038;p=118915"},"modified":"2026-01-02T07:10:41","modified_gmt":"2026-01-02T07:10:41","slug":"table-haute-en-bois-massif-pour-cafe-restaurant-et-horeca-acacia-75x75-hauteur-11150-cm","status":"publish","type":"product","link":"https:\/\/horecacenter.com\/fr\/produit\/table-haute-en-bois-massif-pour-cafe-restaurant-et-horeca-acacia-75x75-hauteur-11150-cm\/","title":{"rendered":"Table de Restaurant Haute en Bois Naturel Massif &#8211; ACACIA &#8211; 75&#215;75 &#8211; Hauteur 111,50 cm"},"content":{"rendered":"<p><i class=\"fas fa-check-circle description-icon-green\" aria-hidden=\"true\"><\/i><span style=\"color: #ff6600;\"> Les tables ne sont pas assembl\u00e9es.<\/span><br \/>\n<i class=\"fas fa-check-circle description-icon-green\" aria-hidden=\"true\"><\/i><span style=\"color: #339966;\"> Les plateaux de table ne sont pas pr\u00e9-perc\u00e9s.<\/span><br \/>\n<i class=\"fas fa-check-circle description-icon-green\" aria-hidden=\"true\"><\/i><span style=\"color: #ff6600;\"> Les vis sont incluses si les plateaux de table sont command\u00e9s avec les pieds de table.<\/span><br \/>\n<i class=\"fas fa-check-circle description-icon-green\" aria-hidden=\"true\"><\/i><span style=\"color: #339966;\"> Le mat\u00e9riel n\u00e9cessaire pour l\u2019assemblage est inclus dans la bo\u00eete.<\/span><\/p>\n","protected":false},"excerpt":{"rendered":"<p>Les tables ne sont pas assembl\u00e9es. Les plateaux de table ne sont pas pr\u00e9-perc\u00e9s. Les vis sont incluses si les<\/p>\n","protected":false},"featured_media":118909,"comment_status":"open","ping_status":"closed","template":"","meta":[],"product_brand":[],"product_cat":[16570,16574,10276],"product_tag":[],"class_list":{"0":"post-118915","1":"product","2":"type-product","3":"status-publish","4":"has-post-thumbnail","6":"product_cat-acacia-assortiment-de-table","7":"product_cat-acacia-assortiment-de-table-fr","8":"product_cat-tables-hautes-mange-debout","9":"pa_product-frame-color-noir-framecolor-fr","10":"pa_product-more-colors-oui-fr","11":"pa_product-more-dimensions-oui-fr","12":"pa_product-seats-2-seats-fr","13":"pa_product-tabletop-color-aspect-bois-tabletop-color-fr","14":"pa_product-usage-usage-interieur-fr","15":"pa_table-height-cm-11150-cm-fr","17":"first","18":"instock","19":"sale","20":"taxable","21":"shipping-taxable","22":"purchasable","23":"product-type-simple"},"_links":{"self":[{"href":"https:\/\/horecacenter.com\/fr\/wp-json\/wp\/v2\/product\/118915","targetHints":{"allow":["GET"]}}],"collection":[{"href":"https:\/\/horecacenter.com\/fr\/wp-json\/wp\/v2\/product"}],"about":[{"href":"https:\/\/horecacenter.com\/fr\/wp-json\/wp\/v2\/types\/product"}],"replies":[{"embeddable":true,"href":"https:\/\/horecacenter.com\/fr\/wp-json\/wp\/v2\/comments?post=118915"}],"version-history":[{"count":1,"href":"https:\/\/horecacenter.com\/fr\/wp-json\/wp\/v2\/product\/118915\/revisions"}],"predecessor-version":[{"id":173558,"href":"https:\/\/horecacenter.com\/fr\/wp-json\/wp\/v2\/product\/118915\/revisions\/173558"}],"wp:featuredmedia":[{"embeddable":true,"href":"https:\/\/horecacenter.com\/fr\/wp-json\/wp\/v2\/media\/118909"}],"wp:attachment":[{"href":"https:\/\/horecacenter.com\/fr\/wp-json\/wp\/v2\/media?parent=118915"}],"wp:term":[{"taxonomy":"product_brand","embeddable":true,"href":"https:\/\/horecacenter.com\/fr\/wp-json\/wp\/v2\/product_brand?post=118915"},{"taxonomy":"product_cat","embeddable":true,"href":"https:\/\/horecacenter.com\/fr\/wp-json\/wp\/v2\/product_cat?post=118915"},{"taxonomy":"product_tag","embeddable":true,"href":"https:\/\/horecacenter.com\/fr\/wp-json\/wp\/v2\/product_tag?post=118915"}],"curies":[{"name":"wp","href":"https:\/\/api.w.org\/{rel}","templated":true}]}}

<p><i class="fas fa-check-circle description-icon-green" aria-hidden="true"></i><span style="color: #ff6600;"> Les tables ne sont pas assemblées.</span><br />
<i class="fas fa-check-circle description-icon-green" aria-hidden="true"></i><span style="color: #339966;"> Les plateaux de table ne sont pas pré-percés.</span><br />
<i class="fas fa-check-circle description-icon-green" aria-hidden="true"></i><span style="color: #ff6600;"> Les vis sont incluses si les plateaux de table sont commandés avec les pieds de table.</span><br />
<i class="fas fa-check-circle description-icon-green" aria-hidden="true"></i><span style="color: #339966;"> Le matériel nécessaire pour l’assemblage est inclus dans la boîte.</span></p>

<p>Les tables ne sont pas assemblées. Les plateaux de table ne sont pas pré-percés. Les vis sont incluses si les</p>
