{"id":130125,"date":"2025-01-21T10:55:01","date_gmt":"2025-01-21T10:55:01","guid":{"rendered":"https:\/\/horecacenter.com\/?post_type=product&#038;p=130125"},"modified":"2025-12-31T07:39:19","modified_gmt":"2025-12-31T07:39:19","slug":"plateau-de-table-rond-avec-cerclage-laiton-pour-cafe-restaurant-et-horeca-werzalit-noir-3-cm-depaisseur","status":"publish","type":"product","link":"https:\/\/horecacenter.com\/fr\/produit\/plateau-de-table-rond-avec-cerclage-laiton-pour-cafe-restaurant-et-horeca-werzalit-noir-3-cm-depaisseur\/","title":{"rendered":"Plateau de Table Rond Avec Cerclage Laiton Pour Caf\u00e9, Restaurant et Horeca &#8211; WERZALIT NOIR &#8211; 3 cm D&rsquo;\u00e9paisseur"},"content":{"rendered":"<p><span style=\"color: #000000\">Convient \u00e0 la terrasse, r\u00e9sistant \u00e0 la pluie.<\/span><\/p>\n<p><i class=\"fas fa-check-circle description-icon-green\" aria-hidden=\"true\"><\/i><span style=\"color: #339966\"> Les plateaux de table ne sont pas pr\u00e9-perc\u00e9s.<\/span><br \/>\n<i class=\"fas fa-check-circle description-icon-green\" aria-hidden=\"true\"><\/i><span style=\"color: #ff6600\"> Les vis sont incluses si les plateaux de table sont command\u00e9s avec les pieds de table.<\/span><\/p>\n","protected":false},"excerpt":{"rendered":"<p>Convient \u00e0 la terrasse, r\u00e9sistant \u00e0 la pluie. Les plateaux de table ne sont pas pr\u00e9-perc\u00e9s. Les vis sont incluses<\/p>\n","protected":false},"featured_media":132112,"comment_status":"closed","ping_status":"closed","template":"","meta":[],"product_brand":[],"product_cat":[10512,17073,9836],"product_tag":[13476,11007,11008,11012,11549],"class_list":{"0":"post-130125","1":"product","2":"type-product","3":"status-publish","4":"has-post-thumbnail","6":"product_cat-bientot-disponible","7":"product_cat-plateaux-de-table-de-terrasse-avec-laiton-chrome","8":"product_cat-dessus-de-tables-de-terrasse-werzalit-epaisseur-30-mm-exterieur","9":"product_tag-stylish","10":"product_tag-tafelblad","11":"product_tag-table-top","12":"product_tag-tischplatte","13":"product_tag-terras-2","14":"pa_dimension-r60o-cm-fr","15":"pa_dimension-r70o-cm-fr","16":"pa_frame-empilable-frame-fr","17":"pa_product-color-color-noir-fr","18":"pa_product-more-colors-oui-fr","19":"pa_product-more-dimensions-oui-fr","20":"pa_product-usage-usage-interieur-fr","21":"pa_product-usage-usage-exterieur-fr","23":"first","24":"instock","25":"sale","26":"taxable","27":"shipping-taxable","28":"purchasable","29":"product-type-variable","30":"hc-var-dimension"},"_links":{"self":[{"href":"https:\/\/horecacenter.com\/fr\/wp-json\/wp\/v2\/product\/130125","targetHints":{"allow":["GET"]}}],"collection":[{"href":"https:\/\/horecacenter.com\/fr\/wp-json\/wp\/v2\/product"}],"about":[{"href":"https:\/\/horecacenter.com\/fr\/wp-json\/wp\/v2\/types\/product"}],"replies":[{"embeddable":true,"href":"https:\/\/horecacenter.com\/fr\/wp-json\/wp\/v2\/comments?post=130125"}],"version-history":[{"count":1,"href":"https:\/\/horecacenter.com\/fr\/wp-json\/wp\/v2\/product\/130125\/revisions"}],"predecessor-version":[{"id":173408,"href":"https:\/\/horecacenter.com\/fr\/wp-json\/wp\/v2\/product\/130125\/revisions\/173408"}],"wp:featuredmedia":[{"embeddable":true,"href":"https:\/\/horecacenter.com\/fr\/wp-json\/wp\/v2\/media\/132112"}],"wp:attachment":[{"href":"https:\/\/horecacenter.com\/fr\/wp-json\/wp\/v2\/media?parent=130125"}],"wp:term":[{"taxonomy":"product_brand","embeddable":true,"href":"https:\/\/horecacenter.com\/fr\/wp-json\/wp\/v2\/product_brand?post=130125"},{"taxonomy":"product_cat","embeddable":true,"href":"https:\/\/horecacenter.com\/fr\/wp-json\/wp\/v2\/product_cat?post=130125"},{"taxonomy":"product_tag","embeddable":true,"href":"https:\/\/horecacenter.com\/fr\/wp-json\/wp\/v2\/product_tag?post=130125"}],"curies":[{"name":"wp","href":"https:\/\/api.w.org\/{rel}","templated":true}]}}

Plateau de Table Rond Avec Cerclage Laiton Pour Café, Restaurant et Horeca &#8211; WERZALIT NOIR &#8211; 3 cm D&rsquo;épaisseur

<p><span style="color: #000000">Convient à la terrasse, résistant à la pluie.</span></p>
<p><i class="fas fa-check-circle description-icon-green" aria-hidden="true"></i><span style="color: #339966"> Les plateaux de table ne sont pas pré-percés.</span><br />
<i class="fas fa-check-circle description-icon-green" aria-hidden="true"></i><span style="color: #ff6600"> Les vis sont incluses si les plateaux de table sont commandés avec les pieds de table.</span></p>

<p>Convient à la terrasse, résistant à la pluie. Les plateaux de table ne sont pas pré-percés. Les vis sont incluses</p>
