{"id":132741,"date":"2025-02-21T06:14:58","date_gmt":"2025-02-21T06:14:58","guid":{"rendered":"https:\/\/horecacenter.com\/?post_type=product&#038;p=132741"},"modified":"2026-03-25T06:21:39","modified_gmt":"2026-03-25T06:21:39","slug":"table-ronde-avec-cerclage-laiton-pour-cafe-restaurant-et-horeca-werzalit-pony-70-cm-b-320","status":"publish","type":"product","link":"https:\/\/horecacenter.com\/fr\/produit\/table-ronde-avec-cerclage-laiton-pour-cafe-restaurant-et-horeca-werzalit-pony-70-cm-b-320\/","title":{"rendered":"Table de Restaurant Ronde Avec Cerclage Laiton &#8211; WERZALIT PONY"},"content":{"rendered":"<p><i class=\"fas fa-check-circle description-icon-green\" aria-hidden=\"true\"><\/i><span style=\"color: #ff6600;\"> Les tables ne sont pas assembl\u00e9es.<\/span><br \/>\n<i class=\"fas fa-check-circle description-icon-green\" aria-hidden=\"true\"><\/i><span style=\"color: #339966;\"> Les plateaux de table ne sont pas pr\u00e9-perc\u00e9s.<\/span><br \/>\n<i class=\"fas fa-check-circle description-icon-green\" aria-hidden=\"true\"><\/i><span style=\"color: #ff6600;\"> Les vis sont incluses si les plateaux de table sont command\u00e9s avec les pieds de table.<\/span><br \/>\n<i class=\"fas fa-check-circle description-icon-green\" aria-hidden=\"true\"><\/i><span style=\"color: #339966;\"> Le mat\u00e9riel n\u00e9cessaire pour l\u2019assemblage est inclus dans la bo\u00eete.<\/span><\/p>\n","protected":false},"excerpt":{"rendered":"<p>Les tables ne sont pas assembl\u00e9es. Les plateaux de table ne sont pas pr\u00e9-perc\u00e9s. Les vis sont incluses si les<\/p>\n","protected":false},"featured_media":132739,"comment_status":"closed","ping_status":"closed","template":"","meta":[],"product_brand":[],"product_cat":[10440],"product_tag":[13462,13479,13463,13480,13464,13481,13465,13482,13466,13483,13467,13484,13468,13485,13470,13486,13471,13487,13472,13473,13474,13475,13476,13477,10738,13478],"class_list":{"0":"post-132741","1":"product","2":"type-product","3":"status-publish","4":"has-post-thumbnail","6":"product_cat-werzalit-tables-rondes-avec-assortiment-de-bagues-en-argent-or","7":"product_tag-duurzame-buitentafels","8":"product_tag-garden","9":"product_tag-stijlvolle","10":"product_tag-restaurant-terrace-tables","11":"product_tag-opklapbare-terrastafels","12":"product_tag-wetterfeste-terrassentische","13":"product_tag-modern-tuinmeubilair","14":"product_tag-nachhaltige-outdoor-tische","15":"product_tag-tuin","16":"product_tag-stilvolle","17":"product_tag-restaurant-terrastafels","18":"product_tag-klappbare-terrassentische","19":"product_tag-tables-de-terrasse-r-sistantes-aux-intemp-ries","20":"product_tag-moderne-gartenm-bel","21":"product_tag-tables-de-terrasse-pliantes-l-gantes","22":"product_tag-garten","23":"product_tag-mobilier-de-jardin-moderne","24":"product_tag-restaurant-terrassentische","25":"product_tag-jardin","26":"product_tag-tables-de-terrasse-de-restaurant","27":"product_tag-weatherproof-terrace-tables","28":"product_tag-sustainable-outdoor-tables","29":"product_tag-stylish","30":"product_tag-folding-terrace-tables","31":"product_tag-terrastafels-2","32":"product_tag-modern-garden-furniture","33":"pa_product-frame-color-noir-framecolor-fr","34":"pa_product-more-colors-oui-fr","35":"pa_product-more-dimensions-oui-fr","36":"pa_product-seats-2-seats-fr","37":"pa_product-tabletop-color-aspect-bois-tabletop-color-fr","38":"pa_product-usage-usage-interieur-fr","40":"first","41":"instock","42":"sale","43":"taxable","44":"shipping-taxable","45":"purchasable","46":"product-type-simple"},"_links":{"self":[{"href":"https:\/\/horecacenter.com\/fr\/wp-json\/wp\/v2\/product\/132741","targetHints":{"allow":["GET"]}}],"collection":[{"href":"https:\/\/horecacenter.com\/fr\/wp-json\/wp\/v2\/product"}],"about":[{"href":"https:\/\/horecacenter.com\/fr\/wp-json\/wp\/v2\/types\/product"}],"replies":[{"embeddable":true,"href":"https:\/\/horecacenter.com\/fr\/wp-json\/wp\/v2\/comments?post=132741"}],"version-history":[{"count":2,"href":"https:\/\/horecacenter.com\/fr\/wp-json\/wp\/v2\/product\/132741\/revisions"}],"predecessor-version":[{"id":188641,"href":"https:\/\/horecacenter.com\/fr\/wp-json\/wp\/v2\/product\/132741\/revisions\/188641"}],"wp:featuredmedia":[{"embeddable":true,"href":"https:\/\/horecacenter.com\/fr\/wp-json\/wp\/v2\/media\/132739"}],"wp:attachment":[{"href":"https:\/\/horecacenter.com\/fr\/wp-json\/wp\/v2\/media?parent=132741"}],"wp:term":[{"taxonomy":"product_brand","embeddable":true,"href":"https:\/\/horecacenter.com\/fr\/wp-json\/wp\/v2\/product_brand?post=132741"},{"taxonomy":"product_cat","embeddable":true,"href":"https:\/\/horecacenter.com\/fr\/wp-json\/wp\/v2\/product_cat?post=132741"},{"taxonomy":"product_tag","embeddable":true,"href":"https:\/\/horecacenter.com\/fr\/wp-json\/wp\/v2\/product_tag?post=132741"}],"curies":[{"name":"wp","href":"https:\/\/api.w.org\/{rel}","templated":true}]}}

<p><i class="fas fa-check-circle description-icon-green" aria-hidden="true"></i><span style="color: #ff6600;"> Les tables ne sont pas assemblées.</span><br />
<i class="fas fa-check-circle description-icon-green" aria-hidden="true"></i><span style="color: #339966;"> Les plateaux de table ne sont pas pré-percés.</span><br />
<i class="fas fa-check-circle description-icon-green" aria-hidden="true"></i><span style="color: #ff6600;"> Les vis sont incluses si les plateaux de table sont commandés avec les pieds de table.</span><br />
<i class="fas fa-check-circle description-icon-green" aria-hidden="true"></i><span style="color: #339966;"> Le matériel nécessaire pour l’assemblage est inclus dans la boîte.</span></p>

<p>Les tables ne sont pas assemblées. Les plateaux de table ne sont pas pré-percés. Les vis sont incluses si les</p>
