{"id":132859,"date":"2025-02-21T07:15:45","date_gmt":"2025-02-21T07:15:45","guid":{"rendered":"https:\/\/horecacenter.com\/?post_type=product&#038;p=132859"},"modified":"2026-03-24T10:17:45","modified_gmt":"2026-03-24T10:17:45","slug":"table-de-terrasse-ronde-pliable-avec-cerclage-chrome-pour-cafe-restaurant-et-horeca-werzalit-brownie-marble-60-cm-a-srd","status":"publish","type":"product","link":"https:\/\/horecacenter.com\/fr\/produit\/table-de-terrasse-ronde-pliable-avec-cerclage-chrome-pour-cafe-restaurant-et-horeca-werzalit-brownie-marble-60-cm-a-srd\/","title":{"rendered":"Table Ronde Pliable Avec Cerclage Chrome Pour Terrasse de Restaurant &#8211; WERZALIT BROWNIE MARBLE &#8211; \u00d860 cm"},"content":{"rendered":"<p><span style=\"color: #000000;\">Convient \u00e0 la terrasse, r\u00e9sistant \u00e0 la pluie.<\/span><\/p>\n<p><i class=\"fas fa-check-circle description-icon-green\" aria-hidden=\"true\"><\/i><span style=\"color: #ff6600;\"> Les tables ne sont pas assembl\u00e9es.<\/span><br \/>\n<i class=\"fas fa-check-circle description-icon-green\" aria-hidden=\"true\"><\/i><span style=\"color: #339966;\"> Les plateaux de table ne sont pas pr\u00e9-perc\u00e9s.<\/span><br \/>\n<i class=\"fas fa-check-circle description-icon-green\" aria-hidden=\"true\"><\/i><span style=\"color: #ff6600;\"> Les vis sont incluses si les plateaux de table sont command\u00e9s avec les pieds de table.<\/span><br \/>\n<i class=\"fas fa-check-circle description-icon-green\" aria-hidden=\"true\"><\/i><span style=\"color: #339966;\"> Le mat\u00e9riel n\u00e9cessaire pour l\u2019assemblage est inclus dans la bo\u00eete.<\/span><\/p>\n","protected":false},"excerpt":{"rendered":"<p>Convient \u00e0 la terrasse, r\u00e9sistant \u00e0 la pluie. Les tables ne sont pas assembl\u00e9es. Les plateaux de table ne sont<\/p>\n","protected":false},"featured_media":185533,"comment_status":"closed","ping_status":"closed","template":"","meta":[],"product_brand":[],"product_cat":[10440,10360,9924],"product_tag":[13465,13482,13466,13483,13467,13484,13468,13485,13470,13486,13471,13487,13472,13473,13474,13475,13476,13477,10738,13478,13462,13479,13463,13480,13464,13481],"class_list":{"0":"post-132859","1":"product","2":"type-product","3":"status-publish","4":"has-post-thumbnail","6":"product_cat-werzalit-tables-rondes-avec-assortiment-de-bagues-en-argent-or","7":"product_cat-tables-pliantes","8":"product_cat-werzalit-table-ronde-avec-assortiment-de-bagues-en-argent","9":"product_tag-modern-tuinmeubilair","10":"product_tag-nachhaltige-outdoor-tische","11":"product_tag-tuin","12":"product_tag-stilvolle","13":"product_tag-restaurant-terrastafels","14":"product_tag-klappbare-terrassentische","15":"product_tag-tables-de-terrasse-r-sistantes-aux-intemp-ries","16":"product_tag-moderne-gartenm-bel","17":"product_tag-tables-de-terrasse-pliantes-l-gantes","18":"product_tag-garten","19":"product_tag-mobilier-de-jardin-moderne","20":"product_tag-restaurant-terrassentische","21":"product_tag-jardin","22":"product_tag-tables-de-terrasse-de-restaurant","23":"product_tag-weatherproof-terrace-tables","24":"product_tag-sustainable-outdoor-tables","25":"product_tag-stylish","26":"product_tag-folding-terrace-tables","27":"product_tag-terrastafels-2","28":"product_tag-modern-garden-furniture","29":"product_tag-duurzame-buitentafels","30":"product_tag-garden","31":"product_tag-stijlvolle","32":"product_tag-restaurant-terrace-tables","33":"product_tag-opklapbare-terrastafels","34":"product_tag-wetterfeste-terrassentische","35":"pa_frame-non-empilable-frame-fr","36":"pa_product-frame-color-noir-framecolor-fr","37":"pa_product-more-colors-oui-fr","38":"pa_product-more-dimensions-oui-fr","39":"pa_product-seats-2-seats-fr","40":"pa_product-tabletop-color-brun-tabletop-color-fr","41":"pa_product-tabletop-color-multicolore-tabletop-color-fr","42":"pa_product-usage-usage-interieur-fr","43":"pa_product-usage-usage-exterieur-fr","45":"first","46":"instock","47":"sale","48":"taxable","49":"shipping-taxable","50":"purchasable","51":"product-type-simple"},"_links":{"self":[{"href":"https:\/\/horecacenter.com\/fr\/wp-json\/wp\/v2\/product\/132859","targetHints":{"allow":["GET"]}}],"collection":[{"href":"https:\/\/horecacenter.com\/fr\/wp-json\/wp\/v2\/product"}],"about":[{"href":"https:\/\/horecacenter.com\/fr\/wp-json\/wp\/v2\/types\/product"}],"replies":[{"embeddable":true,"href":"https:\/\/horecacenter.com\/fr\/wp-json\/wp\/v2\/comments?post=132859"}],"version-history":[{"count":3,"href":"https:\/\/horecacenter.com\/fr\/wp-json\/wp\/v2\/product\/132859\/revisions"}],"predecessor-version":[{"id":190963,"href":"https:\/\/horecacenter.com\/fr\/wp-json\/wp\/v2\/product\/132859\/revisions\/190963"}],"wp:featuredmedia":[{"embeddable":true,"href":"https:\/\/horecacenter.com\/fr\/wp-json\/wp\/v2\/media\/185533"}],"wp:attachment":[{"href":"https:\/\/horecacenter.com\/fr\/wp-json\/wp\/v2\/media?parent=132859"}],"wp:term":[{"taxonomy":"product_brand","embeddable":true,"href":"https:\/\/horecacenter.com\/fr\/wp-json\/wp\/v2\/product_brand?post=132859"},{"taxonomy":"product_cat","embeddable":true,"href":"https:\/\/horecacenter.com\/fr\/wp-json\/wp\/v2\/product_cat?post=132859"},{"taxonomy":"product_tag","embeddable":true,"href":"https:\/\/horecacenter.com\/fr\/wp-json\/wp\/v2\/product_tag?post=132859"}],"curies":[{"name":"wp","href":"https:\/\/api.w.org\/{rel}","templated":true}]}}

Table Ronde Pliable Avec Cerclage Chrome Pour Terrasse de Restaurant &#8211; WERZALIT BROWNIE MARBLE &#8211; Ø60 cm

<p><span style="color: #000000;">Convient à la terrasse, résistant à la pluie.</span></p>
<p><i class="fas fa-check-circle description-icon-green" aria-hidden="true"></i><span style="color: #ff6600;"> Les tables ne sont pas assemblées.</span><br />
<i class="fas fa-check-circle description-icon-green" aria-hidden="true"></i><span style="color: #339966;"> Les plateaux de table ne sont pas pré-percés.</span><br />
<i class="fas fa-check-circle description-icon-green" aria-hidden="true"></i><span style="color: #ff6600;"> Les vis sont incluses si les plateaux de table sont commandés avec les pieds de table.</span><br />
<i class="fas fa-check-circle description-icon-green" aria-hidden="true"></i><span style="color: #339966;"> Le matériel nécessaire pour l’assemblage est inclus dans la boîte.</span></p>

<p>Convient à la terrasse, résistant à la pluie. Les tables ne sont pas assemblées. Les plateaux de table ne sont</p>
