{"id":133272,"date":"2025-02-21T14:31:00","date_gmt":"2025-02-21T14:31:00","guid":{"rendered":"https:\/\/horecacenter.com\/?post_type=product&#038;p=133272"},"modified":"2026-03-24T09:56:24","modified_gmt":"2026-03-24T09:56:24","slug":"table-de-terrasse-ronde-avec-cerclage-laiton-pour-cafe-restaurant-et-horeca-werzalit-indian-wood-70-cm-a-8001","status":"publish","type":"product","link":"https:\/\/horecacenter.com\/fr\/produit\/table-de-terrasse-ronde-avec-cerclage-laiton-pour-cafe-restaurant-et-horeca-werzalit-indian-wood-70-cm-a-8001\/","title":{"rendered":"Table Pour Terrasse de Restaurant Ronde Avec Cerclage Laiton &#8211; WERZALIT INDIAN WOOD &#8211; \u00d870 cm"},"content":{"rendered":"<p><span style=\"color: #000000;\">Convient \u00e0 la terrasse, r\u00e9sistant \u00e0 la pluie.<\/span><\/p>\n<p><i class=\"fas fa-check-circle description-icon-green\" aria-hidden=\"true\"><\/i><span style=\"color: #ff6600;\"> Les tables ne sont pas assembl\u00e9es.<\/span><br \/>\n<i class=\"fas fa-check-circle description-icon-green\" aria-hidden=\"true\"><\/i><span style=\"color: #339966;\"> Les plateaux de table ne sont pas pr\u00e9-perc\u00e9s.<\/span><br \/>\n<i class=\"fas fa-check-circle description-icon-green\" aria-hidden=\"true\"><\/i><span style=\"color: #ff6600;\"> Les vis sont incluses si les plateaux de table sont command\u00e9s avec les pieds de table.<\/span><br \/>\n<i class=\"fas fa-check-circle description-icon-green\" aria-hidden=\"true\"><\/i><span style=\"color: #339966;\"> Le mat\u00e9riel n\u00e9cessaire pour l\u2019assemblage est inclus dans la bo\u00eete.<\/span><\/p>\n","protected":false},"excerpt":{"rendered":"<p>Convient \u00e0 la terrasse, r\u00e9sistant \u00e0 la pluie. Les tables ne sont pas assembl\u00e9es. Les plateaux de table ne sont<\/p>\n","protected":false},"featured_media":133269,"comment_status":"closed","ping_status":"closed","template":"","meta":[],"product_brand":[],"product_cat":[10440,9924],"product_tag":[13468,13485,13470,13486,13471,13487,13472,13473,13474,13475,13476,13477,10738,13478,13462,13479,13463,13480,13464,13481,13465,13482,13466,13483,13467,13484],"class_list":{"0":"post-133272","1":"product","2":"type-product","3":"status-publish","4":"has-post-thumbnail","6":"product_cat-werzalit-tables-rondes-avec-assortiment-de-bagues-en-argent-or","7":"product_cat-werzalit-table-ronde-avec-assortiment-de-bagues-en-argent","8":"product_tag-tables-de-terrasse-r-sistantes-aux-intemp-ries","9":"product_tag-moderne-gartenm-bel","10":"product_tag-tables-de-terrasse-pliantes-l-gantes","11":"product_tag-garten","12":"product_tag-mobilier-de-jardin-moderne","13":"product_tag-restaurant-terrassentische","14":"product_tag-jardin","15":"product_tag-tables-de-terrasse-de-restaurant","16":"product_tag-weatherproof-terrace-tables","17":"product_tag-sustainable-outdoor-tables","18":"product_tag-stylish","19":"product_tag-folding-terrace-tables","20":"product_tag-terrastafels-2","21":"product_tag-modern-garden-furniture","22":"product_tag-duurzame-buitentafels","23":"product_tag-garden","24":"product_tag-stijlvolle","25":"product_tag-restaurant-terrace-tables","26":"product_tag-opklapbare-terrastafels","27":"product_tag-wetterfeste-terrassentische","28":"product_tag-modern-tuinmeubilair","29":"product_tag-nachhaltige-outdoor-tische","30":"product_tag-tuin","31":"product_tag-stilvolle","32":"product_tag-restaurant-terrastafels","33":"product_tag-klappbare-terrassentische","34":"pa_frame-non-empilable-frame-fr","35":"pa_product-frame-color-noir-framecolor-fr","36":"pa_product-more-colors-oui-fr","37":"pa_product-more-dimensions-oui-fr","38":"pa_product-seats-2-seats-fr","39":"pa_product-tabletop-color-aspect-bois-tabletop-color-fr","40":"pa_product-usage-usage-interieur-fr","41":"pa_product-usage-usage-exterieur-fr","43":"first","44":"outofstock","45":"sale","46":"taxable","47":"shipping-taxable","48":"purchasable","49":"product-type-simple"},"_links":{"self":[{"href":"https:\/\/horecacenter.com\/fr\/wp-json\/wp\/v2\/product\/133272","targetHints":{"allow":["GET"]}}],"collection":[{"href":"https:\/\/horecacenter.com\/fr\/wp-json\/wp\/v2\/product"}],"about":[{"href":"https:\/\/horecacenter.com\/fr\/wp-json\/wp\/v2\/types\/product"}],"replies":[{"embeddable":true,"href":"https:\/\/horecacenter.com\/fr\/wp-json\/wp\/v2\/comments?post=133272"}],"version-history":[{"count":2,"href":"https:\/\/horecacenter.com\/fr\/wp-json\/wp\/v2\/product\/133272\/revisions"}],"predecessor-version":[{"id":187967,"href":"https:\/\/horecacenter.com\/fr\/wp-json\/wp\/v2\/product\/133272\/revisions\/187967"}],"wp:featuredmedia":[{"embeddable":true,"href":"https:\/\/horecacenter.com\/fr\/wp-json\/wp\/v2\/media\/133269"}],"wp:attachment":[{"href":"https:\/\/horecacenter.com\/fr\/wp-json\/wp\/v2\/media?parent=133272"}],"wp:term":[{"taxonomy":"product_brand","embeddable":true,"href":"https:\/\/horecacenter.com\/fr\/wp-json\/wp\/v2\/product_brand?post=133272"},{"taxonomy":"product_cat","embeddable":true,"href":"https:\/\/horecacenter.com\/fr\/wp-json\/wp\/v2\/product_cat?post=133272"},{"taxonomy":"product_tag","embeddable":true,"href":"https:\/\/horecacenter.com\/fr\/wp-json\/wp\/v2\/product_tag?post=133272"}],"curies":[{"name":"wp","href":"https:\/\/api.w.org\/{rel}","templated":true}]}}

Table Pour Terrasse de Restaurant Ronde Avec Cerclage Laiton &#8211; WERZALIT INDIAN WOOD &#8211; Ø70 cm

<p><span style="color: #000000;">Convient à la terrasse, résistant à la pluie.</span></p>
<p><i class="fas fa-check-circle description-icon-green" aria-hidden="true"></i><span style="color: #ff6600;"> Les tables ne sont pas assemblées.</span><br />
<i class="fas fa-check-circle description-icon-green" aria-hidden="true"></i><span style="color: #339966;"> Les plateaux de table ne sont pas pré-percés.</span><br />
<i class="fas fa-check-circle description-icon-green" aria-hidden="true"></i><span style="color: #ff6600;"> Les vis sont incluses si les plateaux de table sont commandés avec les pieds de table.</span><br />
<i class="fas fa-check-circle description-icon-green" aria-hidden="true"></i><span style="color: #339966;"> Le matériel nécessaire pour l’assemblage est inclus dans la boîte.</span></p>

<p>Convient à la terrasse, résistant à la pluie. Les tables ne sont pas assemblées. Les plateaux de table ne sont</p>
