{"id":148303,"date":"2025-09-06T06:36:27","date_gmt":"2025-09-06T06:36:27","guid":{"rendered":"https:\/\/horecacenter.com\/?post_type=product&#038;p=148303"},"modified":"2026-01-03T07:01:04","modified_gmt":"2026-01-03T07:01:04","slug":"banquette-de-cafe-restaurant-et-horeca-safran-simili-cuir-caramel","status":"publish","type":"product","link":"https:\/\/horecacenter.com\/fr\/produit\/banquette-de-cafe-restaurant-et-horeca-safran-simili-cuir-caramel\/","title":{"rendered":"Banquette de Restaurant &#8211; SAFRAN &#8211; Simili Cuir Caramel"},"content":{"rendered":"<p><span style=\"color: #000000;\">Le canap\u00e9 Safran est l&rsquo;un de nos canap\u00e9s populaires qui est id\u00e9al pour votre int\u00e9rieur gr\u00e2ce \u00e0 son aspect \u00e9l\u00e9gant. Ce Canap\u00e9 est tr\u00e8s confortable et robuste, facile \u00e0 combiner et utilisable pendant des ann\u00e9es. <\/span><span style=\"color: #000000;\">Il est recouvert de cuir synth\u00e9tique de qualit\u00e9 sup\u00e9rieure facile d&rsquo;entretien. <\/span><span style=\"color: #000000;\">Il convient \u00e0 tous les \u00e9tablissements de restauration et avec sa largeur de 120 cm offre un espace pour deux personnes. <\/span><span style=\"color: #000000;\">Le canap\u00e9 Safran est livr\u00e9 avec une base en MDF weng\u00e9 et avec un clou de glissement en plastique standard au bas.<\/span><\/p>\n<p><span style=\"color: #000000;\">Attention ! Les dimensions des banquettes sont susceptibles de varier de 1 \u00e0 2 cm selon le mat\u00e9riel utilis\u00e9.<\/span><\/p>\n","protected":false},"excerpt":{"rendered":"<p>Le canap\u00e9 Safran est l&rsquo;un de nos canap\u00e9s populaires qui est id\u00e9al pour votre int\u00e9rieur gr\u00e2ce \u00e0 son aspect \u00e9l\u00e9gant.<\/p>\n","protected":false},"featured_media":183962,"comment_status":"closed","ping_status":"closed","template":"","meta":[],"product_brand":[],"product_cat":[9752],"product_tag":[10664,10665,10927,10535,10540,10610,10660],"class_list":{"0":"post-148303","1":"product","2":"type-product","3":"status-publish","4":"has-post-thumbnail","6":"product_cat-safran-banquettes","7":"product_tag-restaurant-furniture","8":"product_tag-restaurant-m-bel","9":"product_tag-restaurant-inrichting","10":"product_tag-horeca-m-bel","11":"product_tag-horeca-furniture","12":"product_tag-meubles-horeca","13":"product_tag-restaurant-meubelen","14":"pa_dimension-120cm-fr","15":"pa_dimension-140cm-fr","16":"pa_dimension-150cm-fr","17":"pa_dimension-160cm-fr","18":"pa_dimension-180cm-fr","19":"pa_dimension-200cm-fr","20":"pa_product-color-color-caramel-fr-fr","21":"pa_product-frame-color-wenge-frame-color-fr","22":"pa_product-more-colors-oui-fr","23":"pa_product-seat-height-cm-47-seat-height-cm-fr","24":"pa_product-upholstery-upholstery-simili-cuir-fr","25":"pa_product-usage-usage-interieur-fr","27":"first","28":"onbackorder","29":"sale","30":"taxable","31":"shipping-taxable","32":"purchasable","33":"product-type-variable","34":"hc-var-dimension"},"_links":{"self":[{"href":"https:\/\/horecacenter.com\/fr\/wp-json\/wp\/v2\/product\/148303","targetHints":{"allow":["GET"]}}],"collection":[{"href":"https:\/\/horecacenter.com\/fr\/wp-json\/wp\/v2\/product"}],"about":[{"href":"https:\/\/horecacenter.com\/fr\/wp-json\/wp\/v2\/types\/product"}],"replies":[{"embeddable":true,"href":"https:\/\/horecacenter.com\/fr\/wp-json\/wp\/v2\/comments?post=148303"}],"version-history":[{"count":1,"href":"https:\/\/horecacenter.com\/fr\/wp-json\/wp\/v2\/product\/148303\/revisions"}],"predecessor-version":[{"id":175277,"href":"https:\/\/horecacenter.com\/fr\/wp-json\/wp\/v2\/product\/148303\/revisions\/175277"}],"wp:featuredmedia":[{"embeddable":true,"href":"https:\/\/horecacenter.com\/fr\/wp-json\/wp\/v2\/media\/183962"}],"wp:attachment":[{"href":"https:\/\/horecacenter.com\/fr\/wp-json\/wp\/v2\/media?parent=148303"}],"wp:term":[{"taxonomy":"product_brand","embeddable":true,"href":"https:\/\/horecacenter.com\/fr\/wp-json\/wp\/v2\/product_brand?post=148303"},{"taxonomy":"product_cat","embeddable":true,"href":"https:\/\/horecacenter.com\/fr\/wp-json\/wp\/v2\/product_cat?post=148303"},{"taxonomy":"product_tag","embeddable":true,"href":"https:\/\/horecacenter.com\/fr\/wp-json\/wp\/v2\/product_tag?post=148303"}],"curies":[{"name":"wp","href":"https:\/\/api.w.org\/{rel}","templated":true}]}}

<p><span style="color: #000000;">Le canapé Safran est l&rsquo;un de nos canapés populaires qui est idéal pour votre intérieur grâce à son aspect élégant. Ce Canapé est très confortable et robuste, facile à combiner et utilisable pendant des années. </span><span style="color: #000000;">Il est recouvert de cuir synthétique de qualité supérieure facile d&rsquo;entretien. </span><span style="color: #000000;">Il convient à tous les établissements de restauration et avec sa largeur de 120 cm offre un espace pour deux personnes. </span><span style="color: #000000;">Le canapé Safran est livré avec une base en MDF wengé et avec un clou de glissement en plastique standard au bas.</span></p>
<p><span style="color: #000000;">Attention ! Les dimensions des banquettes sont susceptibles de varier de 1 à 2 cm selon le matériel utilisé.</span></p>

<p>Le canapé Safran est l&rsquo;un de nos canapés populaires qui est idéal pour votre intérieur grâce à son aspect élégant.</p>
