{"id":178287,"date":"2026-01-22T13:39:33","date_gmt":"2026-01-22T13:39:33","guid":{"rendered":"https:\/\/horecacenter.com\/?post_type=product&#038;p=178287"},"modified":"2026-02-14T10:14:25","modified_gmt":"2026-02-14T10:14:25","slug":"table-de-restaurant-haute-en-bois-de-manguier-avec-pied-70x70-hauteur-113-cm-mocca","status":"publish","type":"product","link":"https:\/\/horecacenter.com\/fr\/produit\/table-de-restaurant-haute-en-bois-de-manguier-avec-pied-70x70-hauteur-113-cm-mocca\/","title":{"rendered":"Table de Restaurant Haute en Bois de Manguier Avec Pied &#8211; 70&#215;70 &#8211; Hauteur 113 cm"},"content":{"rendered":"<p><span style=\"color: #000000;\">La table a une surface en bois de manguier, combin\u00e9 avec un pied en m\u00e9tal noir. Les meubles ont de nombreuses nuances de couleurs, ce qui leur donne un aspect tr\u00e8s vivant et cr\u00e9e beaucoup d&rsquo;ambiance ! Cet article est fait \u00e0 la main. Chaque article est unique. Les irr\u00e9gularit\u00e9s de forme et de couleur t\u00e9moignent du caract\u00e8re\u00a0individuel.<\/span><\/p>\n<p><i class=\"fas fa-check-circle description-icon-green\" aria-hidden=\"true\"><\/i><span style=\"color: #ff6600;\"> Les tables ne sont pas assembl\u00e9es.<\/span><br \/>\n<i class=\"fas fa-check-circle description-icon-green\" aria-hidden=\"true\"><\/i><span style=\"color: #339966;\"> Les plateaux de table ne sont pas pr\u00e9-perc\u00e9s.<\/span><br \/>\n<i class=\"fas fa-check-circle description-icon-green\" aria-hidden=\"true\"><\/i><span style=\"color: #ff6600;\"> Les vis sont incluses si les plateaux de table sont command\u00e9s avec les pieds de table.<\/span><br \/>\n<i class=\"fas fa-check-circle description-icon-green\" aria-hidden=\"true\"><\/i><span style=\"color: #339966;\"> Le mat\u00e9riel n\u00e9cessaire pour l\u2019assemblage est inclus dans la bo\u00eete.<\/span><\/p>\n","protected":false},"excerpt":{"rendered":"<p>La table a une surface en bois de manguier, combin\u00e9 avec un pied en m\u00e9tal noir. Les meubles ont de<\/p>\n","protected":false},"featured_media":181854,"comment_status":"open","ping_status":"closed","template":"","meta":[],"product_brand":[],"product_cat":[18004,10276],"product_tag":[10729,10731,10732,10737,10744,10746,10747,10748,10787,11006,11013,10660,12508,10663,13108,10664,10665,10666],"class_list":{"0":"post-178287","1":"product","2":"type-product","3":"status-publish","4":"has-post-thumbnail","6":"product_cat-mango-mocca-assortiment-de-table","7":"product_cat-tables-hautes-mange-debout","8":"product_tag-horeca-tafels","9":"product_tag-tables-horeca","10":"product_tag-horeca-tables","11":"product_tag-horeca-tische","12":"product_tag-tafel-onderstel","13":"product_tag-tables-de-restaurant","14":"product_tag-pied-de-table","15":"product_tag-restaurant-tables","16":"product_tag-table-2","17":"product_tag-tafel","18":"product_tag-tisch","19":"product_tag-restaurant-meubelen","20":"product_tag-restaurant-tische","21":"product_tag-meubles-de-restaurant","22":"product_tag-restauranttafels","23":"product_tag-restaurant-furniture","24":"product_tag-restaurant-m-bel","25":"product_tag-table-base","26":"pa_product-frame-color-noir-framecolor-fr","27":"pa_product-more-colors-oui-fr","28":"pa_product-more-dimensions-oui-fr","29":"pa_product-seats-2-seats-fr","30":"pa_product-tabletop-color-mocca-tabletop-color-fr","31":"pa_product-usage-usage-interieur-fr","32":"pa_table-height-cm-111-cm-fr","34":"first","35":"outofstock","36":"sale","37":"taxable","38":"shipping-taxable","39":"purchasable","40":"product-type-simple"},"_links":{"self":[{"href":"https:\/\/horecacenter.com\/fr\/wp-json\/wp\/v2\/product\/178287","targetHints":{"allow":["GET"]}}],"collection":[{"href":"https:\/\/horecacenter.com\/fr\/wp-json\/wp\/v2\/product"}],"about":[{"href":"https:\/\/horecacenter.com\/fr\/wp-json\/wp\/v2\/types\/product"}],"replies":[{"embeddable":true,"href":"https:\/\/horecacenter.com\/fr\/wp-json\/wp\/v2\/comments?post=178287"}],"version-history":[{"count":2,"href":"https:\/\/horecacenter.com\/fr\/wp-json\/wp\/v2\/product\/178287\/revisions"}],"predecessor-version":[{"id":178293,"href":"https:\/\/horecacenter.com\/fr\/wp-json\/wp\/v2\/product\/178287\/revisions\/178293"}],"wp:featuredmedia":[{"embeddable":true,"href":"https:\/\/horecacenter.com\/fr\/wp-json\/wp\/v2\/media\/181854"}],"wp:attachment":[{"href":"https:\/\/horecacenter.com\/fr\/wp-json\/wp\/v2\/media?parent=178287"}],"wp:term":[{"taxonomy":"product_brand","embeddable":true,"href":"https:\/\/horecacenter.com\/fr\/wp-json\/wp\/v2\/product_brand?post=178287"},{"taxonomy":"product_cat","embeddable":true,"href":"https:\/\/horecacenter.com\/fr\/wp-json\/wp\/v2\/product_cat?post=178287"},{"taxonomy":"product_tag","embeddable":true,"href":"https:\/\/horecacenter.com\/fr\/wp-json\/wp\/v2\/product_tag?post=178287"}],"curies":[{"name":"wp","href":"https:\/\/api.w.org\/{rel}","templated":true}]}}

<p><span style="color: #000000;">La table a une surface en bois de manguier, combiné avec un pied en métal noir. Les meubles ont de nombreuses nuances de couleurs, ce qui leur donne un aspect très vivant et crée beaucoup d&rsquo;ambiance ! Cet article est fait à la main. Chaque article est unique. Les irrégularités de forme et de couleur témoignent du caractère individuel.</span></p>
<p><i class="fas fa-check-circle description-icon-green" aria-hidden="true"></i><span style="color: #ff6600;"> Les tables ne sont pas assemblées.</span><br />
<i class="fas fa-check-circle description-icon-green" aria-hidden="true"></i><span style="color: #339966;"> Les plateaux de table ne sont pas pré-percés.</span><br />
<i class="fas fa-check-circle description-icon-green" aria-hidden="true"></i><span style="color: #ff6600;"> Les vis sont incluses si les plateaux de table sont commandés avec les pieds de table.</span><br />
<i class="fas fa-check-circle description-icon-green" aria-hidden="true"></i><span style="color: #339966;"> Le matériel nécessaire pour l’assemblage est inclus dans la boîte.</span></p>

<p>La table a une surface en bois de manguier, combiné avec un pied en métal noir. Les meubles ont de</p>
