{"id":182504,"date":"2026-02-18T12:47:35","date_gmt":"2026-02-18T12:47:35","guid":{"rendered":"https:\/\/horecacenter.com\/?post_type=product&#038;p=182504"},"modified":"2026-03-18T11:57:16","modified_gmt":"2026-03-18T11:57:16","slug":"table-de-restaurant-ronde-avec-pied-dublin-k3-o60-cm","status":"publish","type":"product","link":"https:\/\/horecacenter.com\/fr\/produit\/table-de-restaurant-ronde-avec-pied-dublin-k3-o60-cm\/","title":{"rendered":"Table de Restaurant Ronde Avec Pied &#8211; DUBLIN K3 &#8211; \u00d860 cm"},"content":{"rendered":"<p><i class=\"fas fa-check-circle description-icon-green\" aria-hidden=\"true\"><\/i><span style=\"color: #ff6600;\"> Les tables ne sont pas assembl\u00e9es.<\/span><br \/>\n<i class=\"fas fa-check-circle description-icon-green\" aria-hidden=\"true\"><\/i><span style=\"color: #339966;\"> Les plateaux de table ne sont pas pr\u00e9-perc\u00e9s.<\/span><br \/>\n<i class=\"fas fa-check-circle description-icon-green\" aria-hidden=\"true\"><\/i><span style=\"color: #ff6600;\"> Les vis sont incluses si les plateaux de table sont command\u00e9s avec les pieds de table.<\/span><br \/>\n<i class=\"fas fa-check-circle description-icon-green\" aria-hidden=\"true\"><\/i><span style=\"color: #339966;\"> Le mat\u00e9riel n\u00e9cessaire pour l\u2019assemblage est inclus dans la bo\u00eete.<\/span><\/p>\n","protected":false},"excerpt":{"rendered":"<p>Les tables ne sont pas assembl\u00e9es. Les plateaux de table ne sont pas pr\u00e9-perc\u00e9s. Les vis sont incluses si les<\/p>\n","protected":false},"featured_media":182506,"comment_status":"open","ping_status":"closed","template":"","meta":[],"product_brand":[],"product_cat":[10024],"product_tag":[10665,10666,10727,10729,10730,10731,10732,10733,10737,10744,10660,10663,10664],"class_list":{"0":"post-182504","1":"product","2":"type-product","3":"status-publish","4":"has-post-thumbnail","6":"product_cat-dublin-k3-assortiment-de-table","7":"product_tag-restaurant-m-bel","8":"product_tag-table-base","9":"product_tag-tafels-3","10":"product_tag-horeca-tafels","11":"product_tag-tables-5","12":"product_tag-tables-horeca","13":"product_tag-horeca-tables","14":"product_tag-tische-3","15":"product_tag-horeca-tische","16":"product_tag-tafel-onderstel","17":"product_tag-restaurant-meubelen","18":"product_tag-meubles-de-restaurant","19":"product_tag-restaurant-furniture","20":"pa_product-frame-color-noir-framecolor-fr","21":"pa_product-more-colors-oui-fr","22":"pa_product-more-dimensions-oui-fr","23":"pa_product-seats-2-seats-fr","24":"pa_product-tabletop-color-aspect-bois-tabletop-color-fr","25":"pa_product-usage-usage-interieur-fr","26":"pa_table-height-cm-7750-cm-fr","28":"first","29":"instock","30":"sale","31":"taxable","32":"shipping-taxable","33":"purchasable","34":"product-type-simple"},"_links":{"self":[{"href":"https:\/\/horecacenter.com\/fr\/wp-json\/wp\/v2\/product\/182504","targetHints":{"allow":["GET"]}}],"collection":[{"href":"https:\/\/horecacenter.com\/fr\/wp-json\/wp\/v2\/product"}],"about":[{"href":"https:\/\/horecacenter.com\/fr\/wp-json\/wp\/v2\/types\/product"}],"replies":[{"embeddable":true,"href":"https:\/\/horecacenter.com\/fr\/wp-json\/wp\/v2\/comments?post=182504"}],"version-history":[{"count":4,"href":"https:\/\/horecacenter.com\/fr\/wp-json\/wp\/v2\/product\/182504\/revisions"}],"predecessor-version":[{"id":190194,"href":"https:\/\/horecacenter.com\/fr\/wp-json\/wp\/v2\/product\/182504\/revisions\/190194"}],"wp:featuredmedia":[{"embeddable":true,"href":"https:\/\/horecacenter.com\/fr\/wp-json\/wp\/v2\/media\/182506"}],"wp:attachment":[{"href":"https:\/\/horecacenter.com\/fr\/wp-json\/wp\/v2\/media?parent=182504"}],"wp:term":[{"taxonomy":"product_brand","embeddable":true,"href":"https:\/\/horecacenter.com\/fr\/wp-json\/wp\/v2\/product_brand?post=182504"},{"taxonomy":"product_cat","embeddable":true,"href":"https:\/\/horecacenter.com\/fr\/wp-json\/wp\/v2\/product_cat?post=182504"},{"taxonomy":"product_tag","embeddable":true,"href":"https:\/\/horecacenter.com\/fr\/wp-json\/wp\/v2\/product_tag?post=182504"}],"curies":[{"name":"wp","href":"https:\/\/api.w.org\/{rel}","templated":true}]}}

Table de Restaurant Ronde Avec Pied &#8211; DUBLIN K3 &#8211; Ø60 cm

<p><i class="fas fa-check-circle description-icon-green" aria-hidden="true"></i><span style="color: #ff6600;"> Les tables ne sont pas assemblées.</span><br />
<i class="fas fa-check-circle description-icon-green" aria-hidden="true"></i><span style="color: #339966;"> Les plateaux de table ne sont pas pré-percés.</span><br />
<i class="fas fa-check-circle description-icon-green" aria-hidden="true"></i><span style="color: #ff6600;"> Les vis sont incluses si les plateaux de table sont commandés avec les pieds de table.</span><br />
<i class="fas fa-check-circle description-icon-green" aria-hidden="true"></i><span style="color: #339966;"> Le matériel nécessaire pour l’assemblage est inclus dans la boîte.</span></p>

<p>Les tables ne sont pas assemblées. Les plateaux de table ne sont pas pré-percés. Les vis sont incluses si les</p>
