{"id":69792,"date":"2012-07-27T12:51:48","date_gmt":"2012-07-27T12:51:48","guid":{"rendered":"https:\/\/horecacenter.com\/?post_type=product&#038;p=69792"},"modified":"2026-04-20T06:45:08","modified_gmt":"2026-04-20T06:45:08","slug":"banquette-de-cafe-restaurant-et-horeca-safran-d-angle","status":"publish","type":"product","link":"https:\/\/horecacenter.com\/fr\/produit\/banquette-de-cafe-restaurant-et-horeca-safran-d-angle\/","title":{"rendered":"Banquette d&rsquo;Angle de Restaurant &#8211; SAFRAN &#8211; Simili Cuir Noir"},"content":{"rendered":"<p><span style=\"color: #000000;\">Le canap\u00e9 Safran est l&rsquo;un de nos canap\u00e9s populaires qui est id\u00e9al pour votre int\u00e9rieur gr\u00e2ce \u00e0 son aspect \u00e9l\u00e9gant. Canap\u00e9 tr\u00e8s confortable et robuste, facile \u00e0 combiner et utilisable pendant des ann\u00e9es. Il convient \u00e0 tous les \u00e9tablissements de restauration. Fourni avec une base en MDF noir et un clou de glissement en plastique standard en bas.<\/span><\/p>\n<p><span style=\"color: #000000;\">Ce produit est \u00e9galement disponible sur-mesure jusqu&rsquo;\u00e0 200 cm, ainsi qu&rsquo;avec le choix de tissus et coloris.<\/span><\/p>\n<p><span style=\"color: #000000;\">Attention ! Les dimensions des banquettes sont susceptibles de varier de 1 \u00e0 2 cm selon le mat\u00e9riel utilis\u00e9.<\/span><\/p>\n","protected":false},"excerpt":{"rendered":"<p>Le canap\u00e9 Safran est l&rsquo;un de nos canap\u00e9s populaires qui est id\u00e9al pour votre int\u00e9rieur gr\u00e2ce \u00e0 son aspect \u00e9l\u00e9gant.<\/p>\n","protected":false},"featured_media":148361,"comment_status":"open","ping_status":"closed","template":"","meta":[],"product_brand":[],"product_cat":[9752],"product_tag":[10540,10549,10533,10534,10535],"class_list":{"0":"post-69792","1":"product","2":"type-product","3":"status-publish","4":"has-post-thumbnail","6":"product_cat-safran-banquettes","7":"product_tag-horeca-furniture","8":"product_tag-nightlock-bank","9":"product_tag-horeca-meubelen","10":"product_tag-meuble-horeca","11":"product_tag-horeca-m-bel","12":"pa_product-color-color-noir-fr","13":"pa_product-frame-color-wenge-frame-color-fr","14":"pa_product-more-colors-oui-fr","15":"pa_product-more-dimensions-oui-fr","16":"pa_product-seat-height-cm-47-seat-height-cm-fr","17":"pa_product-seats-1-seats-fr","18":"pa_product-upholstery-upholstery-simili-cuir-fr","19":"pa_product-usage-usage-interieur-fr","21":"first","22":"instock","23":"sale","24":"taxable","25":"shipping-taxable","26":"purchasable","27":"product-type-simple"},"_links":{"self":[{"href":"https:\/\/horecacenter.com\/fr\/wp-json\/wp\/v2\/product\/69792","targetHints":{"allow":["GET"]}}],"collection":[{"href":"https:\/\/horecacenter.com\/fr\/wp-json\/wp\/v2\/product"}],"about":[{"href":"https:\/\/horecacenter.com\/fr\/wp-json\/wp\/v2\/types\/product"}],"replies":[{"embeddable":true,"href":"https:\/\/horecacenter.com\/fr\/wp-json\/wp\/v2\/comments?post=69792"}],"version-history":[{"count":1,"href":"https:\/\/horecacenter.com\/fr\/wp-json\/wp\/v2\/product\/69792\/revisions"}],"predecessor-version":[{"id":175156,"href":"https:\/\/horecacenter.com\/fr\/wp-json\/wp\/v2\/product\/69792\/revisions\/175156"}],"wp:featuredmedia":[{"embeddable":true,"href":"https:\/\/horecacenter.com\/fr\/wp-json\/wp\/v2\/media\/148361"}],"wp:attachment":[{"href":"https:\/\/horecacenter.com\/fr\/wp-json\/wp\/v2\/media?parent=69792"}],"wp:term":[{"taxonomy":"product_brand","embeddable":true,"href":"https:\/\/horecacenter.com\/fr\/wp-json\/wp\/v2\/product_brand?post=69792"},{"taxonomy":"product_cat","embeddable":true,"href":"https:\/\/horecacenter.com\/fr\/wp-json\/wp\/v2\/product_cat?post=69792"},{"taxonomy":"product_tag","embeddable":true,"href":"https:\/\/horecacenter.com\/fr\/wp-json\/wp\/v2\/product_tag?post=69792"}],"curies":[{"name":"wp","href":"https:\/\/api.w.org\/{rel}","templated":true}]}}

<p><span style="color: #000000;">Le canapé Safran est l&rsquo;un de nos canapés populaires qui est idéal pour votre intérieur grâce à son aspect élégant. Canapé très confortable et robuste, facile à combiner et utilisable pendant des années. Il convient à tous les établissements de restauration. Fourni avec une base en MDF noir et un clou de glissement en plastique standard en bas.</span></p>
<p><span style="color: #000000;">Ce produit est également disponible sur-mesure jusqu&rsquo;à 200 cm, ainsi qu&rsquo;avec le choix de tissus et coloris.</span></p>
<p><span style="color: #000000;">Attention ! Les dimensions des banquettes sont susceptibles de varier de 1 à 2 cm selon le matériel utilisé.</span></p>

<p>Le canapé Safran est l&rsquo;un de nos canapés populaires qui est idéal pour votre intérieur grâce à son aspect élégant.</p>
