{"id":70513,"date":"2012-08-13T01:58:44","date_gmt":"2012-08-13T01:58:44","guid":{"rendered":"https:\/\/horecacenter.com\/?post_type=product&#038;p=70513"},"modified":"2025-12-04T08:39:32","modified_gmt":"2025-12-04T08:39:32","slug":"table-de-terrasse-en-frene-de-cafe-restaurant-et-horeca-u428-60-cm","status":"publish","type":"product","link":"https:\/\/horecacenter.com\/fr\/produit\/table-de-terrasse-en-frene-de-cafe-restaurant-et-horeca-u428-60-cm\/","title":{"rendered":"Table De Terrasse En Fr\u00eane De Caf\u00e9, Restaurant Et Horeca &#8211; U428 &#8211; 60 Cm"},"content":{"rendered":"<div id=\"article-detail-title\">\n<p><span style=\"color: #000000;\">Le bois est un mat\u00e9riau naturel dont l&rsquo;aspect se d\u00e9t\u00e9riore lorsqu&rsquo;il est laiss\u00e9 \u00e0 l&rsquo;ext\u00e9rieur. Un rev\u00eatement de surface est essentiel pour le prot\u00e9ger des fissures\/\u00e9clatements pr\u00e9matur\u00e9s du bois lorsqu&rsquo;il est expos\u00e9 aux intemp\u00e9ries. La finition doit \u00eatre entretenue r\u00e9guli\u00e8rement pour s&rsquo;assurer que le bois est prot\u00e9g\u00e9 de l&rsquo;humidit\u00e9 et que le meuble reste \u00e0 son meilleur. Pour conserver l&rsquo;aspect du bois, les rev\u00eatements \u00e0 l&rsquo;huile de teck doivent \u00eatre appliqu\u00e9s r\u00e9guli\u00e8rement conform\u00e9ment aux instructions fournies avec l&rsquo;huile. La fr\u00e9quence d\u00e9pend des conditions m\u00e9t\u00e9orologiques. Nous vous recommandons d&rsquo;utiliser un parasol en position expos\u00e9e pour \u00e9viter que les huiles ne s\u00e8chent et s&rsquo;\u00e9caillent. Cela aide \u00e0 maintenir l&rsquo;apparence de la surface de la table. Pour conserver son aspect, ce meuble en bois doit \u00eatre prot\u00e9g\u00e9 des intemp\u00e9ries et stock\u00e9 \u00e0 l&rsquo;abri pendant l&rsquo;hiver. Une couche d&rsquo;huile g\u00e9n\u00e9reuse doit \u00eatre appliqu\u00e9e aux meubles avant la pose et \u00e0 nouveau lorsqu&rsquo;ils sont retir\u00e9s du stockage. Si vous choisissez de ne pas traiter vos meubles, ils deviendront gris et provoqueront des fissures. Un l\u00e9ger pon\u00e7age peut restaurer la couleur d&rsquo;origine, apr\u00e8s quoi l&rsquo;huile de teck peut \u00eatre appliqu\u00e9e r\u00e9guli\u00e8rement selon les instructions ci-dessus. Table attrayante avec plateau en fr\u00eane et base stable et lourde. La lame est pr\u00e9trait\u00e9e et donc r\u00e9sistante aux intemp\u00e9ries. Commandez l&rsquo;huile de teck GDL476 Rustin pour l&rsquo;entretien des lames.<\/span><\/p>\n<p><span style=\"color: #000000;\"><strong>Informations suppl\u00e9mentaires :<\/strong><\/span><\/p>\n<\/div>\n<div>\n<ul>\n<li><span style=\"color: #000000;\">Plateau en fr\u00eane pr\u00e9-huil\u00e9 avec rebord aluminium.<\/span><\/li>\n<li><span style=\"color: #000000;\">Pied en alliage d&rsquo;aluminium.<\/span><\/li>\n<li><span style=\"color: #000000;\">Colis plat, assemblage facile.<\/span><\/li>\n<li><span style=\"color: #000000;\">Emballage compact.<\/span><\/li>\n<li><span style=\"color: #000000;\">Le mat\u00e9riel n\u00e9cessaire pour l\u2019assemblage est inclus dans la bo\u00eete.<\/span><\/li>\n<li><span style=\"color: #000000;\">Appliquer r\u00e9guli\u00e8rement et avant utilisation de l&rsquo;huile sur le bois &#8211; cela le gardera comme neuf.<\/span><\/li>\n<\/ul>\n<\/div>\n","protected":false},"excerpt":{"rendered":"<p>Le bois est un mat\u00e9riau naturel dont l&rsquo;aspect se d\u00e9t\u00e9riore lorsqu&rsquo;il est laiss\u00e9 \u00e0 l&rsquo;ext\u00e9rieur. Un rev\u00eatement de surface est<\/p>\n","protected":false},"featured_media":70514,"comment_status":"open","ping_status":"closed","template":"","meta":[],"product_brand":[],"product_cat":[17652,9988],"product_tag":[10664,10665,10727,10728,10729,10730,10731,10732,10733,10736,10533,10737,10535,10738,10540,10610,10660,10663],"class_list":{"0":"post-70513","1":"product","2":"type-product","3":"status-publish","4":"has-post-thumbnail","6":"product_cat-outlet-fr","7":"product_cat-assortiment-de-table-de-tpl-frene","8":"product_tag-restaurant-furniture","9":"product_tag-restaurant-m-bel","10":"product_tag-tafels-3","11":"product_tag-werzalit","12":"product_tag-horeca-tafels","13":"product_tag-tables-5","14":"product_tag-tables-horeca","15":"product_tag-horeca-tables","16":"product_tag-tische-3","17":"product_tag-terrassentisch-2","18":"product_tag-horeca-meubelen","19":"product_tag-horeca-tische","20":"product_tag-horeca-m-bel","21":"product_tag-terrastafels-2","22":"product_tag-horeca-furniture","23":"product_tag-meubles-horeca","24":"product_tag-restaurant-meubelen","25":"product_tag-meubles-de-restaurant","26":"pa_frame-non-empilable-frame-fr","27":"pa_product-frame-color-argent-frame-color-fr","28":"pa_product-more-colors-oui-fr","29":"pa_product-more-dimensions-oui-fr","30":"pa_product-tabletop-color-aspect-bois-tabletop-color-fr","31":"pa_product-usage-usage-interieur-fr","32":"pa_product-usage-usage-exterieur-fr","33":"pa_table-height-cm-72-cm-fr","35":"first","36":"instock","37":"sale","38":"taxable","39":"shipping-taxable","40":"purchasable","41":"product-type-simple"},"_links":{"self":[{"href":"https:\/\/horecacenter.com\/fr\/wp-json\/wp\/v2\/product\/70513","targetHints":{"allow":["GET"]}}],"collection":[{"href":"https:\/\/horecacenter.com\/fr\/wp-json\/wp\/v2\/product"}],"about":[{"href":"https:\/\/horecacenter.com\/fr\/wp-json\/wp\/v2\/types\/product"}],"replies":[{"embeddable":true,"href":"https:\/\/horecacenter.com\/fr\/wp-json\/wp\/v2\/comments?post=70513"}],"version-history":[{"count":1,"href":"https:\/\/horecacenter.com\/fr\/wp-json\/wp\/v2\/product\/70513\/revisions"}],"predecessor-version":[{"id":169977,"href":"https:\/\/horecacenter.com\/fr\/wp-json\/wp\/v2\/product\/70513\/revisions\/169977"}],"wp:featuredmedia":[{"embeddable":true,"href":"https:\/\/horecacenter.com\/fr\/wp-json\/wp\/v2\/media\/70514"}],"wp:attachment":[{"href":"https:\/\/horecacenter.com\/fr\/wp-json\/wp\/v2\/media?parent=70513"}],"wp:term":[{"taxonomy":"product_brand","embeddable":true,"href":"https:\/\/horecacenter.com\/fr\/wp-json\/wp\/v2\/product_brand?post=70513"},{"taxonomy":"product_cat","embeddable":true,"href":"https:\/\/horecacenter.com\/fr\/wp-json\/wp\/v2\/product_cat?post=70513"},{"taxonomy":"product_tag","embeddable":true,"href":"https:\/\/horecacenter.com\/fr\/wp-json\/wp\/v2\/product_tag?post=70513"}],"curies":[{"name":"wp","href":"https:\/\/api.w.org\/{rel}","templated":true}]}}

Table De Terrasse En Frêne De Café, Restaurant Et Horeca &#8211; U428 &#8211; 60 Cm

<div id="article-detail-title">
<p><span style="color: #000000;">Le bois est un matériau naturel dont l&rsquo;aspect se détériore lorsqu&rsquo;il est laissé à l&rsquo;extérieur. Un revêtement de surface est essentiel pour le protéger des fissures/éclatements prématurés du bois lorsqu&rsquo;il est exposé aux intempéries. La finition doit être entretenue régulièrement pour s&rsquo;assurer que le bois est protégé de l&rsquo;humidité et que le meuble reste à son meilleur. Pour conserver l&rsquo;aspect du bois, les revêtements à l&rsquo;huile de teck doivent être appliqués régulièrement conformément aux instructions fournies avec l&rsquo;huile. La fréquence dépend des conditions météorologiques. Nous vous recommandons d&rsquo;utiliser un parasol en position exposée pour éviter que les huiles ne sèchent et s&rsquo;écaillent. Cela aide à maintenir l&rsquo;apparence de la surface de la table. Pour conserver son aspect, ce meuble en bois doit être protégé des intempéries et stocké à l&rsquo;abri pendant l&rsquo;hiver. Une couche d&rsquo;huile généreuse doit être appliquée aux meubles avant la pose et à nouveau lorsqu&rsquo;ils sont retirés du stockage. Si vous choisissez de ne pas traiter vos meubles, ils deviendront gris et provoqueront des fissures. Un léger ponçage peut restaurer la couleur d&rsquo;origine, après quoi l&rsquo;huile de teck peut être appliquée régulièrement selon les instructions ci-dessus. Table attrayante avec plateau en frêne et base stable et lourde. La lame est prétraitée et donc résistante aux intempéries. Commandez l&rsquo;huile de teck GDL476 Rustin pour l&rsquo;entretien des lames.</span></p>
<p><span style="color: #000000;"><strong>Informations supplémentaires :</strong></span></p>
</div>
<div>
<ul>
<li><span style="color: #000000;">Plateau en frêne pré-huilé avec rebord aluminium.</span></li>
<li><span style="color: #000000;">Pied en alliage d&rsquo;aluminium.</span></li>
<li><span style="color: #000000;">Colis plat, assemblage facile.</span></li>
<li><span style="color: #000000;">Emballage compact.</span></li>
<li><span style="color: #000000;">Le matériel nécessaire pour l’assemblage est inclus dans la boîte.</span></li>
<li><span style="color: #000000;">Appliquer régulièrement et avant utilisation de l&rsquo;huile sur le bois &#8211; cela le gardera comme neuf.</span></li>
</ul>
</div>

<p>Le bois est un matériau naturel dont l&rsquo;aspect se détériore lorsqu&rsquo;il est laissé à l&rsquo;extérieur. Un revêtement de surface est</p>
