{"id":70911,"date":"2012-08-18T01:54:18","date_gmt":"2012-08-18T01:54:18","guid":{"rendered":"https:\/\/horecacenter.com\/?post_type=product&#038;p=70911"},"modified":"2025-10-21T11:50:56","modified_gmt":"2025-10-21T11:50:56","slug":"table-de-terrasse-de-cafe-restaurant-et-horeca-werzalit-wenge-70x120-cm","status":"publish","type":"product","link":"https:\/\/horecacenter.com\/fr\/produit\/table-de-terrasse-de-cafe-restaurant-et-horeca-werzalit-wenge-70x120-cm\/","title":{"rendered":"Table Pour Terrasse de Restaurant &#8211; WERZALIT WENG\u00c9 &#8211; 70&#215;120 cm"},"content":{"rendered":"<p><span style=\"color: #000000\">Adapt\u00e9 \u00e0 la terrasse, \u00e0 l&rsquo;\u00e9preuve de la pluie.<\/span><\/p>\n<p><i class=\"fas fa-check-circle description-icon-green\" aria-hidden=\"true\"><\/i><span style=\"color: #ff6600\"> Les tables ne sont pas assembl\u00e9es.<\/span><br \/>\n<i class=\"fas fa-check-circle description-icon-green\" aria-hidden=\"true\"><\/i><span style=\"color: #339966\"> Les plateaux de table ne sont pas pr\u00e9-perc\u00e9s.<\/span><br \/>\n<i class=\"fas fa-check-circle description-icon-green\" aria-hidden=\"true\"><\/i><span style=\"color: #ff6600\"> Les vis sont incluses si les plateaux de table sont command\u00e9s avec les pieds de table.<\/span><br \/>\n<i class=\"fas fa-check-circle description-icon-green\" aria-hidden=\"true\"><\/i><span style=\"color: #339966\"> Le mat\u00e9riel n\u00e9cessaire pour l\u2019assemblage est inclus dans la bo\u00eete.<\/span><\/p>\n","protected":false},"excerpt":{"rendered":"<p>Adapt\u00e9 \u00e0 la terrasse, \u00e0 l&rsquo;\u00e9preuve de la pluie. Les tables ne sont pas assembl\u00e9es. Les plateaux de table ne<\/p>\n","protected":false},"featured_media":146488,"comment_status":"open","ping_status":"closed","template":"","meta":[],"product_brand":[],"product_cat":[9952,10196],"product_tag":[10665,10727,10728,10729,10730,10731,10732,10733,10736,10533,10737,10535,10738,10540,10610,10660,10663,10664],"class_list":{"0":"post-70911","1":"product","2":"type-product","3":"status-publish","4":"has-post-thumbnail","6":"product_cat-werzalit-wenge-assortiment-de-table-2","7":"product_cat-70x120-tables-2","8":"product_tag-restaurant-m-bel","9":"product_tag-tafels-3","10":"product_tag-werzalit","11":"product_tag-horeca-tafels","12":"product_tag-tables-5","13":"product_tag-tables-horeca","14":"product_tag-horeca-tables","15":"product_tag-tische-3","16":"product_tag-terrassentisch-2","17":"product_tag-horeca-meubelen","18":"product_tag-horeca-tische","19":"product_tag-horeca-m-bel","20":"product_tag-terrastafels-2","21":"product_tag-horeca-furniture","22":"product_tag-meubles-horeca","23":"product_tag-restaurant-meubelen","24":"product_tag-meubles-de-restaurant","25":"product_tag-restaurant-furniture","26":"pa_frame-non-empilable-frame-fr","27":"pa_product-frame-color-aluminium-color-fr","28":"pa_product-more-colors-oui-fr","29":"pa_product-more-dimensions-oui-fr","30":"pa_product-tabletop-color-wenge-tabletop-color-fr","31":"pa_product-usage-usage-interieur-fr","32":"pa_product-usage-usage-exterieur-fr","33":"pa_table-height-cm-75-cm-fr","35":"first","36":"instock","37":"sale","38":"taxable","39":"shipping-taxable","40":"purchasable","41":"product-type-simple"},"_links":{"self":[{"href":"https:\/\/horecacenter.com\/fr\/wp-json\/wp\/v2\/product\/70911","targetHints":{"allow":["GET"]}}],"collection":[{"href":"https:\/\/horecacenter.com\/fr\/wp-json\/wp\/v2\/product"}],"about":[{"href":"https:\/\/horecacenter.com\/fr\/wp-json\/wp\/v2\/types\/product"}],"replies":[{"embeddable":true,"href":"https:\/\/horecacenter.com\/fr\/wp-json\/wp\/v2\/comments?post=70911"}],"version-history":[{"count":0,"href":"https:\/\/horecacenter.com\/fr\/wp-json\/wp\/v2\/product\/70911\/revisions"}],"wp:featuredmedia":[{"embeddable":true,"href":"https:\/\/horecacenter.com\/fr\/wp-json\/wp\/v2\/media\/146488"}],"wp:attachment":[{"href":"https:\/\/horecacenter.com\/fr\/wp-json\/wp\/v2\/media?parent=70911"}],"wp:term":[{"taxonomy":"product_brand","embeddable":true,"href":"https:\/\/horecacenter.com\/fr\/wp-json\/wp\/v2\/product_brand?post=70911"},{"taxonomy":"product_cat","embeddable":true,"href":"https:\/\/horecacenter.com\/fr\/wp-json\/wp\/v2\/product_cat?post=70911"},{"taxonomy":"product_tag","embeddable":true,"href":"https:\/\/horecacenter.com\/fr\/wp-json\/wp\/v2\/product_tag?post=70911"}],"curies":[{"name":"wp","href":"https:\/\/api.w.org\/{rel}","templated":true}]}}

Table Pour Terrasse de Restaurant &#8211; WERZALIT WENGÉ &#8211; 70&#215;120 cm

<p><span style="color: #000000">Adapté à la terrasse, à l&rsquo;épreuve de la pluie.</span></p>
<p><i class="fas fa-check-circle description-icon-green" aria-hidden="true"></i><span style="color: #ff6600"> Les tables ne sont pas assemblées.</span><br />
<i class="fas fa-check-circle description-icon-green" aria-hidden="true"></i><span style="color: #339966"> Les plateaux de table ne sont pas pré-percés.</span><br />
<i class="fas fa-check-circle description-icon-green" aria-hidden="true"></i><span style="color: #ff6600"> Les vis sont incluses si les plateaux de table sont commandés avec les pieds de table.</span><br />
<i class="fas fa-check-circle description-icon-green" aria-hidden="true"></i><span style="color: #339966"> Le matériel nécessaire pour l’assemblage est inclus dans la boîte.</span></p>

<p>Adapté à la terrasse, à l&rsquo;épreuve de la pluie. Les tables ne sont pas assemblées. Les plateaux de table ne</p>
