{"id":78921,"date":"2020-12-30T14:57:21","date_gmt":"2020-12-30T14:57:21","guid":{"rendered":"https:\/\/horecacenter.com\/?post_type=product&#038;p=78921"},"modified":"2025-12-31T08:15:56","modified_gmt":"2025-12-31T08:15:56","slug":"plateau-de-table-de-cafe-restaurant-et-horeca-wenge-compact-12-mm-depaisseur","status":"publish","type":"product","link":"https:\/\/horecacenter.com\/fr\/produit\/plateau-de-table-de-cafe-restaurant-et-horeca-wenge-compact-12-mm-depaisseur\/","title":{"rendered":"Plateau de Table Pour Restaurant &#8211; COMPACT WENG\u00c9 &#8211; 12 mm D&rsquo;\u00e9paisseur"},"content":{"rendered":"<p><span style=\"color: #000000;\">Les trous pr\u00e9-perc\u00e9s sur les plateaux de table en stratifi\u00e9 compact correspondent \u00e0 un type sp\u00e9cifique de base de table.<\/span><br \/>\n<span style=\"color: #000000;\">Si cela ne correspond pas \u00e0 la base de table achet\u00e9e, vous devez percer vous-m\u00eame de nouveaux trous avec la m\u00eache fournie. Les vis correspondants sont \u00e9galement incluses. N&rsquo;oubliez pas de retirer le film plastique du plateau\u00a0de\u00a0table.<\/span><\/p>\n<p><i class=\"fas fa-check-circle description-icon-green\" aria-hidden=\"true\"><\/i><span style=\"color: #ff6600;\"> Couleurs disponibles: Blanc, Noir, Weng\u00e9,<\/span><span style=\"color: #ff6600;\"> Bordeaux &amp; Taupe.<\/span><br \/>\n<i class=\"fas fa-check-circle description-icon-green\" aria-hidden=\"true\"><\/i><span style=\"color: #339966;\"> Les plateaux de table ne sont pas pr\u00e9-perc\u00e9s.<\/span><br \/>\n<i class=\"fas fa-check-circle description-icon-green\" aria-hidden=\"true\"><\/i><span style=\"color: #ff6600;\"> 1 foret et un r\u00e9gleur de profondeur pour perceuse + vis incluses.<\/span><\/p>\n","protected":false},"excerpt":{"rendered":"<p>Les trous pr\u00e9-perc\u00e9s sur les plateaux de table en stratifi\u00e9 compact correspondent \u00e0 un type sp\u00e9cifique de base de table.<\/p>\n","protected":false},"featured_media":78925,"comment_status":"open","ping_status":"closed","template":"","meta":[],"product_brand":[],"product_cat":[9816,17077,9840,9836],"product_tag":[11009,11010,11011,11012,11014,10533,10534,10535,10540,10651,10664,10665,11007,11008],"class_list":{"0":"post-78921","1":"product","2":"type-product","3":"status-publish","4":"has-post-thumbnail","6":"product_cat-dessus-de-table","7":"product_cat-plateaux-de-table-de-terrasse-en-stratifie-compact","8":"product_cat-dessus-de-table-compact-paisseur-12mm","9":"product_cat-dessus-de-tables-de-terrasse-werzalit-epaisseur-30-mm-exterieur","10":"product_tag-tabelle","11":"product_tag-plateau-de-table","12":"product_tag-meuble-restaurant","13":"product_tag-tischplatte","14":"product_tag-restaurant-inrichtingen","15":"product_tag-horeca-meubelen","16":"product_tag-meuble-horeca","17":"product_tag-horeca-m-bel","18":"product_tag-horeca-furniture","19":"product_tag-horeca-inrichting","20":"product_tag-restaurant-furniture","21":"product_tag-restaurant-m-bel","22":"product_tag-tafelblad","23":"product_tag-table-top","24":"pa_dimension-69x69-cm-fr","25":"pa_dimension-69x120-cm-fr","26":"pa_dimension-r69-cm-fr","27":"pa_frame-empilable-frame-fr","28":"pa_product-color-color-wenge-fr","29":"pa_product-more-colors-oui-fr","30":"pa_product-more-dimensions-oui-fr","31":"pa_product-usage-usage-interieur-fr","32":"pa_product-usage-usage-exterieur-fr","34":"first","35":"instock","36":"sale","37":"taxable","38":"shipping-taxable","39":"purchasable","40":"product-type-variable","41":"hc-var-dimension"},"_links":{"self":[{"href":"https:\/\/horecacenter.com\/fr\/wp-json\/wp\/v2\/product\/78921","targetHints":{"allow":["GET"]}}],"collection":[{"href":"https:\/\/horecacenter.com\/fr\/wp-json\/wp\/v2\/product"}],"about":[{"href":"https:\/\/horecacenter.com\/fr\/wp-json\/wp\/v2\/types\/product"}],"replies":[{"embeddable":true,"href":"https:\/\/horecacenter.com\/fr\/wp-json\/wp\/v2\/comments?post=78921"}],"version-history":[{"count":1,"href":"https:\/\/horecacenter.com\/fr\/wp-json\/wp\/v2\/product\/78921\/revisions"}],"predecessor-version":[{"id":173817,"href":"https:\/\/horecacenter.com\/fr\/wp-json\/wp\/v2\/product\/78921\/revisions\/173817"}],"wp:featuredmedia":[{"embeddable":true,"href":"https:\/\/horecacenter.com\/fr\/wp-json\/wp\/v2\/media\/78925"}],"wp:attachment":[{"href":"https:\/\/horecacenter.com\/fr\/wp-json\/wp\/v2\/media?parent=78921"}],"wp:term":[{"taxonomy":"product_brand","embeddable":true,"href":"https:\/\/horecacenter.com\/fr\/wp-json\/wp\/v2\/product_brand?post=78921"},{"taxonomy":"product_cat","embeddable":true,"href":"https:\/\/horecacenter.com\/fr\/wp-json\/wp\/v2\/product_cat?post=78921"},{"taxonomy":"product_tag","embeddable":true,"href":"https:\/\/horecacenter.com\/fr\/wp-json\/wp\/v2\/product_tag?post=78921"}],"curies":[{"name":"wp","href":"https:\/\/api.w.org\/{rel}","templated":true}]}}

Plateau de Table Pour Restaurant &#8211; COMPACT WENGÉ &#8211; 12 mm D&rsquo;épaisseur

<p><span style="color: #000000;">Les trous pré-percés sur les plateaux de table en stratifié compact correspondent à un type spécifique de base de table.</span><br />
<span style="color: #000000;">Si cela ne correspond pas à la base de table achetée, vous devez percer vous-même de nouveaux trous avec la mêche fournie. Les vis correspondants sont également incluses. N&rsquo;oubliez pas de retirer le film plastique du plateau de table.</span></p>
<p><i class="fas fa-check-circle description-icon-green" aria-hidden="true"></i><span style="color: #ff6600;"> Couleurs disponibles: Blanc, Noir, Wengé,</span><span style="color: #ff6600;"> Bordeaux &amp; Taupe.</span><br />
<i class="fas fa-check-circle description-icon-green" aria-hidden="true"></i><span style="color: #339966;"> Les plateaux de table ne sont pas pré-percés.</span><br />
<i class="fas fa-check-circle description-icon-green" aria-hidden="true"></i><span style="color: #ff6600;"> 1 foret et un régleur de profondeur pour perceuse + vis incluses.</span></p>

<p>Les trous pré-percés sur les plateaux de table en stratifié compact correspondent à un type spécifique de base de table.</p>
