{"id":79519,"date":"2021-01-13T13:29:42","date_gmt":"2021-01-13T13:29:42","guid":{"rendered":"https:\/\/horecacenter.com\/?post_type=product&#038;p=79519"},"modified":"2025-12-31T08:47:25","modified_gmt":"2025-12-31T08:47:25","slug":"plateau-de-table-de-cafe-restaurant-et-horeca-madrid-k1-28-cm-depaisseur","status":"publish","type":"product","link":"https:\/\/horecacenter.com\/fr\/produit\/plateau-de-table-de-cafe-restaurant-et-horeca-madrid-k1-28-cm-depaisseur\/","title":{"rendered":"Plateau de Table Pour Restaurant &#8211; MADRID K1 &#8211; 2,80 cm D&rsquo;\u00e9paisseur"},"content":{"rendered":"<p><i class=\"fas fa-check-circle description-icon-green\" aria-hidden=\"true\"><\/i><span style=\"color: #339966;\"> Les plateaux de table ne sont pas pr\u00e9-perc\u00e9s.<\/span><br \/>\n<i class=\"fas fa-check-circle description-icon-green\" aria-hidden=\"true\"><\/i><span style=\"color: #ff6600;\"> Les vis sont incluses si les plateaux de table sont command\u00e9s avec les pieds de table.<\/span><\/p>\n","protected":false},"excerpt":{"rendered":"<p>Les plateaux de table ne sont pas pr\u00e9-perc\u00e9s. Les vis sont incluses si les plateaux de table sont command\u00e9s avec<\/p>\n","protected":false},"featured_media":79525,"comment_status":"open","ping_status":"closed","template":"","meta":[],"product_brand":[],"product_cat":[9892,9816],"product_tag":[11008,11009,11010,11011,11012,11014,10533,10534,10535,10540,10651,10664,10665,10787,11007],"class_list":{"0":"post-79519","1":"product","2":"type-product","3":"status-publish","4":"has-post-thumbnail","6":"product_cat-madrid-dessus-de-table-28mm-epaisseur-interieur","7":"product_cat-dessus-de-table","8":"product_tag-table-top","9":"product_tag-tabelle","10":"product_tag-plateau-de-table","11":"product_tag-meuble-restaurant","12":"product_tag-tischplatte","13":"product_tag-restaurant-inrichtingen","14":"product_tag-horeca-meubelen","15":"product_tag-meuble-horeca","16":"product_tag-horeca-m-bel","17":"product_tag-horeca-furniture","18":"product_tag-horeca-inrichting","19":"product_tag-restaurant-furniture","20":"product_tag-restaurant-m-bel","21":"product_tag-table-2","22":"product_tag-tafelblad","23":"pa_dimension-60x60-cm-fr","24":"pa_dimension-70x70-cm-fr","25":"pa_dimension-70x120-cm-fr","26":"pa_dimension-r60o-cm-fr","27":"pa_dimension-r70o-cm-fr","28":"pa_product-color-color-aspect-bois-fr","29":"pa_product-more-colors-oui-fr","30":"pa_product-usage-usage-interieur-fr","32":"first","33":"instock","34":"sale","35":"taxable","36":"shipping-taxable","37":"purchasable","38":"product-type-variable","39":"hc-var-dimension"},"_links":{"self":[{"href":"https:\/\/horecacenter.com\/fr\/wp-json\/wp\/v2\/product\/79519","targetHints":{"allow":["GET"]}}],"collection":[{"href":"https:\/\/horecacenter.com\/fr\/wp-json\/wp\/v2\/product"}],"about":[{"href":"https:\/\/horecacenter.com\/fr\/wp-json\/wp\/v2\/types\/product"}],"replies":[{"embeddable":true,"href":"https:\/\/horecacenter.com\/fr\/wp-json\/wp\/v2\/comments?post=79519"}],"version-history":[{"count":1,"href":"https:\/\/horecacenter.com\/fr\/wp-json\/wp\/v2\/product\/79519\/revisions"}],"predecessor-version":[{"id":174057,"href":"https:\/\/horecacenter.com\/fr\/wp-json\/wp\/v2\/product\/79519\/revisions\/174057"}],"wp:featuredmedia":[{"embeddable":true,"href":"https:\/\/horecacenter.com\/fr\/wp-json\/wp\/v2\/media\/79525"}],"wp:attachment":[{"href":"https:\/\/horecacenter.com\/fr\/wp-json\/wp\/v2\/media?parent=79519"}],"wp:term":[{"taxonomy":"product_brand","embeddable":true,"href":"https:\/\/horecacenter.com\/fr\/wp-json\/wp\/v2\/product_brand?post=79519"},{"taxonomy":"product_cat","embeddable":true,"href":"https:\/\/horecacenter.com\/fr\/wp-json\/wp\/v2\/product_cat?post=79519"},{"taxonomy":"product_tag","embeddable":true,"href":"https:\/\/horecacenter.com\/fr\/wp-json\/wp\/v2\/product_tag?post=79519"}],"curies":[{"name":"wp","href":"https:\/\/api.w.org\/{rel}","templated":true}]}}

Plateau de Table Pour Restaurant &#8211; MADRID K1 &#8211; 2,80 cm D&rsquo;épaisseur

<p><i class="fas fa-check-circle description-icon-green" aria-hidden="true"></i><span style="color: #339966;"> Les plateaux de table ne sont pas pré-percés.</span><br />
<i class="fas fa-check-circle description-icon-green" aria-hidden="true"></i><span style="color: #ff6600;"> Les vis sont incluses si les plateaux de table sont commandés avec les pieds de table.</span></p>

<p>Les plateaux de table ne sont pas pré-percés. Les vis sont incluses si les plateaux de table sont commandés avec</p>
