{"id":79636,"date":"2021-02-01T08:16:17","date_gmt":"2021-02-01T08:16:17","guid":{"rendered":"https:\/\/horecacenter.com\/?post_type=product&#038;p=79636"},"modified":"2026-01-02T14:07:40","modified_gmt":"2026-01-02T14:07:40","slug":"banquette-de-cafe-restaurant-et-horeca-safran-american","status":"publish","type":"product","link":"https:\/\/horecacenter.com\/fr\/produit\/banquette-de-cafe-restaurant-et-horeca-safran-american\/","title":{"rendered":"Banquette de Restaurant &#8211; SAFRAN AMERICAN &#8211; Simili Cuir Jaune\/Blanc"},"content":{"rendered":"<p><span style=\"color: #000000;\">Le canap\u00e9 Safran est l&rsquo;un de nos canap\u00e9s populaires qui est id\u00e9al pour votre int\u00e9rieur gr\u00e2ce \u00e0 son aspect \u00e9l\u00e9gant. Canap\u00e9 tr\u00e8s confortable et robuste, facile \u00e0 combiner et utilisable pendant des ann\u00e9es.<br \/>\nRecouvert de cuir synth\u00e9tique de premi\u00e8re qualit\u00e9 et facile d&rsquo;entretien. Il convient \u00e0 tous les \u00e9tablissements de restauration et avec sa largeur de 120 cm offre un espace pour deux personnes. Fourni avec une base en MDF Wenge et avec un clou de glissement en plastique standard au bas.<\/span><\/p>\n<p><span style=\"color: #000000;\">Attention ! Les dimensions des banquettes sont susceptibles de varier de 1 \u00e0 2 cm selon le mat\u00e9riel utilis\u00e9.<\/span><\/p>\n","protected":false},"excerpt":{"rendered":"<p>Le canap\u00e9 Safran est l&rsquo;un de nos canap\u00e9s populaires qui est id\u00e9al pour votre int\u00e9rieur gr\u00e2ce \u00e0 son aspect \u00e9l\u00e9gant.<\/p>\n","protected":false},"featured_media":79637,"comment_status":"open","ping_status":"closed","template":"","meta":[],"product_brand":[],"product_cat":[9792],"product_tag":[10549],"class_list":{"0":"post-79636","1":"product","2":"type-product","3":"status-publish","4":"has-post-thumbnail","6":"product_cat-american-banquettes","7":"product_tag-nightlock-bank","8":"pa_product-color-color-blanc-fr","9":"pa_product-color-color-jaune-fr","10":"pa_product-frame-color-wenge-frame-color-fr","11":"pa_product-more-colors-oui-fr","12":"pa_product-seat-height-cm-47-seat-height-cm-fr","13":"pa_product-seats-2-seats-fr","14":"pa_product-upholstery-upholstery-simili-cuir-fr","15":"pa_product-usage-usage-interieur-fr","17":"first","18":"onbackorder","19":"sale","20":"taxable","21":"shipping-taxable","22":"purchasable","23":"product-type-simple"},"_links":{"self":[{"href":"https:\/\/horecacenter.com\/fr\/wp-json\/wp\/v2\/product\/79636","targetHints":{"allow":["GET"]}}],"collection":[{"href":"https:\/\/horecacenter.com\/fr\/wp-json\/wp\/v2\/product"}],"about":[{"href":"https:\/\/horecacenter.com\/fr\/wp-json\/wp\/v2\/types\/product"}],"replies":[{"embeddable":true,"href":"https:\/\/horecacenter.com\/fr\/wp-json\/wp\/v2\/comments?post=79636"}],"version-history":[{"count":1,"href":"https:\/\/horecacenter.com\/fr\/wp-json\/wp\/v2\/product\/79636\/revisions"}],"predecessor-version":[{"id":175109,"href":"https:\/\/horecacenter.com\/fr\/wp-json\/wp\/v2\/product\/79636\/revisions\/175109"}],"wp:featuredmedia":[{"embeddable":true,"href":"https:\/\/horecacenter.com\/fr\/wp-json\/wp\/v2\/media\/79637"}],"wp:attachment":[{"href":"https:\/\/horecacenter.com\/fr\/wp-json\/wp\/v2\/media?parent=79636"}],"wp:term":[{"taxonomy":"product_brand","embeddable":true,"href":"https:\/\/horecacenter.com\/fr\/wp-json\/wp\/v2\/product_brand?post=79636"},{"taxonomy":"product_cat","embeddable":true,"href":"https:\/\/horecacenter.com\/fr\/wp-json\/wp\/v2\/product_cat?post=79636"},{"taxonomy":"product_tag","embeddable":true,"href":"https:\/\/horecacenter.com\/fr\/wp-json\/wp\/v2\/product_tag?post=79636"}],"curies":[{"name":"wp","href":"https:\/\/api.w.org\/{rel}","templated":true}]}}

<p><span style="color: #000000;">Le canapé Safran est l&rsquo;un de nos canapés populaires qui est idéal pour votre intérieur grâce à son aspect élégant. Canapé très confortable et robuste, facile à combiner et utilisable pendant des années.<br />
Recouvert de cuir synthétique de première qualité et facile d&rsquo;entretien. Il convient à tous les établissements de restauration et avec sa largeur de 120 cm offre un espace pour deux personnes. Fourni avec une base en MDF Wenge et avec un clou de glissement en plastique standard au bas.</span></p>
<p><span style="color: #000000;">Attention ! Les dimensions des banquettes sont susceptibles de varier de 1 à 2 cm selon le matériel utilisé.</span></p>

<p>Le canapé Safran est l&rsquo;un de nos canapés populaires qui est idéal pour votre intérieur grâce à son aspect élégant.</p>
