{"id":79857,"date":"2021-02-15T14:51:23","date_gmt":"2021-02-15T14:51:23","guid":{"rendered":"https:\/\/horecacenter.com\/?post_type=product&#038;p=79857"},"modified":"2025-12-31T08:42:02","modified_gmt":"2025-12-31T08:42:02","slug":"plateau-de-table-de-cafe-restaurant-et-horeca-madrid-zwart-2-8-cm-depaisseur","status":"publish","type":"product","link":"https:\/\/horecacenter.com\/fr\/produit\/plateau-de-table-de-cafe-restaurant-et-horeca-madrid-zwart-2-8-cm-depaisseur\/","title":{"rendered":"Plateau de Table Pour Restaurant &#8211; MADRID ZWART &#8211; 2,80 cm D\u2019\u00e9paisseur"},"content":{"rendered":"<p><i class=\"fas fa-check-circle description-icon-green\" aria-hidden=\"true\"><\/i><span style=\"color: #339966;\"> Les plateaux de table ne sont pas pr\u00e9-perc\u00e9s.<\/span><br \/>\n<i class=\"fas fa-check-circle description-icon-green\" aria-hidden=\"true\"><\/i><span style=\"color: #ff6600;\"> Les vis sont incluses si les plateaux de table sont command\u00e9s avec les pieds de table.<\/span><\/p>\n","protected":false},"excerpt":{"rendered":"<p>Les plateaux de table ne sont pas pr\u00e9-perc\u00e9s. Les vis sont incluses si les plateaux de table sont command\u00e9s avec<\/p>\n","protected":false},"featured_media":79861,"comment_status":"open","ping_status":"closed","template":"","meta":[],"product_brand":[],"product_cat":[9892],"product_tag":[11011,11012,11014,10533,10534,10535,10540,10651,10664,10665,11007,11008,11009,11010],"class_list":{"0":"post-79857","1":"product","2":"type-product","3":"status-publish","4":"has-post-thumbnail","6":"product_cat-madrid-dessus-de-table-28mm-epaisseur-interieur","7":"product_tag-meuble-restaurant","8":"product_tag-tischplatte","9":"product_tag-restaurant-inrichtingen","10":"product_tag-horeca-meubelen","11":"product_tag-meuble-horeca","12":"product_tag-horeca-m-bel","13":"product_tag-horeca-furniture","14":"product_tag-horeca-inrichting","15":"product_tag-restaurant-furniture","16":"product_tag-restaurant-m-bel","17":"product_tag-tafelblad","18":"product_tag-table-top","19":"product_tag-tabelle","20":"product_tag-plateau-de-table","21":"pa_dimension-60x60-cm-fr","22":"pa_dimension-60x120-cm-fr","23":"pa_dimension-70x70-cm-fr","24":"pa_dimension-70x120-cm-fr","25":"pa_dimension-r70o-cm-fr","26":"pa_dimension-r110o-cm-fr","27":"pa_dimension-130-cm-fr","28":"pa_dimension-150-cm-fr","29":"pa_product-color-color-noir-fr","30":"pa_product-more-colors-oui-fr","31":"pa_product-usage-usage-interieur-fr","33":"first","34":"instock","35":"sale","36":"taxable","37":"shipping-taxable","38":"purchasable","39":"product-type-variable","40":"hc-var-dimension"},"_links":{"self":[{"href":"https:\/\/horecacenter.com\/fr\/wp-json\/wp\/v2\/product\/79857","targetHints":{"allow":["GET"]}}],"collection":[{"href":"https:\/\/horecacenter.com\/fr\/wp-json\/wp\/v2\/product"}],"about":[{"href":"https:\/\/horecacenter.com\/fr\/wp-json\/wp\/v2\/types\/product"}],"replies":[{"embeddable":true,"href":"https:\/\/horecacenter.com\/fr\/wp-json\/wp\/v2\/comments?post=79857"}],"version-history":[{"count":1,"href":"https:\/\/horecacenter.com\/fr\/wp-json\/wp\/v2\/product\/79857\/revisions"}],"predecessor-version":[{"id":174032,"href":"https:\/\/horecacenter.com\/fr\/wp-json\/wp\/v2\/product\/79857\/revisions\/174032"}],"wp:featuredmedia":[{"embeddable":true,"href":"https:\/\/horecacenter.com\/fr\/wp-json\/wp\/v2\/media\/79861"}],"wp:attachment":[{"href":"https:\/\/horecacenter.com\/fr\/wp-json\/wp\/v2\/media?parent=79857"}],"wp:term":[{"taxonomy":"product_brand","embeddable":true,"href":"https:\/\/horecacenter.com\/fr\/wp-json\/wp\/v2\/product_brand?post=79857"},{"taxonomy":"product_cat","embeddable":true,"href":"https:\/\/horecacenter.com\/fr\/wp-json\/wp\/v2\/product_cat?post=79857"},{"taxonomy":"product_tag","embeddable":true,"href":"https:\/\/horecacenter.com\/fr\/wp-json\/wp\/v2\/product_tag?post=79857"}],"curies":[{"name":"wp","href":"https:\/\/api.w.org\/{rel}","templated":true}]}}

Plateau de Table Pour Restaurant &#8211; MADRID ZWART &#8211; 2,80 cm D’épaisseur

<p><i class="fas fa-check-circle description-icon-green" aria-hidden="true"></i><span style="color: #339966;"> Les plateaux de table ne sont pas pré-percés.</span><br />
<i class="fas fa-check-circle description-icon-green" aria-hidden="true"></i><span style="color: #ff6600;"> Les vis sont incluses si les plateaux de table sont commandés avec les pieds de table.</span></p>

<p>Les plateaux de table ne sont pas pré-percés. Les vis sont incluses si les plateaux de table sont commandés avec</p>
