{"id":80742,"date":"2021-04-13T14:50:06","date_gmt":"2021-04-13T14:50:06","guid":{"rendered":"https:\/\/horecacenter.com\/?post_type=product&#038;p=80742"},"modified":"2025-12-31T08:28:03","modified_gmt":"2025-12-31T08:28:03","slug":"table-a-manger-brussels-mango","status":"publish","type":"product","link":"https:\/\/horecacenter.com\/fr\/produit\/table-a-manger-brussels-mango\/","title":{"rendered":"Table \u00c0 Manger &#8211; Brussels &#8211; Bois De Manguier"},"content":{"rendered":"<p><span style=\"color: #000000;\">La table \u00e0 manger Brussels a une surface en bois de manguier brut. Elle est combin\u00e9e avec la base en m\u00e9tal noir.<\/span><br \/>\n<span style=\"color: #000000;\">Cet article est fait \u00e0 la main. Chaque article est unique. Des irr\u00e9gularit\u00e9s de forme et de couleur attestent du caract\u00e8re individuel.<\/span><\/p>\n<p><span style=\"color: #000000;\"><strong>Informations suppl\u00e9mentaires:<\/strong><\/span><\/p>\n<ul>\n<li><span style=\"color: #000000;\">Style: Industriel<\/span><\/li>\n<li><span style=\"color: #000000;\">\u00c9paisseur du plateau: 7,5 cm<\/span><\/li>\n<li><span style=\"color: #000000;\">Nombre de jambes: 2<\/span><\/li>\n<li><span style=\"color: #000000;\">Nombre de bo\u00eetes: 1<\/span><\/li>\n<\/ul>\n<p><span style=\"color: #000000;\"><strong>Nombre de personnes \u00e0 table:<\/strong><\/span><\/p>\n<p><span style=\"color: #000000;\">160x90x76: 6<\/span><br \/>\n<span style=\"color: #000000;\">180x90x76: 6<\/span><br \/>\n<span style=\"color: #000000;\">200x90x76: 6<\/span><br \/>\n<span style=\"color: #000000;\">220x95x76: 6<\/span><br \/>\n<span style=\"color: #000000;\">240x100x76: 8<\/span><\/p>\n<p><span style=\"color: #000000;\"><strong>Poids avec emballage inclus:<\/strong><\/span><\/p>\n<p><span style=\"color: #000000;\">160x90x76: 62,3 kg<\/span><br \/>\n<span style=\"color: #000000;\">180x90x76: 63,6 kg<\/span><br \/>\n<span style=\"color: #000000;\">200x90x76: 71,9 kg<\/span><br \/>\n<span style=\"color: #000000;\">220x95x76: 76,9 kg<\/span><br \/>\n<span style=\"color: #000000;\">240x100x76: 81,9 kg<\/span><\/p>\n<p><span style=\"color: #000000;\"><strong>Taille du paquet:<\/strong><\/span><\/p>\n<p><span style=\"color: #000000;\">160x90x76: 96x158x21 cm<\/span><br \/>\n<span style=\"color: #000000;\">180x90x76: 98x170x20 cm<\/span><br \/>\n<span style=\"color: #000000;\">200x90x76: 205x81x95 cm<\/span><br \/>\n<span style=\"color: #000000;\">220x95x76: 101x211x20 cm<\/span><br \/>\n<span style=\"color: #000000;\">240x100x76: 106x245x21 cm<\/span><\/p>\n<p><i class=\"fas fa-check-circle description-icon-green\" aria-hidden=\"true\"><\/i><span style=\"color: #ff6600;\"> Les tables ne sont pas assembl\u00e9es.<\/span><br \/>\n<i class=\"fas fa-check-circle description-icon-green\" aria-hidden=\"true\"><\/i><span style=\"color: #339966;\"> Les plateaux de table ne sont pas pr\u00e9-perc\u00e9s.<\/span><br \/>\n<i class=\"fas fa-check-circle description-icon-green\" aria-hidden=\"true\"><\/i><span style=\"color: #ff6600;\"> Les vis sont incluses si les plateaux de table sont command\u00e9s avec les pieds de table.<\/span><br \/>\n<i class=\"fas fa-check-circle description-icon-green\" aria-hidden=\"true\"><\/i><span style=\"color: #339966;\"> Le mat\u00e9riel n\u00e9cessaire pour l\u2019assemblage est inclus dans la bo\u00eete.<\/span><\/p>\n","protected":false},"excerpt":{"rendered":"<p>La table \u00e0 manger Brussels a une surface en bois de manguier brut. Elle est combin\u00e9e avec la base en<\/p>\n","protected":false},"featured_media":80748,"comment_status":"open","ping_status":"closed","template":"","meta":[],"product_brand":[],"product_cat":[10364,10368],"product_tag":[11985],"class_list":{"0":"post-80742","1":"product","2":"type-product","3":"status-publish","4":"has-post-thumbnail","6":"product_cat-tables-a-manger","7":"product_cat-tables-a-manger-fr","8":"product_tag-thuis-meubelen","9":"pa_dimension-90x160-cm-fr","10":"pa_dimension-90x180-cm-fr","11":"pa_dimension-90x200-cm-fr","12":"pa_dimension-95x220-cm-fr","13":"pa_product-frame-color-noir-framecolor-fr","14":"pa_product-more-dimensions-oui-fr","15":"pa_product-tabletop-color-rugueux-tabletop-color-fr","16":"pa_product-usage-usage-interieur-fr","17":"pa_table-height-cm-76-cm-fr","19":"first","20":"instock","21":"sale","22":"taxable","23":"shipping-taxable","24":"purchasable","25":"product-type-variable","26":"hc-var-dimension"},"_links":{"self":[{"href":"https:\/\/horecacenter.com\/fr\/wp-json\/wp\/v2\/product\/80742","targetHints":{"allow":["GET"]}}],"collection":[{"href":"https:\/\/horecacenter.com\/fr\/wp-json\/wp\/v2\/product"}],"about":[{"href":"https:\/\/horecacenter.com\/fr\/wp-json\/wp\/v2\/types\/product"}],"replies":[{"embeddable":true,"href":"https:\/\/horecacenter.com\/fr\/wp-json\/wp\/v2\/comments?post=80742"}],"version-history":[{"count":1,"href":"https:\/\/horecacenter.com\/fr\/wp-json\/wp\/v2\/product\/80742\/revisions"}],"predecessor-version":[{"id":173952,"href":"https:\/\/horecacenter.com\/fr\/wp-json\/wp\/v2\/product\/80742\/revisions\/173952"}],"wp:featuredmedia":[{"embeddable":true,"href":"https:\/\/horecacenter.com\/fr\/wp-json\/wp\/v2\/media\/80748"}],"wp:attachment":[{"href":"https:\/\/horecacenter.com\/fr\/wp-json\/wp\/v2\/media?parent=80742"}],"wp:term":[{"taxonomy":"product_brand","embeddable":true,"href":"https:\/\/horecacenter.com\/fr\/wp-json\/wp\/v2\/product_brand?post=80742"},{"taxonomy":"product_cat","embeddable":true,"href":"https:\/\/horecacenter.com\/fr\/wp-json\/wp\/v2\/product_cat?post=80742"},{"taxonomy":"product_tag","embeddable":true,"href":"https:\/\/horecacenter.com\/fr\/wp-json\/wp\/v2\/product_tag?post=80742"}],"curies":[{"name":"wp","href":"https:\/\/api.w.org\/{rel}","templated":true}]}}

Table À Manger &#8211; Brussels &#8211; Bois De Manguier

<p><span style="color: #000000;">La table à manger Brussels a une surface en bois de manguier brut. Elle est combinée avec la base en métal noir.</span><br />
<span style="color: #000000;">Cet article est fait à la main. Chaque article est unique. Des irrégularités de forme et de couleur attestent du caractère individuel.</span></p>
<p><span style="color: #000000;"><strong>Informations supplémentaires:</strong></span></p>
<ul>
<li><span style="color: #000000;">Style: Industriel</span></li>
<li><span style="color: #000000;">Épaisseur du plateau: 7,5 cm</span></li>
<li><span style="color: #000000;">Nombre de jambes: 2</span></li>
<li><span style="color: #000000;">Nombre de boîtes: 1</span></li>
</ul>
<p><span style="color: #000000;"><strong>Nombre de personnes à table:</strong></span></p>
<p><span style="color: #000000;">160x90x76: 6</span><br />
<span style="color: #000000;">180x90x76: 6</span><br />
<span style="color: #000000;">200x90x76: 6</span><br />
<span style="color: #000000;">220x95x76: 6</span><br />
<span style="color: #000000;">240x100x76: 8</span></p>
<p><span style="color: #000000;"><strong>Poids avec emballage inclus:</strong></span></p>
<p><span style="color: #000000;">160x90x76: 62,3 kg</span><br />
<span style="color: #000000;">180x90x76: 63,6 kg</span><br />
<span style="color: #000000;">200x90x76: 71,9 kg</span><br />
<span style="color: #000000;">220x95x76: 76,9 kg</span><br />
<span style="color: #000000;">240x100x76: 81,9 kg</span></p>
<p><span style="color: #000000;"><strong>Taille du paquet:</strong></span></p>
<p><span style="color: #000000;">160x90x76: 96x158x21 cm</span><br />
<span style="color: #000000;">180x90x76: 98x170x20 cm</span><br />
<span style="color: #000000;">200x90x76: 205x81x95 cm</span><br />
<span style="color: #000000;">220x95x76: 101x211x20 cm</span><br />
<span style="color: #000000;">240x100x76: 106x245x21 cm</span></p>
<p><i class="fas fa-check-circle description-icon-green" aria-hidden="true"></i><span style="color: #ff6600;"> Les tables ne sont pas assemblées.</span><br />
<i class="fas fa-check-circle description-icon-green" aria-hidden="true"></i><span style="color: #339966;"> Les plateaux de table ne sont pas pré-percés.</span><br />
<i class="fas fa-check-circle description-icon-green" aria-hidden="true"></i><span style="color: #ff6600;"> Les vis sont incluses si les plateaux de table sont commandés avec les pieds de table.</span><br />
<i class="fas fa-check-circle description-icon-green" aria-hidden="true"></i><span style="color: #339966;"> Le matériel nécessaire pour l’assemblage est inclus dans la boîte.</span></p>

<p>La table à manger Brussels a une surface en bois de manguier brut. Elle est combinée avec la base en</p>
