{"id":82643,"date":"2022-02-09T15:42:51","date_gmt":"2022-02-09T15:42:51","guid":{"rendered":"https:\/\/horecacenter.com\/?post_type=product&#038;p=82643"},"modified":"2025-12-31T09:46:11","modified_gmt":"2025-12-31T09:46:11","slug":"table-a-manger-en-hetre-mexico-90x180-cm-avec-cadre-matrix","status":"publish","type":"product","link":"https:\/\/horecacenter.com\/fr\/produit\/table-a-manger-en-hetre-mexico-90x180-cm-avec-cadre-matrix\/","title":{"rendered":"Table \u00e0 Manger de Restaurant en Arbre Avec Pied &#8211; MEXICO"},"content":{"rendered":"<p><span style=\"color: #000000;\">Une table en bois massif rayonne de chaleur et d&rsquo;authenticit\u00e9 et ne montre pas facilement les dommages ou les rayures.<br \/>\nId\u00e9ale pour une utilisation \u00e0 long terme et \u00e0 un prix abordable.<\/span><\/p>\n<p><i class=\"fas fa-check-circle description-icon-green\" aria-hidden=\"true\"><\/i><span style=\"color: #ff6600;\"> Les tables ne sont pas assembl\u00e9es.<\/span><br \/>\n<i class=\"fas fa-check-circle description-icon-green\" aria-hidden=\"true\"><\/i><span style=\"color: #339966;\"> Les plateaux de table ne sont pas pr\u00e9-perc\u00e9s.<\/span><br \/>\n<i class=\"fas fa-check-circle description-icon-green\" aria-hidden=\"true\"><\/i><span style=\"color: #ff6600;\"> Les vis sont incluses si les plateaux de table sont command\u00e9s avec les pieds de table.<\/span><br \/>\n<i class=\"fas fa-check-circle description-icon-green\" aria-hidden=\"true\"><\/i><span style=\"color: #339966;\"> Le mat\u00e9riel n\u00e9cessaire pour l\u2019assemblage est inclus dans la bo\u00eete.<\/span><\/p>\n","protected":false},"excerpt":{"rendered":"<p>Une table en bois massif rayonne de chaleur et d&rsquo;authenticit\u00e9 et ne montre pas facilement les dommages ou les rayures.<\/p>\n","protected":false},"featured_media":82652,"comment_status":"open","ping_status":"closed","template":"","meta":[],"product_brand":[],"product_cat":[16562,16566,10364,10368],"product_tag":[10730,10731,10732,10733,10744,10745,10746,10747,10748,10749,10660,10750,10663,10787,10664,11006,10665,10666,10667],"class_list":{"0":"post-82643","1":"product","2":"type-product","3":"status-publish","4":"has-post-thumbnail","6":"product_cat-mexico-assortiment-de-table","7":"product_cat-mexico-assortiment-de-table-fr","8":"product_cat-tables-a-manger","9":"product_cat-tables-a-manger-fr","10":"product_tag-tables-5","11":"product_tag-tables-horeca","12":"product_tag-horeca-tables","13":"product_tag-tische-3","14":"product_tag-tafel-onderstel","15":"product_tag-restaurant-tafels","16":"product_tag-tables-de-restaurant","17":"product_tag-pied-de-table","18":"product_tag-restaurant-tables","19":"product_tag-restaurant-tabellen","20":"product_tag-restaurant-meubelen","21":"product_tag-horeca-tabellen","22":"product_tag-meubles-de-restaurant","23":"product_tag-table-2","24":"product_tag-restaurant-furniture","25":"product_tag-tafel","26":"product_tag-restaurant-m-bel","27":"product_tag-table-base","28":"product_tag-tischbasis","29":"pa_dimension-100x180-cm-fr","30":"pa_dimension-100x200-cm-fr","31":"pa_dimension-100x220-cm-fr","32":"pa_dimension-90x180-cm-fr","33":"pa_product-frame-color-noir-framecolor-fr","34":"pa_product-more-dimensions-oui-fr","35":"pa_product-seats-6-seats-fr","36":"pa_product-tabletop-color-aspect-bois-tabletop-color-fr","37":"pa_product-usage-usage-interieur-fr","38":"pa_table-height-cm-76-cm-fr","40":"first","41":"instock","42":"sale","43":"taxable","44":"shipping-taxable","45":"purchasable","46":"product-type-variable","47":"hc-var-dimension"},"_links":{"self":[{"href":"https:\/\/horecacenter.com\/fr\/wp-json\/wp\/v2\/product\/82643","targetHints":{"allow":["GET"]}}],"collection":[{"href":"https:\/\/horecacenter.com\/fr\/wp-json\/wp\/v2\/product"}],"about":[{"href":"https:\/\/horecacenter.com\/fr\/wp-json\/wp\/v2\/types\/product"}],"replies":[{"embeddable":true,"href":"https:\/\/horecacenter.com\/fr\/wp-json\/wp\/v2\/comments?post=82643"}],"version-history":[{"count":1,"href":"https:\/\/horecacenter.com\/fr\/wp-json\/wp\/v2\/product\/82643\/revisions"}],"predecessor-version":[{"id":174209,"href":"https:\/\/horecacenter.com\/fr\/wp-json\/wp\/v2\/product\/82643\/revisions\/174209"}],"wp:featuredmedia":[{"embeddable":true,"href":"https:\/\/horecacenter.com\/fr\/wp-json\/wp\/v2\/media\/82652"}],"wp:attachment":[{"href":"https:\/\/horecacenter.com\/fr\/wp-json\/wp\/v2\/media?parent=82643"}],"wp:term":[{"taxonomy":"product_brand","embeddable":true,"href":"https:\/\/horecacenter.com\/fr\/wp-json\/wp\/v2\/product_brand?post=82643"},{"taxonomy":"product_cat","embeddable":true,"href":"https:\/\/horecacenter.com\/fr\/wp-json\/wp\/v2\/product_cat?post=82643"},{"taxonomy":"product_tag","embeddable":true,"href":"https:\/\/horecacenter.com\/fr\/wp-json\/wp\/v2\/product_tag?post=82643"}],"curies":[{"name":"wp","href":"https:\/\/api.w.org\/{rel}","templated":true}]}}

Table à Manger de Restaurant en Arbre Avec Pied &#8211; MEXICO

<p><span style="color: #000000;">Une table en bois massif rayonne de chaleur et d&rsquo;authenticité et ne montre pas facilement les dommages ou les rayures.<br />
Idéale pour une utilisation à long terme et à un prix abordable.</span></p>
<p><i class="fas fa-check-circle description-icon-green" aria-hidden="true"></i><span style="color: #ff6600;"> Les tables ne sont pas assemblées.</span><br />
<i class="fas fa-check-circle description-icon-green" aria-hidden="true"></i><span style="color: #339966;"> Les plateaux de table ne sont pas pré-percés.</span><br />
<i class="fas fa-check-circle description-icon-green" aria-hidden="true"></i><span style="color: #ff6600;"> Les vis sont incluses si les plateaux de table sont commandés avec les pieds de table.</span><br />
<i class="fas fa-check-circle description-icon-green" aria-hidden="true"></i><span style="color: #339966;"> Le matériel nécessaire pour l’assemblage est inclus dans la boîte.</span></p>

<p>Une table en bois massif rayonne de chaleur et d&rsquo;authenticité et ne montre pas facilement les dommages ou les rayures.</p>
