{"id":82688,"date":"2022-02-10T15:18:54","date_gmt":"2022-02-10T15:18:54","guid":{"rendered":"https:\/\/horecacenter.com\/?post_type=product&#038;p=82688"},"modified":"2025-12-31T09:46:10","modified_gmt":"2025-12-31T09:46:10","slug":"table-a-manger-de-cafe-restaurant-et-horeca-dublin-k3-100x180-cm-avec-base-matrix","status":"publish","type":"product","link":"https:\/\/horecacenter.com\/fr\/produit\/table-a-manger-de-cafe-restaurant-et-horeca-dublin-k3-100x180-cm-avec-base-matrix\/","title":{"rendered":"Table \u00e0 Manger Pour Restaurant Avec Pied &#8211; DUBLIN K3 &#8211; M\u00e9lamine"},"content":{"rendered":"<p><i class=\"fas fa-check-circle description-icon-green\" aria-hidden=\"true\"><\/i><span style=\"color: #ff6600\"> Les tables ne sont pas assembl\u00e9es.<\/span><br \/>\n<i class=\"fas fa-check-circle description-icon-green\" aria-hidden=\"true\"><\/i><span style=\"color: #339966\"> Les plateaux de table ne sont pas pr\u00e9-perc\u00e9s.<\/span><br \/>\n<i class=\"fas fa-check-circle description-icon-green\" aria-hidden=\"true\"><\/i><span style=\"color: #ff6600\"> Les vis sont incluses si les plateaux de table sont command\u00e9s avec les pieds de table.<\/span><br \/>\n<i class=\"fas fa-check-circle description-icon-green\" aria-hidden=\"true\"><\/i><span style=\"color: #339966\"> Le mat\u00e9riel n\u00e9cessaire pour l\u2019assemblage est inclus dans la bo\u00eete.<\/span><\/p>\n","protected":false},"excerpt":{"rendered":"<p>Les tables ne sont pas assembl\u00e9es. Les plateaux de table ne sont pas pr\u00e9-perc\u00e9s. Les vis sont incluses si les<\/p>\n","protected":false},"featured_media":82695,"comment_status":"open","ping_status":"closed","template":"","meta":[],"product_brand":[],"product_cat":[10024,10364,10368,10372],"product_tag":[10744,10745,10746,10747,10660,10748,10663,10749,10664,10750,10665,10666,10667,10727,10729,10730,10731,10732,10733],"class_list":{"0":"post-82688","1":"product","2":"type-product","3":"status-publish","4":"has-post-thumbnail","6":"product_cat-dublin-k3-assortiment-de-table","7":"product_cat-tables-a-manger","8":"product_cat-tables-a-manger-fr","9":"product_cat-tables-a-manger-fr-2","10":"product_tag-tafel-onderstel","11":"product_tag-restaurant-tafels","12":"product_tag-tables-de-restaurant","13":"product_tag-pied-de-table","14":"product_tag-restaurant-meubelen","15":"product_tag-restaurant-tables","16":"product_tag-meubles-de-restaurant","17":"product_tag-restaurant-tabellen","18":"product_tag-restaurant-furniture","19":"product_tag-horeca-tabellen","20":"product_tag-restaurant-m-bel","21":"product_tag-table-base","22":"product_tag-tischbasis","23":"product_tag-tafels-3","24":"product_tag-horeca-tafels","25":"product_tag-tables-5","26":"product_tag-tables-horeca","27":"product_tag-horeca-tables","28":"product_tag-tische-3","29":"pa_dimension-100x180-cm-fr","30":"pa_dimension-100x200-cm-fr","31":"pa_dimension-100x220-cm-fr","32":"pa_product-frame-color-noir-framecolor-fr","33":"pa_product-more-colors-oui-fr","34":"pa_product-more-dimensions-oui-fr","35":"pa_product-seats-6-seats-fr","36":"pa_product-tabletop-color-aspect-bois-tabletop-color-fr","37":"pa_product-usage-usage-interieur-fr","38":"pa_table-height-cm-7750-cm-fr","40":"first","41":"instock","42":"sale","43":"taxable","44":"shipping-taxable","45":"purchasable","46":"product-type-variable","47":"hc-var-dimension"},"_links":{"self":[{"href":"https:\/\/horecacenter.com\/fr\/wp-json\/wp\/v2\/product\/82688","targetHints":{"allow":["GET"]}}],"collection":[{"href":"https:\/\/horecacenter.com\/fr\/wp-json\/wp\/v2\/product"}],"about":[{"href":"https:\/\/horecacenter.com\/fr\/wp-json\/wp\/v2\/types\/product"}],"replies":[{"embeddable":true,"href":"https:\/\/horecacenter.com\/fr\/wp-json\/wp\/v2\/comments?post=82688"}],"version-history":[{"count":1,"href":"https:\/\/horecacenter.com\/fr\/wp-json\/wp\/v2\/product\/82688\/revisions"}],"predecessor-version":[{"id":174207,"href":"https:\/\/horecacenter.com\/fr\/wp-json\/wp\/v2\/product\/82688\/revisions\/174207"}],"wp:featuredmedia":[{"embeddable":true,"href":"https:\/\/horecacenter.com\/fr\/wp-json\/wp\/v2\/media\/82695"}],"wp:attachment":[{"href":"https:\/\/horecacenter.com\/fr\/wp-json\/wp\/v2\/media?parent=82688"}],"wp:term":[{"taxonomy":"product_brand","embeddable":true,"href":"https:\/\/horecacenter.com\/fr\/wp-json\/wp\/v2\/product_brand?post=82688"},{"taxonomy":"product_cat","embeddable":true,"href":"https:\/\/horecacenter.com\/fr\/wp-json\/wp\/v2\/product_cat?post=82688"},{"taxonomy":"product_tag","embeddable":true,"href":"https:\/\/horecacenter.com\/fr\/wp-json\/wp\/v2\/product_tag?post=82688"}],"curies":[{"name":"wp","href":"https:\/\/api.w.org\/{rel}","templated":true}]}}

Table à Manger Pour Restaurant Avec Pied &#8211; DUBLIN K3 &#8211; Mélamine

<p><i class="fas fa-check-circle description-icon-green" aria-hidden="true"></i><span style="color: #ff6600"> Les tables ne sont pas assemblées.</span><br />
<i class="fas fa-check-circle description-icon-green" aria-hidden="true"></i><span style="color: #339966"> Les plateaux de table ne sont pas pré-percés.</span><br />
<i class="fas fa-check-circle description-icon-green" aria-hidden="true"></i><span style="color: #ff6600"> Les vis sont incluses si les plateaux de table sont commandés avec les pieds de table.</span><br />
<i class="fas fa-check-circle description-icon-green" aria-hidden="true"></i><span style="color: #339966"> Le matériel nécessaire pour l’assemblage est inclus dans la boîte.</span></p>

<p>Les tables ne sont pas assemblées. Les plateaux de table ne sont pas pré-percés. Les vis sont incluses si les</p>
