{"id":83432,"date":"2022-05-21T10:38:31","date_gmt":"2022-05-21T10:38:31","guid":{"rendered":"https:\/\/horecacenter.com\/?post_type=product&#038;p=83432"},"modified":"2025-10-21T14:32:19","modified_gmt":"2025-10-21T14:32:19","slug":"table-de-terrasse-de-cafe-restaurant-et-horeca-werzalit-blanchas-brown-70x70-cm","status":"publish","type":"product","link":"https:\/\/horecacenter.com\/fr\/produit\/table-de-terrasse-de-cafe-restaurant-et-horeca-werzalit-blanchas-brown-70x70-cm\/","title":{"rendered":"Table Pour Terrasse de Restaurant &#8211; WERZALIT BLANCHAS BROWN &#8211; 70&#215;70 cm"},"content":{"rendered":"<p><span style=\"color: #000000\">Convient \u00e0 la terrasse, r\u00e9sistant \u00e0 la pluie.<\/span><\/p>\n<p><i class=\"fas fa-check-circle description-icon-green\" aria-hidden=\"true\"><\/i><span style=\"color: #ff6600\"> Les tables ne sont pas assembl\u00e9es.<\/span><br \/>\n<i class=\"fas fa-check-circle description-icon-green\" aria-hidden=\"true\"><\/i><span style=\"color: #339966\"> Les plateaux de table ne sont pas pr\u00e9-perc\u00e9s.<\/span><br \/>\n<i class=\"fas fa-check-circle description-icon-green\" aria-hidden=\"true\"><\/i><span style=\"color: #ff6600\"> Les vis sont incluses si les plateaux de table sont command\u00e9s avec les pieds de table.<\/span><br \/>\n<i class=\"fas fa-check-circle description-icon-green\" aria-hidden=\"true\"><\/i><span style=\"color: #339966\"> Le mat\u00e9riel n\u00e9cessaire pour l\u2019assemblage est inclus dans la bo\u00eete.<\/span><\/p>\n","protected":false},"excerpt":{"rendered":"<p>Convient \u00e0 la terrasse, r\u00e9sistant \u00e0 la pluie. Les tables ne sont pas assembl\u00e9es. Les plateaux de table ne sont<\/p>\n","protected":false},"featured_media":83433,"comment_status":"open","ping_status":"closed","template":"","meta":[],"product_brand":[],"product_cat":[10188,10256],"product_tag":[10610,10660,10663,10664,10665,10727,10728,10729,10730,10731,10732,10733,10736,10533,10737,10535,10738,10540],"class_list":{"0":"post-83432","1":"product","2":"type-product","3":"status-publish","4":"has-post-thumbnail","6":"product_cat-60x60-tables-2","7":"product_cat-werzalit-marron-blanchas-assortiment-de-table","8":"product_tag-meubles-horeca","9":"product_tag-restaurant-meubelen","10":"product_tag-meubles-de-restaurant","11":"product_tag-restaurant-furniture","12":"product_tag-restaurant-m-bel","13":"product_tag-tafels-3","14":"product_tag-werzalit","15":"product_tag-horeca-tafels","16":"product_tag-tables-5","17":"product_tag-tables-horeca","18":"product_tag-horeca-tables","19":"product_tag-tische-3","20":"product_tag-terrassentisch-2","21":"product_tag-horeca-meubelen","22":"product_tag-horeca-tische","23":"product_tag-horeca-m-bel","24":"product_tag-terrastafels-2","25":"product_tag-horeca-furniture","26":"pa_frame-non-empilable-frame-fr","27":"pa_product-frame-color-aluminium-color-fr","28":"pa_product-more-colors-oui-fr","29":"pa_product-more-dimensions-oui-fr","30":"pa_product-tabletop-color-brun-tabletop-color-fr","31":"pa_product-tabletop-color-multicolore-tabletop-color-fr","32":"pa_product-usage-usage-interieur-fr","33":"pa_product-usage-usage-exterieur-fr","34":"pa_table-height-cm-75-cm-fr","36":"first","37":"instock","38":"sale","39":"taxable","40":"shipping-taxable","41":"purchasable","42":"product-type-simple"},"_links":{"self":[{"href":"https:\/\/horecacenter.com\/fr\/wp-json\/wp\/v2\/product\/83432","targetHints":{"allow":["GET"]}}],"collection":[{"href":"https:\/\/horecacenter.com\/fr\/wp-json\/wp\/v2\/product"}],"about":[{"href":"https:\/\/horecacenter.com\/fr\/wp-json\/wp\/v2\/types\/product"}],"replies":[{"embeddable":true,"href":"https:\/\/horecacenter.com\/fr\/wp-json\/wp\/v2\/comments?post=83432"}],"version-history":[{"count":0,"href":"https:\/\/horecacenter.com\/fr\/wp-json\/wp\/v2\/product\/83432\/revisions"}],"wp:featuredmedia":[{"embeddable":true,"href":"https:\/\/horecacenter.com\/fr\/wp-json\/wp\/v2\/media\/83433"}],"wp:attachment":[{"href":"https:\/\/horecacenter.com\/fr\/wp-json\/wp\/v2\/media?parent=83432"}],"wp:term":[{"taxonomy":"product_brand","embeddable":true,"href":"https:\/\/horecacenter.com\/fr\/wp-json\/wp\/v2\/product_brand?post=83432"},{"taxonomy":"product_cat","embeddable":true,"href":"https:\/\/horecacenter.com\/fr\/wp-json\/wp\/v2\/product_cat?post=83432"},{"taxonomy":"product_tag","embeddable":true,"href":"https:\/\/horecacenter.com\/fr\/wp-json\/wp\/v2\/product_tag?post=83432"}],"curies":[{"name":"wp","href":"https:\/\/api.w.org\/{rel}","templated":true}]}}

<p><span style="color: #000000">Convient à la terrasse, résistant à la pluie.</span></p>
<p><i class="fas fa-check-circle description-icon-green" aria-hidden="true"></i><span style="color: #ff6600"> Les tables ne sont pas assemblées.</span><br />
<i class="fas fa-check-circle description-icon-green" aria-hidden="true"></i><span style="color: #339966"> Les plateaux de table ne sont pas pré-percés.</span><br />
<i class="fas fa-check-circle description-icon-green" aria-hidden="true"></i><span style="color: #ff6600"> Les vis sont incluses si les plateaux de table sont commandés avec les pieds de table.</span><br />
<i class="fas fa-check-circle description-icon-green" aria-hidden="true"></i><span style="color: #339966"> Le matériel nécessaire pour l’assemblage est inclus dans la boîte.</span></p>

<p>Convient à la terrasse, résistant à la pluie. Les tables ne sont pas assemblées. Les plateaux de table ne sont</p>
