{"id":83717,"date":"2022-05-25T11:55:19","date_gmt":"2022-05-25T11:55:19","guid":{"rendered":"https:\/\/horecacenter.com\/?post_type=product&#038;p=83717"},"modified":"2025-10-20T13:15:58","modified_gmt":"2025-10-20T13:15:58","slug":"table-de-terrasse-ronde-de-cafe-restaurant-et-horeca-werzalit-white-block-60-cm","status":"publish","type":"product","link":"https:\/\/horecacenter.com\/fr\/produit\/table-de-terrasse-ronde-de-cafe-restaurant-et-horeca-werzalit-white-block-60-cm\/","title":{"rendered":"Table Pour Terrasse de Restaurant &#8211; WERZALIT WHITE BLOCK &#8211; \u00d860 cm"},"content":{"rendered":"<p><span style=\"color: #000000\">Convient \u00e0 la terrasse, r\u00e9sistant \u00e0 la pluie.<\/span><\/p>\n<p><i class=\"fas fa-check-circle description-icon-green\" aria-hidden=\"true\"><\/i><span style=\"color: #ff6600\"> Les tables ne sont pas assembl\u00e9es.<\/span><br \/>\n<i class=\"fas fa-check-circle description-icon-green\" aria-hidden=\"true\"><\/i><span style=\"color: #339966\"> Les plateaux de table ne sont pas pr\u00e9-perc\u00e9s.<\/span><br \/>\n<i class=\"fas fa-check-circle description-icon-green\" aria-hidden=\"true\"><\/i><span style=\"color: #ff6600\"> Les vis sont incluses si les plateaux de table sont command\u00e9s avec les pieds de table.<\/span><br \/>\n<i class=\"fas fa-check-circle description-icon-green\" aria-hidden=\"true\"><\/i><span style=\"color: #339966\"> Le mat\u00e9riel n\u00e9cessaire pour l\u2019assemblage est inclus dans la bo\u00eete.<\/span><\/p>\n","protected":false},"excerpt":{"rendered":"<p>Convient \u00e0 la terrasse, r\u00e9sistant \u00e0 la pluie. Les tables ne sont pas assembl\u00e9es. Les plateaux de table ne sont<\/p>\n","protected":false},"featured_media":83105,"comment_status":"open","ping_status":"closed","template":"","meta":[],"product_brand":[],"product_cat":[10000],"product_tag":[10729,10730,10731,10732,10736,10737,10738,10533,10535,10540,10610,10663,10664,10665,10727,10728],"class_list":{"0":"post-83717","1":"product","2":"type-product","3":"status-publish","4":"has-post-thumbnail","6":"product_cat-werzalit-white-block-assortiment-de-table","7":"product_tag-horeca-tafels","8":"product_tag-tables-5","9":"product_tag-tables-horeca","10":"product_tag-horeca-tables","11":"product_tag-terrassentisch-2","12":"product_tag-horeca-tische","13":"product_tag-terrastafels-2","14":"product_tag-horeca-meubelen","15":"product_tag-horeca-m-bel","16":"product_tag-horeca-furniture","17":"product_tag-meubles-horeca","18":"product_tag-meubles-de-restaurant","19":"product_tag-restaurant-furniture","20":"product_tag-restaurant-m-bel","21":"product_tag-tafels-3","22":"product_tag-werzalit","23":"pa_frame-non-empilable-frame-fr","24":"pa_product-frame-color-noir-framecolor-fr","25":"pa_product-more-colors-oui-fr","26":"pa_product-more-dimensions-oui-fr","27":"pa_product-tabletop-color-blanc-tabletop-color-fr","28":"pa_product-tabletop-color-multicolore-tabletop-color-fr","29":"pa_product-usage-usage-interieur-fr","30":"pa_product-usage-usage-exterieur-fr","31":"pa_table-height-cm-72-cm-fr","33":"first","34":"outofstock","35":"sale","36":"taxable","37":"shipping-taxable","38":"purchasable","39":"product-type-simple"},"_links":{"self":[{"href":"https:\/\/horecacenter.com\/fr\/wp-json\/wp\/v2\/product\/83717","targetHints":{"allow":["GET"]}}],"collection":[{"href":"https:\/\/horecacenter.com\/fr\/wp-json\/wp\/v2\/product"}],"about":[{"href":"https:\/\/horecacenter.com\/fr\/wp-json\/wp\/v2\/types\/product"}],"replies":[{"embeddable":true,"href":"https:\/\/horecacenter.com\/fr\/wp-json\/wp\/v2\/comments?post=83717"}],"version-history":[{"count":0,"href":"https:\/\/horecacenter.com\/fr\/wp-json\/wp\/v2\/product\/83717\/revisions"}],"wp:featuredmedia":[{"embeddable":true,"href":"https:\/\/horecacenter.com\/fr\/wp-json\/wp\/v2\/media\/83105"}],"wp:attachment":[{"href":"https:\/\/horecacenter.com\/fr\/wp-json\/wp\/v2\/media?parent=83717"}],"wp:term":[{"taxonomy":"product_brand","embeddable":true,"href":"https:\/\/horecacenter.com\/fr\/wp-json\/wp\/v2\/product_brand?post=83717"},{"taxonomy":"product_cat","embeddable":true,"href":"https:\/\/horecacenter.com\/fr\/wp-json\/wp\/v2\/product_cat?post=83717"},{"taxonomy":"product_tag","embeddable":true,"href":"https:\/\/horecacenter.com\/fr\/wp-json\/wp\/v2\/product_tag?post=83717"}],"curies":[{"name":"wp","href":"https:\/\/api.w.org\/{rel}","templated":true}]}}

Table Pour Terrasse de Restaurant &#8211; WERZALIT WHITE BLOCK &#8211; Ø60 cm

<p><span style="color: #000000">Convient à la terrasse, résistant à la pluie.</span></p>
<p><i class="fas fa-check-circle description-icon-green" aria-hidden="true"></i><span style="color: #ff6600"> Les tables ne sont pas assemblées.</span><br />
<i class="fas fa-check-circle description-icon-green" aria-hidden="true"></i><span style="color: #339966"> Les plateaux de table ne sont pas pré-percés.</span><br />
<i class="fas fa-check-circle description-icon-green" aria-hidden="true"></i><span style="color: #ff6600"> Les vis sont incluses si les plateaux de table sont commandés avec les pieds de table.</span><br />
<i class="fas fa-check-circle description-icon-green" aria-hidden="true"></i><span style="color: #339966"> Le matériel nécessaire pour l’assemblage est inclus dans la boîte.</span></p>

<p>Convient à la terrasse, résistant à la pluie. Les tables ne sont pas assemblées. Les plateaux de table ne sont</p>
