{"id":85340,"date":"2022-07-27T12:19:25","date_gmt":"2022-07-27T12:19:25","guid":{"rendered":"https:\/\/horecacenter.com\/?post_type=product&#038;p=85340"},"modified":"2026-03-18T09:57:13","modified_gmt":"2026-03-18T09:57:13","slug":"table-haute-de-cafe-restaurant-et-horeca-madrid-noir-70x70-hauteur-111-cm-b-339h","status":"publish","type":"product","link":"https:\/\/horecacenter.com\/fr\/produit\/table-haute-de-cafe-restaurant-et-horeca-madrid-noir-70x70-hauteur-111-cm-b-339h\/","title":{"rendered":"Table de Restaurant Haute Avec Pied &#8211; MADRID NOIR &#8211; 70&#215;70 &#8211; Hauteur 111 cm"},"content":{"rendered":"<p><i class=\"fas fa-check-circle description-icon-green\" aria-hidden=\"true\"><\/i><span style=\"color: #ff6600;\"> Les tables ne sont pas assembl\u00e9es.<\/span><br \/>\n<i class=\"fas fa-check-circle description-icon-green\" aria-hidden=\"true\"><\/i><span style=\"color: #339966;\"> Les plateaux de table ne sont pas pr\u00e9-perc\u00e9s.<\/span><br \/>\n<i class=\"fas fa-check-circle description-icon-green\" aria-hidden=\"true\"><\/i><span style=\"color: #ff6600;\"> Les vis sont incluses si les plateaux de table sont command\u00e9s avec les pieds de table.<\/span><br \/>\n<i class=\"fas fa-check-circle description-icon-green\" aria-hidden=\"true\"><\/i><span style=\"color: #339966;\"> Le mat\u00e9riel n\u00e9cessaire pour l\u2019assemblage est inclus dans la bo\u00eete.<\/span><\/p>\n","protected":false},"excerpt":{"rendered":"<p>Les tables ne sont pas assembl\u00e9es. Les plateaux de table ne sont pas pr\u00e9-perc\u00e9s. Les vis sont incluses si les<\/p>\n","protected":false},"featured_media":85341,"comment_status":"open","ping_status":"closed","template":"","meta":[],"product_brand":[],"product_cat":[10320,10276],"product_tag":[10666,10667,10727,10729,10730,10731,10732,10733,10744,10745,10746,10747,10660,10748,10663,10749,10664,10750,10665,10787],"class_list":{"0":"post-85340","1":"product","2":"type-product","3":"status-publish","4":"has-post-thumbnail","6":"product_cat-madrid-noir-assortiment-de-table-fr","7":"product_cat-tables-hautes-mange-debout","8":"product_tag-table-base","9":"product_tag-tischbasis","10":"product_tag-tafels-3","11":"product_tag-horeca-tafels","12":"product_tag-tables-5","13":"product_tag-tables-horeca","14":"product_tag-horeca-tables","15":"product_tag-tische-3","16":"product_tag-tafel-onderstel","17":"product_tag-restaurant-tafels","18":"product_tag-tables-de-restaurant","19":"product_tag-pied-de-table","20":"product_tag-restaurant-meubelen","21":"product_tag-restaurant-tables","22":"product_tag-meubles-de-restaurant","23":"product_tag-restaurant-tabellen","24":"product_tag-restaurant-furniture","25":"product_tag-horeca-tabellen","26":"product_tag-restaurant-m-bel","27":"product_tag-table-2","28":"pa_product-frame-color-noir-framecolor-fr","29":"pa_product-more-colors-oui-fr","30":"pa_product-more-dimensions-oui-fr","31":"pa_product-seats-2-seats-fr","32":"pa_product-tabletop-color-noir-tabletop-color-fr","33":"pa_product-usage-usage-interieur-fr","34":"pa_table-height-cm-111-cm-fr","36":"first","37":"instock","38":"sale","39":"taxable","40":"shipping-taxable","41":"purchasable","42":"product-type-simple"},"_links":{"self":[{"href":"https:\/\/horecacenter.com\/fr\/wp-json\/wp\/v2\/product\/85340","targetHints":{"allow":["GET"]}}],"collection":[{"href":"https:\/\/horecacenter.com\/fr\/wp-json\/wp\/v2\/product"}],"about":[{"href":"https:\/\/horecacenter.com\/fr\/wp-json\/wp\/v2\/types\/product"}],"replies":[{"embeddable":true,"href":"https:\/\/horecacenter.com\/fr\/wp-json\/wp\/v2\/comments?post=85340"}],"version-history":[{"count":1,"href":"https:\/\/horecacenter.com\/fr\/wp-json\/wp\/v2\/product\/85340\/revisions"}],"predecessor-version":[{"id":174786,"href":"https:\/\/horecacenter.com\/fr\/wp-json\/wp\/v2\/product\/85340\/revisions\/174786"}],"wp:featuredmedia":[{"embeddable":true,"href":"https:\/\/horecacenter.com\/fr\/wp-json\/wp\/v2\/media\/85341"}],"wp:attachment":[{"href":"https:\/\/horecacenter.com\/fr\/wp-json\/wp\/v2\/media?parent=85340"}],"wp:term":[{"taxonomy":"product_brand","embeddable":true,"href":"https:\/\/horecacenter.com\/fr\/wp-json\/wp\/v2\/product_brand?post=85340"},{"taxonomy":"product_cat","embeddable":true,"href":"https:\/\/horecacenter.com\/fr\/wp-json\/wp\/v2\/product_cat?post=85340"},{"taxonomy":"product_tag","embeddable":true,"href":"https:\/\/horecacenter.com\/fr\/wp-json\/wp\/v2\/product_tag?post=85340"}],"curies":[{"name":"wp","href":"https:\/\/api.w.org\/{rel}","templated":true}]}}

<p><i class="fas fa-check-circle description-icon-green" aria-hidden="true"></i><span style="color: #ff6600;"> Les tables ne sont pas assemblées.</span><br />
<i class="fas fa-check-circle description-icon-green" aria-hidden="true"></i><span style="color: #339966;"> Les plateaux de table ne sont pas pré-percés.</span><br />
<i class="fas fa-check-circle description-icon-green" aria-hidden="true"></i><span style="color: #ff6600;"> Les vis sont incluses si les plateaux de table sont commandés avec les pieds de table.</span><br />
<i class="fas fa-check-circle description-icon-green" aria-hidden="true"></i><span style="color: #339966;"> Le matériel nécessaire pour l’assemblage est inclus dans la boîte.</span></p>

<p>Les tables ne sont pas assemblées. Les plateaux de table ne sont pas pré-percés. Les vis sont incluses si les</p>
