{"id":85479,"date":"2022-08-01T08:11:25","date_gmt":"2022-08-01T08:11:25","guid":{"rendered":"https:\/\/horecacenter.com\/?post_type=product&#038;p=85479"},"modified":"2026-03-19T07:02:49","modified_gmt":"2026-03-19T07:02:49","slug":"table-haute-de-cafe-restaurant-et-horeca-dublin-k2-70x70-hauteur-110-cm-b-323-110","status":"publish","type":"product","link":"https:\/\/horecacenter.com\/fr\/produit\/table-haute-de-cafe-restaurant-et-horeca-dublin-k2-70x70-hauteur-110-cm-b-323-110\/","title":{"rendered":"Table de Restaurant Haute Avec Pied &#8211; DUBLIN K2 &#8211; 70&#215;70 &#8211; Hauteur 110 cm"},"content":{"rendered":"<p><i class=\"fas fa-check-circle description-icon-green\" aria-hidden=\"true\"><\/i><span style=\"color: #ff6600;\"> Les tables ne sont pas assembl\u00e9es.<\/span><br \/>\n<i class=\"fas fa-check-circle description-icon-green\" aria-hidden=\"true\"><\/i><span style=\"color: #339966;\"> Les plateaux de table ne sont pas pr\u00e9-perc\u00e9s.<\/span><br \/>\n<i class=\"fas fa-check-circle description-icon-green\" aria-hidden=\"true\"><\/i><span style=\"color: #ff6600;\"> Les vis sont incluses si les plateaux de table sont command\u00e9s avec les pieds de table.<\/span><br \/>\n<i class=\"fas fa-check-circle description-icon-green\" aria-hidden=\"true\"><\/i><span style=\"color: #339966;\"> Le mat\u00e9riel n\u00e9cessaire pour l\u2019assemblage est inclus dans la bo\u00eete.<\/span><\/p>\n","protected":false},"excerpt":{"rendered":"<p>Les tables ne sont pas assembl\u00e9es. Les plateaux de table ne sont pas pr\u00e9-perc\u00e9s. Les vis sont incluses si les<\/p>\n","protected":false},"featured_media":85480,"comment_status":"open","ping_status":"closed","template":"","meta":[],"product_brand":[],"product_cat":[10020,10276],"product_tag":[10731,10732,10733,10744,10745,10746,10747,10748,10660,10749,10663,10750,10664,10787,10665,10667,10727,10729,10730],"class_list":{"0":"post-85479","1":"product","2":"type-product","3":"status-publish","4":"has-post-thumbnail","6":"product_cat-dublin-k2-assortiment-de-table","7":"product_cat-tables-hautes-mange-debout","8":"product_tag-tables-horeca","9":"product_tag-horeca-tables","10":"product_tag-tische-3","11":"product_tag-tafel-onderstel","12":"product_tag-restaurant-tafels","13":"product_tag-tables-de-restaurant","14":"product_tag-pied-de-table","15":"product_tag-restaurant-tables","16":"product_tag-restaurant-meubelen","17":"product_tag-restaurant-tabellen","18":"product_tag-meubles-de-restaurant","19":"product_tag-horeca-tabellen","20":"product_tag-restaurant-furniture","21":"product_tag-table-2","22":"product_tag-restaurant-m-bel","23":"product_tag-tischbasis","24":"product_tag-tafels-3","25":"product_tag-horeca-tafels","26":"product_tag-tables-5","27":"pa_product-frame-color-noir-framecolor-fr","28":"pa_product-more-colors-oui-fr","29":"pa_product-more-dimensions-oui-fr","30":"pa_product-seats-2-seats-fr","31":"pa_product-tabletop-color-aspect-bois-tabletop-color-fr","32":"pa_product-usage-usage-interieur-fr","33":"pa_table-height-cm-110-cm-fr","35":"first","36":"instock","37":"sale","38":"taxable","39":"shipping-taxable","40":"purchasable","41":"product-type-simple"},"_links":{"self":[{"href":"https:\/\/horecacenter.com\/fr\/wp-json\/wp\/v2\/product\/85479","targetHints":{"allow":["GET"]}}],"collection":[{"href":"https:\/\/horecacenter.com\/fr\/wp-json\/wp\/v2\/product"}],"about":[{"href":"https:\/\/horecacenter.com\/fr\/wp-json\/wp\/v2\/types\/product"}],"replies":[{"embeddable":true,"href":"https:\/\/horecacenter.com\/fr\/wp-json\/wp\/v2\/comments?post=85479"}],"version-history":[{"count":1,"href":"https:\/\/horecacenter.com\/fr\/wp-json\/wp\/v2\/product\/85479\/revisions"}],"predecessor-version":[{"id":174751,"href":"https:\/\/horecacenter.com\/fr\/wp-json\/wp\/v2\/product\/85479\/revisions\/174751"}],"wp:featuredmedia":[{"embeddable":true,"href":"https:\/\/horecacenter.com\/fr\/wp-json\/wp\/v2\/media\/85480"}],"wp:attachment":[{"href":"https:\/\/horecacenter.com\/fr\/wp-json\/wp\/v2\/media?parent=85479"}],"wp:term":[{"taxonomy":"product_brand","embeddable":true,"href":"https:\/\/horecacenter.com\/fr\/wp-json\/wp\/v2\/product_brand?post=85479"},{"taxonomy":"product_cat","embeddable":true,"href":"https:\/\/horecacenter.com\/fr\/wp-json\/wp\/v2\/product_cat?post=85479"},{"taxonomy":"product_tag","embeddable":true,"href":"https:\/\/horecacenter.com\/fr\/wp-json\/wp\/v2\/product_tag?post=85479"}],"curies":[{"name":"wp","href":"https:\/\/api.w.org\/{rel}","templated":true}]}}

<p><i class="fas fa-check-circle description-icon-green" aria-hidden="true"></i><span style="color: #ff6600;"> Les tables ne sont pas assemblées.</span><br />
<i class="fas fa-check-circle description-icon-green" aria-hidden="true"></i><span style="color: #339966;"> Les plateaux de table ne sont pas pré-percés.</span><br />
<i class="fas fa-check-circle description-icon-green" aria-hidden="true"></i><span style="color: #ff6600;"> Les vis sont incluses si les plateaux de table sont commandés avec les pieds de table.</span><br />
<i class="fas fa-check-circle description-icon-green" aria-hidden="true"></i><span style="color: #339966;"> Le matériel nécessaire pour l’assemblage est inclus dans la boîte.</span></p>

<p>Les tables ne sont pas assemblées. Les plateaux de table ne sont pas pré-percés. Les vis sont incluses si les</p>
