{"id":88029,"date":"2023-02-21T10:16:50","date_gmt":"2023-02-21T10:16:50","guid":{"rendered":"https:\/\/horecacenter.com\/?post_type=product&#038;p=88029"},"modified":"2026-03-25T06:26:17","modified_gmt":"2026-03-25T06:26:17","slug":"table-de-terrasse-de-cafe-restaurant-et-horeca-werzalit-porto-rosa-70-cm-b-320","status":"publish","type":"product","link":"https:\/\/horecacenter.com\/fr\/produit\/table-de-terrasse-de-cafe-restaurant-et-horeca-werzalit-porto-rosa-70-cm-b-320\/","title":{"rendered":"Table Pour Terrasse de Restaurant Ronde Avec Cerclage Chrome &#8211; WERZALIT PORTO ROSA &#8211; \u00d870 cm"},"content":{"rendered":"<p><i class=\"fas fa-check-circle description-icon-green\" aria-hidden=\"true\"><\/i><span style=\"color: #ff6600;\"> Les tables ne sont pas assembl\u00e9es.<\/span><br \/>\n<i class=\"fas fa-check-circle description-icon-green\" aria-hidden=\"true\"><\/i><span style=\"color: #339966;\"> Les plateaux de table ne sont pas pr\u00e9-perc\u00e9s.<\/span><br \/>\n<i class=\"fas fa-check-circle description-icon-green\" aria-hidden=\"true\"><\/i><span style=\"color: #ff6600;\"> Les vis sont incluses si les plateaux de table sont command\u00e9s avec les pieds de table.<\/span><br \/>\n<i class=\"fas fa-check-circle description-icon-green\" aria-hidden=\"true\"><\/i><span style=\"color: #339966;\"> Le mat\u00e9riel n\u00e9cessaire pour l\u2019assemblage est inclus dans la bo\u00eete.<\/span><\/p>\n","protected":false},"excerpt":{"rendered":"<p>Les tables ne sont pas assembl\u00e9es. Les plateaux de table ne sont pas pr\u00e9-perc\u00e9s. Les vis sont incluses si les<\/p>\n","protected":false},"featured_media":88025,"comment_status":"open","ping_status":"closed","template":"","meta":[],"product_brand":[],"product_cat":[10440],"product_tag":[10610,10660,10664,10665,10727,10728,10729,10730,10731,10732,10733,10737,10533,10535,10540],"class_list":{"0":"post-88029","1":"product","2":"type-product","3":"status-publish","4":"has-post-thumbnail","6":"product_cat-werzalit-tables-rondes-avec-assortiment-de-bagues-en-argent-or","7":"product_tag-meubles-horeca","8":"product_tag-restaurant-meubelen","9":"product_tag-restaurant-furniture","10":"product_tag-restaurant-m-bel","11":"product_tag-tafels-3","12":"product_tag-werzalit","13":"product_tag-horeca-tafels","14":"product_tag-tables-5","15":"product_tag-tables-horeca","16":"product_tag-horeca-tables","17":"product_tag-tische-3","18":"product_tag-horeca-tische","19":"product_tag-horeca-meubelen","20":"product_tag-horeca-m-bel","21":"product_tag-horeca-furniture","22":"pa_product-frame-color-noir-framecolor-fr","23":"pa_product-more-colors-oui-fr","24":"pa_product-more-dimensions-oui-fr","25":"pa_product-seats-2-seats-fr","26":"pa_product-tabletop-color-brun-tabletop-color-fr","27":"pa_product-tabletop-color-multicolore-tabletop-color-fr","28":"pa_product-usage-usage-exterieur-fr","29":"pa_table-height-cm-7550-cm-fr","31":"first","32":"outofstock","33":"sale","34":"taxable","35":"shipping-taxable","36":"purchasable","37":"product-type-simple"},"_links":{"self":[{"href":"https:\/\/horecacenter.com\/fr\/wp-json\/wp\/v2\/product\/88029","targetHints":{"allow":["GET"]}}],"collection":[{"href":"https:\/\/horecacenter.com\/fr\/wp-json\/wp\/v2\/product"}],"about":[{"href":"https:\/\/horecacenter.com\/fr\/wp-json\/wp\/v2\/types\/product"}],"replies":[{"embeddable":true,"href":"https:\/\/horecacenter.com\/fr\/wp-json\/wp\/v2\/comments?post=88029"}],"version-history":[{"count":2,"href":"https:\/\/horecacenter.com\/fr\/wp-json\/wp\/v2\/product\/88029\/revisions"}],"predecessor-version":[{"id":188658,"href":"https:\/\/horecacenter.com\/fr\/wp-json\/wp\/v2\/product\/88029\/revisions\/188658"}],"wp:featuredmedia":[{"embeddable":true,"href":"https:\/\/horecacenter.com\/fr\/wp-json\/wp\/v2\/media\/88025"}],"wp:attachment":[{"href":"https:\/\/horecacenter.com\/fr\/wp-json\/wp\/v2\/media?parent=88029"}],"wp:term":[{"taxonomy":"product_brand","embeddable":true,"href":"https:\/\/horecacenter.com\/fr\/wp-json\/wp\/v2\/product_brand?post=88029"},{"taxonomy":"product_cat","embeddable":true,"href":"https:\/\/horecacenter.com\/fr\/wp-json\/wp\/v2\/product_cat?post=88029"},{"taxonomy":"product_tag","embeddable":true,"href":"https:\/\/horecacenter.com\/fr\/wp-json\/wp\/v2\/product_tag?post=88029"}],"curies":[{"name":"wp","href":"https:\/\/api.w.org\/{rel}","templated":true}]}}

Table Pour Terrasse de Restaurant Ronde Avec Cerclage Chrome &#8211; WERZALIT PORTO ROSA &#8211; Ø70 cm

<p><i class="fas fa-check-circle description-icon-green" aria-hidden="true"></i><span style="color: #ff6600;"> Les tables ne sont pas assemblées.</span><br />
<i class="fas fa-check-circle description-icon-green" aria-hidden="true"></i><span style="color: #339966;"> Les plateaux de table ne sont pas pré-percés.</span><br />
<i class="fas fa-check-circle description-icon-green" aria-hidden="true"></i><span style="color: #ff6600;"> Les vis sont incluses si les plateaux de table sont commandés avec les pieds de table.</span><br />
<i class="fas fa-check-circle description-icon-green" aria-hidden="true"></i><span style="color: #339966;"> Le matériel nécessaire pour l’assemblage est inclus dans la boîte.</span></p>

<p>Les tables ne sont pas assemblées. Les plateaux de table ne sont pas pré-percés. Les vis sont incluses si les</p>
