{"id":88992,"date":"2023-05-25T12:54:21","date_gmt":"2023-05-25T12:54:21","guid":{"rendered":"https:\/\/horecacenter.com\/?post_type=product&#038;p=88992"},"modified":"2025-12-31T11:45:52","modified_gmt":"2025-12-31T11:45:52","slug":"plateau-de-table-de-cafe-restaurant-et-horeca-en-bois-de-manguier-rond-mango-5-cm-depaisseur","status":"publish","type":"product","link":"https:\/\/horecacenter.com\/fr\/produit\/plateau-de-table-de-cafe-restaurant-et-horeca-en-bois-de-manguier-rond-mango-5-cm-depaisseur\/","title":{"rendered":"Plateau de Table Rond en Bois de Manguier Pour Restaurant &#8211; 5 cm D&rsquo;\u00e9paisseur"},"content":{"rendered":"<p><span style=\"color: #000000;\">Les meubles ont de nombreuses nuances de couleurs, ce qui leur donne un aspect tr\u00e8s vivant et cr\u00e9e beaucoup d&rsquo;ambiance !<\/span><br \/>\n<span style=\"color: #000000;\">Cet article est fait \u00e0 la main. Chaque article est unique. Les irr\u00e9gularit\u00e9s de forme et de couleur t\u00e9moignent du caract\u00e8re\u00a0individuel.<\/span><\/p>\n<p><i class=\"fas fa-check-circle description-icon-green\" aria-hidden=\"true\"><\/i><span style=\"color: #339966;\"> Les plateaux de table ne sont pas pr\u00e9-perc\u00e9s.<\/span><br \/>\n<i class=\"fas fa-check-circle description-icon-green\" aria-hidden=\"true\"><\/i><span style=\"color: #ff6600;\"> Les vis sont incluses si les plateaux de table sont command\u00e9s avec les pieds de table.<\/span><\/p>\n","protected":false},"excerpt":{"rendered":"<p>Les meubles ont de nombreuses nuances de couleurs, ce qui leur donne un aspect tr\u00e8s vivant et cr\u00e9e beaucoup d&rsquo;ambiance<\/p>\n","protected":false},"featured_media":88993,"comment_status":"open","ping_status":"closed","template":"","meta":[],"product_brand":[],"product_cat":[10380],"product_tag":[11008,11012,10533,10535,10540,10651,10927,11007],"class_list":{"0":"post-88992","1":"product","2":"type-product","3":"status-publish","4":"has-post-thumbnail","6":"product_cat-dessus-de-table-mangue-50-mm-interieur","7":"product_tag-table-top","8":"product_tag-tischplatte","9":"product_tag-horeca-meubelen","10":"product_tag-horeca-m-bel","11":"product_tag-horeca-furniture","12":"product_tag-horeca-inrichting","13":"product_tag-restaurant-inrichting","14":"product_tag-tafelblad","15":"pa_dimension-r60o-cm-fr","16":"pa_dimension-r70o-cm-fr","17":"pa_product-color-color-mangue-fr","18":"pa_product-usage-usage-interieur-fr","20":"first","21":"instock","22":"sale","23":"taxable","24":"shipping-taxable","25":"purchasable","26":"product-type-variable","27":"hc-var-dimension"},"_links":{"self":[{"href":"https:\/\/horecacenter.com\/fr\/wp-json\/wp\/v2\/product\/88992","targetHints":{"allow":["GET"]}}],"collection":[{"href":"https:\/\/horecacenter.com\/fr\/wp-json\/wp\/v2\/product"}],"about":[{"href":"https:\/\/horecacenter.com\/fr\/wp-json\/wp\/v2\/types\/product"}],"replies":[{"embeddable":true,"href":"https:\/\/horecacenter.com\/fr\/wp-json\/wp\/v2\/comments?post=88992"}],"version-history":[{"count":1,"href":"https:\/\/horecacenter.com\/fr\/wp-json\/wp\/v2\/product\/88992\/revisions"}],"predecessor-version":[{"id":174724,"href":"https:\/\/horecacenter.com\/fr\/wp-json\/wp\/v2\/product\/88992\/revisions\/174724"}],"wp:featuredmedia":[{"embeddable":true,"href":"https:\/\/horecacenter.com\/fr\/wp-json\/wp\/v2\/media\/88993"}],"wp:attachment":[{"href":"https:\/\/horecacenter.com\/fr\/wp-json\/wp\/v2\/media?parent=88992"}],"wp:term":[{"taxonomy":"product_brand","embeddable":true,"href":"https:\/\/horecacenter.com\/fr\/wp-json\/wp\/v2\/product_brand?post=88992"},{"taxonomy":"product_cat","embeddable":true,"href":"https:\/\/horecacenter.com\/fr\/wp-json\/wp\/v2\/product_cat?post=88992"},{"taxonomy":"product_tag","embeddable":true,"href":"https:\/\/horecacenter.com\/fr\/wp-json\/wp\/v2\/product_tag?post=88992"}],"curies":[{"name":"wp","href":"https:\/\/api.w.org\/{rel}","templated":true}]}}

Plateau de Table Rond en Bois de Manguier Pour Restaurant &#8211; 5 cm D&rsquo;épaisseur

<p><span style="color: #000000;">Les meubles ont de nombreuses nuances de couleurs, ce qui leur donne un aspect très vivant et crée beaucoup d&rsquo;ambiance !</span><br />
<span style="color: #000000;">Cet article est fait à la main. Chaque article est unique. Les irrégularités de forme et de couleur témoignent du caractère individuel.</span></p>
<p><i class="fas fa-check-circle description-icon-green" aria-hidden="true"></i><span style="color: #339966;"> Les plateaux de table ne sont pas pré-percés.</span><br />
<i class="fas fa-check-circle description-icon-green" aria-hidden="true"></i><span style="color: #ff6600;"> Les vis sont incluses si les plateaux de table sont commandés avec les pieds de table.</span></p>

<p>Les meubles ont de nombreuses nuances de couleurs, ce qui leur donne un aspect très vivant et crée beaucoup d&rsquo;ambiance</p>
