{"id":89076,"date":"2023-05-27T09:04:25","date_gmt":"2023-05-27T09:04:25","guid":{"rendered":"https:\/\/horecacenter.com\/?post_type=product&#038;p=89076"},"modified":"2026-01-02T07:53:34","modified_gmt":"2026-01-02T07:53:34","slug":"table-ronde-de-cafe-restaurant-et-horeca-compact-day-light-69-cm-avec-pied-b-320","status":"publish","type":"product","link":"https:\/\/horecacenter.com\/fr\/produit\/table-ronde-de-cafe-restaurant-et-horeca-compact-day-light-69-cm-avec-pied-b-320\/","title":{"rendered":"Table de Restaurant Ronde Avec Pied &#8211; COMPACT DAY LIGHT &#8211; \u00d869 cm"},"content":{"rendered":"<p><span style=\"color: #000000;\">Les trous pr\u00e9-perc\u00e9s sur les plateaux de table en stratifi\u00e9 compact correspondent \u00e0 un type sp\u00e9cifique de base de table.<\/span><br \/>\n<span style=\"color: #000000;\">Si cela ne correspond pas \u00e0 la base de table achet\u00e9e, vous devez percer vous-m\u00eame de nouveaux trous avec la m\u00eache fournie. Les vis correspondants sont \u00e9galement incluses. N&rsquo;oubliez pas de retirer le film plastique du plateau\u00a0de\u00a0table.<\/span><\/p>\n<p><i class=\"fas fa-check-circle description-icon-green\" aria-hidden=\"true\"><\/i><span style=\"color: #ff6600;\"> Les tables ne sont pas assembl\u00e9es.<\/span><br \/>\n<i class=\"fas fa-check-circle description-icon-green\" aria-hidden=\"true\"><\/i><span style=\"color: #339966;\"> Les plateaux de table ne sont pas pr\u00e9-perc\u00e9s.<\/span><br \/>\n<i class=\"fas fa-check-circle description-icon-green\" aria-hidden=\"true\"><\/i><span style=\"color: #ff6600;\"> 1 foret et un r\u00e9gleur de profondeur pour perceuse + vis incluses.<\/span><br \/>\n<i class=\"fas fa-check-circle description-icon-green\" aria-hidden=\"true\"><\/i><span style=\"color: #339966;\"> Le mat\u00e9riel n\u00e9cessaire pour l\u2019assemblage est inclus dans la bo\u00eete.<\/span><\/p>\n","protected":false},"excerpt":{"rendered":"<p>Les trous pr\u00e9-perc\u00e9s sur les plateaux de table en stratifi\u00e9 compact correspondent \u00e0 un type sp\u00e9cifique de base de table.<\/p>\n","protected":false},"featured_media":89077,"comment_status":"open","ping_status":"closed","template":"","meta":[],"product_brand":[],"product_cat":[10476],"product_tag":[10731,10732,10733,10744,10745,10746,10747,10748,10660,10749,10663,10750,10664,10787,10665,10667,10727,10729,10730],"class_list":{"0":"post-89076","1":"product","2":"type-product","3":"status-publish","4":"has-post-thumbnail","6":"product_cat-cl-day-light-assortiment-de-table","7":"product_tag-tables-horeca","8":"product_tag-horeca-tables","9":"product_tag-tische-3","10":"product_tag-tafel-onderstel","11":"product_tag-restaurant-tafels","12":"product_tag-tables-de-restaurant","13":"product_tag-pied-de-table","14":"product_tag-restaurant-tables","15":"product_tag-restaurant-meubelen","16":"product_tag-restaurant-tabellen","17":"product_tag-meubles-de-restaurant","18":"product_tag-horeca-tabellen","19":"product_tag-restaurant-furniture","20":"product_tag-table-2","21":"product_tag-restaurant-m-bel","22":"product_tag-tischbasis","23":"product_tag-tafels-3","24":"product_tag-horeca-tafels","25":"product_tag-tables-5","26":"pa_product-frame-color-noir-framecolor-fr","27":"pa_product-more-colors-oui-fr","28":"pa_product-more-dimensions-oui-fr","29":"pa_product-seats-2-seats-fr","30":"pa_product-tabletop-color-blanc-tabletop-color-fr","31":"pa_product-tabletop-color-multicolore-tabletop-color-fr","32":"pa_product-usage-usage-interieur-fr","33":"pa_table-height-cm-7370-cm-fr","35":"first","36":"instock","37":"sale","38":"taxable","39":"shipping-taxable","40":"purchasable","41":"product-type-simple"},"_links":{"self":[{"href":"https:\/\/horecacenter.com\/fr\/wp-json\/wp\/v2\/product\/89076","targetHints":{"allow":["GET"]}}],"collection":[{"href":"https:\/\/horecacenter.com\/fr\/wp-json\/wp\/v2\/product"}],"about":[{"href":"https:\/\/horecacenter.com\/fr\/wp-json\/wp\/v2\/types\/product"}],"replies":[{"embeddable":true,"href":"https:\/\/horecacenter.com\/fr\/wp-json\/wp\/v2\/comments?post=89076"}],"version-history":[{"count":1,"href":"https:\/\/horecacenter.com\/fr\/wp-json\/wp\/v2\/product\/89076\/revisions"}],"predecessor-version":[{"id":174680,"href":"https:\/\/horecacenter.com\/fr\/wp-json\/wp\/v2\/product\/89076\/revisions\/174680"}],"wp:featuredmedia":[{"embeddable":true,"href":"https:\/\/horecacenter.com\/fr\/wp-json\/wp\/v2\/media\/89077"}],"wp:attachment":[{"href":"https:\/\/horecacenter.com\/fr\/wp-json\/wp\/v2\/media?parent=89076"}],"wp:term":[{"taxonomy":"product_brand","embeddable":true,"href":"https:\/\/horecacenter.com\/fr\/wp-json\/wp\/v2\/product_brand?post=89076"},{"taxonomy":"product_cat","embeddable":true,"href":"https:\/\/horecacenter.com\/fr\/wp-json\/wp\/v2\/product_cat?post=89076"},{"taxonomy":"product_tag","embeddable":true,"href":"https:\/\/horecacenter.com\/fr\/wp-json\/wp\/v2\/product_tag?post=89076"}],"curies":[{"name":"wp","href":"https:\/\/api.w.org\/{rel}","templated":true}]}}

Table de Restaurant Ronde Avec Pied &#8211; COMPACT DAY LIGHT &#8211; Ø69 cm

<p><span style="color: #000000;">Les trous pré-percés sur les plateaux de table en stratifié compact correspondent à un type spécifique de base de table.</span><br />
<span style="color: #000000;">Si cela ne correspond pas à la base de table achetée, vous devez percer vous-même de nouveaux trous avec la mêche fournie. Les vis correspondants sont également incluses. N&rsquo;oubliez pas de retirer le film plastique du plateau de table.</span></p>
<p><i class="fas fa-check-circle description-icon-green" aria-hidden="true"></i><span style="color: #ff6600;"> Les tables ne sont pas assemblées.</span><br />
<i class="fas fa-check-circle description-icon-green" aria-hidden="true"></i><span style="color: #339966;"> Les plateaux de table ne sont pas pré-percés.</span><br />
<i class="fas fa-check-circle description-icon-green" aria-hidden="true"></i><span style="color: #ff6600;"> 1 foret et un régleur de profondeur pour perceuse + vis incluses.</span><br />
<i class="fas fa-check-circle description-icon-green" aria-hidden="true"></i><span style="color: #339966;"> Le matériel nécessaire pour l’assemblage est inclus dans la boîte.</span></p>

<p>Les trous pré-percés sur les plateaux de table en stratifié compact correspondent à un type spécifique de base de table.</p>
