{"id":89600,"date":"2023-08-08T11:06:23","date_gmt":"2023-08-08T11:06:23","guid":{"rendered":"https:\/\/horecacenter.com\/?post_type=product&#038;p=89600"},"modified":"2026-03-19T08:55:56","modified_gmt":"2026-03-19T08:55:56","slug":"table-haute-ronde-de-cafe-restaurant-et-horeca-dublin-noir-70-cm-hauteur-113-cm-avec-pied","status":"publish","type":"product","link":"https:\/\/horecacenter.com\/fr\/produit\/table-haute-ronde-de-cafe-restaurant-et-horeca-dublin-noir-70-cm-hauteur-113-cm-avec-pied\/","title":{"rendered":"Table de Restaurant Haute Ronde Avec Pied &#8211; DUBLIN NOIR &#8211; \u00d870 &#8211; Hauteur 113 cm"},"content":{"rendered":"<p><i class=\"fas fa-check-circle description-icon-green\" aria-hidden=\"true\"><\/i><span style=\"color: #ff6600;\"> Les tables ne sont pas assembl\u00e9es.<\/span><br \/>\n<i class=\"fas fa-check-circle description-icon-green\" aria-hidden=\"true\"><\/i><span style=\"color: #339966;\"> Les plateaux de table ne sont pas pr\u00e9-perc\u00e9s.<\/span><br \/>\n<i class=\"fas fa-check-circle description-icon-green\" aria-hidden=\"true\"><\/i><span style=\"color: #ff6600;\"> Les vis sont incluses si les plateaux de table sont command\u00e9s avec les pieds de table.<\/span><br \/>\n<i class=\"fas fa-check-circle description-icon-green\" aria-hidden=\"true\"><\/i><span style=\"color: #339966;\"> Le mat\u00e9riel n\u00e9cessaire pour l\u2019assemblage est inclus dans la bo\u00eete.<\/span><\/p>\n","protected":false},"excerpt":{"rendered":"<p>Les tables ne sont pas assembl\u00e9es. Les plateaux de table ne sont pas pr\u00e9-perc\u00e9s. Les vis sont incluses si les<\/p>\n","protected":false},"featured_media":89601,"comment_status":"open","ping_status":"closed","template":"","meta":[],"product_brand":[],"product_cat":[9900,10276],"product_tag":[10731,10732,10737,10787,11006,11013,12514,10660,10664,10665,10729],"class_list":{"0":"post-89600","1":"product","2":"type-product","3":"status-publish","4":"has-post-thumbnail","6":"product_cat-dublin-noir-assortiment-de-table","7":"product_cat-tables-hautes-mange-debout","8":"product_tag-tables-horeca","9":"product_tag-horeca-tables","10":"product_tag-horeca-tische","11":"product_tag-table-2","12":"product_tag-tafel","13":"product_tag-tisch","14":"product_tag-horeca","15":"product_tag-restaurant-meubelen","16":"product_tag-restaurant-furniture","17":"product_tag-restaurant-m-bel","18":"product_tag-horeca-tafels","19":"pa_product-frame-color-noir-framecolor-fr","20":"pa_product-more-colors-oui-fr","21":"pa_product-more-dimensions-oui-fr","22":"pa_product-seats-2-seats-fr","23":"pa_product-tabletop-color-noir-tabletop-color-fr","24":"pa_product-usage-usage-interieur-fr","25":"pa_table-height-cm-113-cm-fr","27":"first","28":"instock","29":"sale","30":"taxable","31":"shipping-taxable","32":"purchasable","33":"product-type-simple"},"_links":{"self":[{"href":"https:\/\/horecacenter.com\/fr\/wp-json\/wp\/v2\/product\/89600","targetHints":{"allow":["GET"]}}],"collection":[{"href":"https:\/\/horecacenter.com\/fr\/wp-json\/wp\/v2\/product"}],"about":[{"href":"https:\/\/horecacenter.com\/fr\/wp-json\/wp\/v2\/types\/product"}],"replies":[{"embeddable":true,"href":"https:\/\/horecacenter.com\/fr\/wp-json\/wp\/v2\/comments?post=89600"}],"version-history":[{"count":1,"href":"https:\/\/horecacenter.com\/fr\/wp-json\/wp\/v2\/product\/89600\/revisions"}],"predecessor-version":[{"id":174648,"href":"https:\/\/horecacenter.com\/fr\/wp-json\/wp\/v2\/product\/89600\/revisions\/174648"}],"wp:featuredmedia":[{"embeddable":true,"href":"https:\/\/horecacenter.com\/fr\/wp-json\/wp\/v2\/media\/89601"}],"wp:attachment":[{"href":"https:\/\/horecacenter.com\/fr\/wp-json\/wp\/v2\/media?parent=89600"}],"wp:term":[{"taxonomy":"product_brand","embeddable":true,"href":"https:\/\/horecacenter.com\/fr\/wp-json\/wp\/v2\/product_brand?post=89600"},{"taxonomy":"product_cat","embeddable":true,"href":"https:\/\/horecacenter.com\/fr\/wp-json\/wp\/v2\/product_cat?post=89600"},{"taxonomy":"product_tag","embeddable":true,"href":"https:\/\/horecacenter.com\/fr\/wp-json\/wp\/v2\/product_tag?post=89600"}],"curies":[{"name":"wp","href":"https:\/\/api.w.org\/{rel}","templated":true}]}}

Table de Restaurant Haute Ronde Avec Pied &#8211; DUBLIN NOIR &#8211; Ø70 &#8211; Hauteur 113 cm

<p><i class="fas fa-check-circle description-icon-green" aria-hidden="true"></i><span style="color: #ff6600;"> Les tables ne sont pas assemblées.</span><br />
<i class="fas fa-check-circle description-icon-green" aria-hidden="true"></i><span style="color: #339966;"> Les plateaux de table ne sont pas pré-percés.</span><br />
<i class="fas fa-check-circle description-icon-green" aria-hidden="true"></i><span style="color: #ff6600;"> Les vis sont incluses si les plateaux de table sont commandés avec les pieds de table.</span><br />
<i class="fas fa-check-circle description-icon-green" aria-hidden="true"></i><span style="color: #339966;"> Le matériel nécessaire pour l’assemblage est inclus dans la boîte.</span></p>

<p>Les tables ne sont pas assemblées. Les plateaux de table ne sont pas pré-percés. Les vis sont incluses si les</p>
