{"id":89648,"date":"2023-08-09T11:57:14","date_gmt":"2023-08-09T11:57:14","guid":{"rendered":"https:\/\/horecacenter.com\/?post_type=product&#038;p=89648"},"modified":"2026-03-18T06:41:22","modified_gmt":"2026-03-18T06:41:22","slug":"table-ronde-de-cafe-restaurant-et-horeca-madrid-k3-60-cm-avec-pied-b-320","status":"publish","type":"product","link":"https:\/\/horecacenter.com\/fr\/produit\/table-ronde-de-cafe-restaurant-et-horeca-madrid-k3-60-cm-avec-pied-b-320\/","title":{"rendered":"Table de Restaurant Ronde Avec Pied &#8211; MADRID K3 &#8211; \u00d860 cm"},"content":{"rendered":"<p><i class=\"fas fa-check-circle description-icon-green\" aria-hidden=\"true\"><\/i><span style=\"color: #ff6600;\"> Les tables ne sont pas assembl\u00e9es.<\/span><br \/>\n<i class=\"fas fa-check-circle description-icon-green\" aria-hidden=\"true\"><\/i><span style=\"color: #339966;\"> Les plateaux de table ne sont pas pr\u00e9-perc\u00e9s.<\/span><br \/>\n<i class=\"fas fa-check-circle description-icon-green\" aria-hidden=\"true\"><\/i><span style=\"color: #ff6600;\"> Les vis sont incluses si les plateaux de table sont command\u00e9s avec les pieds de table.<\/span><br \/>\n<i class=\"fas fa-check-circle description-icon-green\" aria-hidden=\"true\"><\/i><span style=\"color: #339966;\"> Le mat\u00e9riel n\u00e9cessaire pour l\u2019assemblage est inclus dans la bo\u00eete.<\/span><\/p>\n","protected":false},"excerpt":{"rendered":"<p>Les tables ne sont pas assembl\u00e9es. Les plateaux de table ne sont pas pr\u00e9-perc\u00e9s. Les vis sont incluses si les<\/p>\n","protected":false},"featured_media":89649,"comment_status":"open","ping_status":"closed","template":"","meta":[],"product_brand":[],"product_cat":[10124],"product_tag":[10666,10727,10729,10730,10731,10732,10733,10737,10744,10660,10663,10664,10665],"class_list":{"0":"post-89648","1":"product","2":"type-product","3":"status-publish","4":"has-post-thumbnail","6":"product_cat-madrid-k3-assortiment-de-table","7":"product_tag-table-base","8":"product_tag-tafels-3","9":"product_tag-horeca-tafels","10":"product_tag-tables-5","11":"product_tag-tables-horeca","12":"product_tag-horeca-tables","13":"product_tag-tische-3","14":"product_tag-horeca-tische","15":"product_tag-tafel-onderstel","16":"product_tag-restaurant-meubelen","17":"product_tag-meubles-de-restaurant","18":"product_tag-restaurant-furniture","19":"product_tag-restaurant-m-bel","20":"pa_product-frame-color-noir-framecolor-fr","21":"pa_product-more-colors-oui-fr","22":"pa_product-more-dimensions-oui-fr","23":"pa_product-seats-2-seats-fr","24":"pa_product-tabletop-color-aspect-bois-tabletop-color-fr","25":"pa_product-usage-usage-interieur-fr","26":"pa_table-height-cm-7530-cm-fr","28":"first","29":"instock","30":"sale","31":"taxable","32":"shipping-taxable","33":"purchasable","34":"product-type-simple"},"_links":{"self":[{"href":"https:\/\/horecacenter.com\/fr\/wp-json\/wp\/v2\/product\/89648","targetHints":{"allow":["GET"]}}],"collection":[{"href":"https:\/\/horecacenter.com\/fr\/wp-json\/wp\/v2\/product"}],"about":[{"href":"https:\/\/horecacenter.com\/fr\/wp-json\/wp\/v2\/types\/product"}],"replies":[{"embeddable":true,"href":"https:\/\/horecacenter.com\/fr\/wp-json\/wp\/v2\/comments?post=89648"}],"version-history":[{"count":3,"href":"https:\/\/horecacenter.com\/fr\/wp-json\/wp\/v2\/product\/89648\/revisions"}],"predecessor-version":[{"id":190035,"href":"https:\/\/horecacenter.com\/fr\/wp-json\/wp\/v2\/product\/89648\/revisions\/190035"}],"wp:featuredmedia":[{"embeddable":true,"href":"https:\/\/horecacenter.com\/fr\/wp-json\/wp\/v2\/media\/89649"}],"wp:attachment":[{"href":"https:\/\/horecacenter.com\/fr\/wp-json\/wp\/v2\/media?parent=89648"}],"wp:term":[{"taxonomy":"product_brand","embeddable":true,"href":"https:\/\/horecacenter.com\/fr\/wp-json\/wp\/v2\/product_brand?post=89648"},{"taxonomy":"product_cat","embeddable":true,"href":"https:\/\/horecacenter.com\/fr\/wp-json\/wp\/v2\/product_cat?post=89648"},{"taxonomy":"product_tag","embeddable":true,"href":"https:\/\/horecacenter.com\/fr\/wp-json\/wp\/v2\/product_tag?post=89648"}],"curies":[{"name":"wp","href":"https:\/\/api.w.org\/{rel}","templated":true}]}}

Table de Restaurant Ronde Avec Pied &#8211; MADRID K3 &#8211; Ø60 cm

<p><i class="fas fa-check-circle description-icon-green" aria-hidden="true"></i><span style="color: #ff6600;"> Les tables ne sont pas assemblées.</span><br />
<i class="fas fa-check-circle description-icon-green" aria-hidden="true"></i><span style="color: #339966;"> Les plateaux de table ne sont pas pré-percés.</span><br />
<i class="fas fa-check-circle description-icon-green" aria-hidden="true"></i><span style="color: #ff6600;"> Les vis sont incluses si les plateaux de table sont commandés avec les pieds de table.</span><br />
<i class="fas fa-check-circle description-icon-green" aria-hidden="true"></i><span style="color: #339966;"> Le matériel nécessaire pour l’assemblage est inclus dans la boîte.</span></p>

<p>Les tables ne sont pas assemblées. Les plateaux de table ne sont pas pré-percés. Les vis sont incluses si les</p>
