{"id":93508,"date":"2024-05-09T12:11:56","date_gmt":"2024-05-09T12:11:56","guid":{"rendered":"https:\/\/horecacenter.com\/?post_type=product&#038;p=93508"},"modified":"2026-01-22T08:10:11","modified_gmt":"2026-01-22T08:10:11","slug":"table-de-terrasse-de-cafe-restaurant-et-horeca-werzalit-new-findus-70x70-cm-3","status":"publish","type":"product","link":"https:\/\/horecacenter.com\/fr\/produit\/table-de-terrasse-de-cafe-restaurant-et-horeca-werzalit-new-findus-70x70-cm-3\/","title":{"rendered":"Table Pour Terrasse de Restaurant &#8211; WERZALIT NEW FINDUS &#8211; 70&#215;70 cm"},"content":{"rendered":"<p><span style=\"color: #000000;\">Convient \u00e0 la terrasse, r\u00e9sistant \u00e0 la pluie.<\/span><\/p>\n<p><i class=\"fas fa-check-circle description-icon-green\" aria-hidden=\"true\"><\/i><span style=\"color: #ff6600;\"> Les tables ne sont pas assembl\u00e9es.<\/span><br \/>\n<i class=\"fas fa-check-circle description-icon-green\" aria-hidden=\"true\"><\/i><span style=\"color: #339966;\"> Les plateaux de table ne sont pas pr\u00e9-perc\u00e9s.<\/span><br \/>\n<i class=\"fas fa-check-circle description-icon-green\" aria-hidden=\"true\"><\/i><span style=\"color: #ff6600;\"> Les vis sont incluses si les plateaux de table sont command\u00e9s avec les pieds de table.<\/span><br \/>\n<i class=\"fas fa-check-circle description-icon-green\" aria-hidden=\"true\"><\/i><span style=\"color: #339966;\"> Le mat\u00e9riel n\u00e9cessaire pour l\u2019assemblage est inclus dans la bo\u00eete.<\/span><\/p>\n","protected":false},"excerpt":{"rendered":"<p>Convient \u00e0 la terrasse, r\u00e9sistant \u00e0 la pluie. Les tables ne sont pas assembl\u00e9es. Les plateaux de table ne sont<\/p>\n","protected":false},"featured_media":117715,"comment_status":"open","ping_status":"closed","template":"","meta":[],"product_brand":[],"product_cat":[10532],"product_tag":[13468,13485,13470,13486,13471,13487,13472,13473,13474,13475,13476,13477,10738,13478,13462,13479,13463,13480,13464,13481,13465,13482,13466,13483,13467,13484],"class_list":{"0":"post-93508","1":"product","2":"type-product","3":"status-publish","4":"has-post-thumbnail","6":"product_cat-werzalit-new-findus-assortiment-de-table","7":"product_tag-tables-de-terrasse-r-sistantes-aux-intemp-ries","8":"product_tag-moderne-gartenm-bel","9":"product_tag-tables-de-terrasse-pliantes-l-gantes","10":"product_tag-garten","11":"product_tag-mobilier-de-jardin-moderne","12":"product_tag-restaurant-terrassentische","13":"product_tag-jardin","14":"product_tag-tables-de-terrasse-de-restaurant","15":"product_tag-weatherproof-terrace-tables","16":"product_tag-sustainable-outdoor-tables","17":"product_tag-stylish","18":"product_tag-folding-terrace-tables","19":"product_tag-terrastafels-2","20":"product_tag-modern-garden-furniture","21":"product_tag-duurzame-buitentafels","22":"product_tag-garden","23":"product_tag-stijlvolle","24":"product_tag-restaurant-terrace-tables","25":"product_tag-opklapbare-terrastafels","26":"product_tag-wetterfeste-terrassentische","27":"product_tag-modern-tuinmeubilair","28":"product_tag-nachhaltige-outdoor-tische","29":"product_tag-tuin","30":"product_tag-stilvolle","31":"product_tag-restaurant-terrastafels","32":"product_tag-klappbare-terrassentische","33":"pa_product-frame-color-noir-framecolor-fr","34":"pa_product-more-colors-oui-fr","35":"pa_product-more-dimensions-oui-fr","36":"pa_product-tabletop-color-aspect-bois-tabletop-color-fr","37":"pa_product-usage-usage-interieur-fr","38":"pa_product-usage-usage-exterieur-fr","39":"pa_table-height-cm-72-cm-fr","41":"first","42":"outofstock","43":"sale","44":"taxable","45":"shipping-taxable","46":"purchasable","47":"product-type-simple"},"_links":{"self":[{"href":"https:\/\/horecacenter.com\/fr\/wp-json\/wp\/v2\/product\/93508","targetHints":{"allow":["GET"]}}],"collection":[{"href":"https:\/\/horecacenter.com\/fr\/wp-json\/wp\/v2\/product"}],"about":[{"href":"https:\/\/horecacenter.com\/fr\/wp-json\/wp\/v2\/types\/product"}],"replies":[{"embeddable":true,"href":"https:\/\/horecacenter.com\/fr\/wp-json\/wp\/v2\/comments?post=93508"}],"version-history":[{"count":3,"href":"https:\/\/horecacenter.com\/fr\/wp-json\/wp\/v2\/product\/93508\/revisions"}],"predecessor-version":[{"id":178084,"href":"https:\/\/horecacenter.com\/fr\/wp-json\/wp\/v2\/product\/93508\/revisions\/178084"}],"wp:featuredmedia":[{"embeddable":true,"href":"https:\/\/horecacenter.com\/fr\/wp-json\/wp\/v2\/media\/117715"}],"wp:attachment":[{"href":"https:\/\/horecacenter.com\/fr\/wp-json\/wp\/v2\/media?parent=93508"}],"wp:term":[{"taxonomy":"product_brand","embeddable":true,"href":"https:\/\/horecacenter.com\/fr\/wp-json\/wp\/v2\/product_brand?post=93508"},{"taxonomy":"product_cat","embeddable":true,"href":"https:\/\/horecacenter.com\/fr\/wp-json\/wp\/v2\/product_cat?post=93508"},{"taxonomy":"product_tag","embeddable":true,"href":"https:\/\/horecacenter.com\/fr\/wp-json\/wp\/v2\/product_tag?post=93508"}],"curies":[{"name":"wp","href":"https:\/\/api.w.org\/{rel}","templated":true}]}}

<p><span style="color: #000000;">Convient à la terrasse, résistant à la pluie.</span></p>
<p><i class="fas fa-check-circle description-icon-green" aria-hidden="true"></i><span style="color: #ff6600;"> Les tables ne sont pas assemblées.</span><br />
<i class="fas fa-check-circle description-icon-green" aria-hidden="true"></i><span style="color: #339966;"> Les plateaux de table ne sont pas pré-percés.</span><br />
<i class="fas fa-check-circle description-icon-green" aria-hidden="true"></i><span style="color: #ff6600;"> Les vis sont incluses si les plateaux de table sont commandés avec les pieds de table.</span><br />
<i class="fas fa-check-circle description-icon-green" aria-hidden="true"></i><span style="color: #339966;"> Le matériel nécessaire pour l’assemblage est inclus dans la boîte.</span></p>

<p>Convient à la terrasse, résistant à la pluie. Les tables ne sont pas assemblées. Les plateaux de table ne sont</p>
